{"id":99,"date":"2015-02-15T00:14:22","date_gmt":"2015-02-15T00:14:22","guid":{"rendered":"http:\/\/ascorcerizas.com\/central\/141118wp\/?page_id=99"},"modified":"2018-05-15T08:14:18","modified_gmt":"2018-05-15T08:14:18","slug":"home","status":"publish","type":"page","link":"http:\/\/ascorcerizas.com\/central\/141118wp\/","title":{"rendered":"Inicio"},"content":{"rendered":"<h3><a href=\"http:\/\/ascorcerizas.com\/central\/141118wp\/presentacion\/\">Un Proxecto de Amigos da Terra<\/a><\/h3>\n<p><a href=\"http:\/\/amigosdaterra.net\/\" target=\"_blank\" rel=\"noopener\"><img loading=\"lazy\" decoding=\"async\" class=\"alignleft wp-image-202 size-full\" title=\"Amigos da Terra\" src=\"http:\/\/ascorcerizas.com\/central\/141118wp\/wp-content\/uploads\/2015\/02\/logotipo_adt_H03_WEB.png\" alt=\"Amigos da Terra\" width=\"328\" height=\"140\" srcset=\"http:\/\/ascorcerizas.com\/central\/141118wp\/wp-content\/uploads\/2015\/02\/logotipo_adt_H03_WEB.png 328w, http:\/\/ascorcerizas.com\/central\/141118wp\/wp-content\/uploads\/2015\/02\/logotipo_adt_H03_WEB-300x128.png 300w\" sizes=\"auto, (max-width: 328px) 100vw, 328px\" \/><\/a><\/p>\n<p>Dende o ano 2002 a asociaci\u00f3n ecoloxista Amigos da Terra desenvolveu un proxecto vangardista orientado cara un novo modelo de sustentabilidade a trav\u00e9s do Centro de Educaci\u00f3n Ambiental As Corcerizas; agora ese proxecto chegou ao seu fin.<\/p>\n<p>Durante o ano pasado, tras unha an\u00e1lise detallada dos custes de mantemento e persoal, chegamos \u00e1 conclusi\u00f3n de que Amigos da Terra non pod\u00eda facerse cargo de todo como ata o de agora. De novo exploramos a posibilidade de que a Deputaci\u00f3n de Ourense se fixera cargo de parte dos custes, pero non foi posible chegar a un acordo que satisfacera a ambas partes. Este sup\u00f3n un cambio de traxectoria que implica que, na actualidade, dende Amigos da Terra, non ofertamos nin xestionamos ning\u00fan tipo de actividade nin servizo de albergue ao p\u00fablico, quedando restrinxido o uso de As Corcerizas ao desenvolvemento de eventos propios do noso colectivo.<\/p>\n<p>Ao longo destes 15 anos moitas persoas socias, t\u00e9cnicas, voluntarias, amigas, aportaron os seus co\u00f1ecementos, traballo e ilusi\u00f3n para que o equipamento constitu\u00edra un referente e un exemplo capaz de liderar e demostrar un novo modelo de desenvolvemento baseado en criterios de sustentabilidade, a trav\u00e9s de alternativas pr\u00e1cticas que minimizaran o noso impacto ambiental e social e que puideran ser facilmente incorporadas no d\u00eda a d\u00eda.<\/p>\n<p>Estes esforzos non foron en vano, achegamos a miles de persoas outros xeitos de construir, de xerar e consumir enerx\u00eda, de xestionar os nosos residuos e de alimentarnos; tam\u00e9n exploramos outras formas de relacionarnos e de traballar en equipo. Formamos e nos formamos. Co\u00f1ecimos outros xeitos de vivir e puxemos en contacto a persoas e proxectos.<\/p>\n<p>O balance destes anos so pode ser positivo e a sensaci\u00f3n de agradecemento a todas as que particip\u00e1chedes desta aventura, \u00e9 infinita.<\/p>\n<p>Grazas a todas e a todos.<\/p>\n","protected":false},"excerpt":{"rendered":"<p>Un Proxecto de Amigos da Terra Dende o ano 2002 a asociaci\u00f3n ecoloxista Amigos da Terra desenvolveu un proxecto vangardista orientado cara un novo modelo de sustentabilidade a trav\u00e9s do Centro de Educaci\u00f3n Ambiental As Corcerizas; agora ese proxecto chegou ao seu fin. Durante o ano pasado, tras unha an\u00e1lise detallada dos custes de mantemento [&hellip;]<\/p>\n","protected":false},"author":1,"featured_media":0,"parent":0,"menu_order":0,"comment_status":"open","ping_status":"open","template":"","meta":{"jetpack_post_was_ever_published":false,"footnotes":"","_links_to":"","_links_to_target":""},"class_list":["post-99","page","type-page","status-publish","hentry"],"jetpack_sharing_enabled":false,"jetpack_shortlink":"https:\/\/wp.me\/P5AiAL-1B","_links":{"self":[{"href":"http:\/\/ascorcerizas.com\/central\/141118wp\/wp-json\/wp\/v2\/pages\/99","targetHints":{"allow":["GET"]}}],"collection":[{"href":"http:\/\/ascorcerizas.com\/central\/141118wp\/wp-json\/wp\/v2\/pages"}],"about":[{"href":"http:\/\/ascorcerizas.com\/central\/141118wp\/wp-json\/wp\/v2\/types\/page"}],"author":[{"embeddable":true,"href":"http:\/\/ascorcerizas.com\/central\/141118wp\/wp-json\/wp\/v2\/users\/1"}],"replies":[{"embeddable":true,"href":"http:\/\/ascorcerizas.com\/central\/141118wp\/wp-json\/wp\/v2\/comments?post=99"}],"version-history":[{"count":0,"href":"http:\/\/ascorcerizas.com\/central\/141118wp\/wp-json\/wp\/v2\/pages\/99\/revisions"}],"wp:attachment":[{"href":"http:\/\/ascorcerizas.com\/central\/141118wp\/wp-json\/wp\/v2\/media?parent=99"}],"curies":[{"name":"wp","href":"https:\/\/api.w.org\/{rel}","templated":true}]}}