{"id":5,"date":"2015-01-09T10:54:36","date_gmt":"2015-01-09T10:54:36","guid":{"rendered":"http:\/\/ascorcerizas.com\/central\/141118wp\/?page_id=5"},"modified":"2015-06-26T14:42:54","modified_gmt":"2015-06-26T14:42:54","slug":"presentacion","status":"publish","type":"page","link":"http:\/\/ascorcerizas.com\/central\/141118wp\/presentacion\/","title":{"rendered":"Presentaci\u00f3n"},"content":{"rendered":"<h3>Un Proxecto de Amigos da Terra<\/h3>\n<p><strong><a href=\"http:\/\/amigosdaterra.net\/\" target=\"_blank\"><img loading=\"lazy\" decoding=\"async\" class=\"alignleft wp-image-202 size-full\" title=\"Amigos da Terra\" src=\"http:\/\/ascorcerizas.com\/central\/141118wp\/wp-content\/uploads\/2015\/02\/logotipo_adt_H03_WEB.png\" alt=\"Amigos da Terra\" width=\"328\" height=\"140\" srcset=\"http:\/\/ascorcerizas.com\/central\/141118wp\/wp-content\/uploads\/2015\/02\/logotipo_adt_H03_WEB.png 328w, http:\/\/ascorcerizas.com\/central\/141118wp\/wp-content\/uploads\/2015\/02\/logotipo_adt_H03_WEB-300x128.png 300w\" sizes=\"auto, (max-width: 328px) 100vw, 328px\" \/><\/a>O noso nome definenos. Somos unha asociaci\u00f3n ecoloxista, integrada na rede de Friends of the Earth International, presente en 77 pa\u00edses con m\u00e1is de un mill\u00f3n de socios e socias. A nosa misi\u00f3n \u00e9 o fomento dun cambio local e global cara unha sociedade m\u00e1is respetuosa co medio ambiente, xusta e solidaria.<\/strong><\/p>\n<p><strong>Apostamos firmemente pola creaci\u00f3n dunha nova cultura ambiental, polo que dende o ano 2002 desenvolvemos un proxecto vangardista orientado \u00e1 formaci\u00f3n deste novo modelo de sustentabilidade: As Corcerizas, na Serra de San Mamede no Macizo Central de Ourense, Galicia.<\/strong><\/p>\n<p><!--more--><\/p>\n<p>Dende o seu nacemento converteuse nun reto, un proxecto transformador no que Amigos da Terra fixo esta aposta por demostrar a viabilidade e importancia de po\u00f1er en pr\u00e1ctica un proxecto educativo cun equipamento en total coherencia socioambiental, e impulsar un necesario cambio de paradigma mostrando alternativas reais dende a propia experiencia vivencial directa. Eficiencia enerx\u00e9tica e uso exclusivo de enerx\u00edas renovables, bioconstruci\u00f3n, biodepuraci\u00f3n das augas, compostaxe, alimentaci\u00f3n ecol\u00f3xica e local, xunto coa defensa e revalorizaci\u00f3n da contorna natural e rural, son os principais ingredientes que converteron en realidade esta iniciativa, que sigue evolucionando viva e dinamicamente como a propia natureza na que est\u00e1 asentada.<\/p>\n<p><img loading=\"lazy\" decoding=\"async\" class=\"aligncenter wp-image-225 size-full\" title=\"Amigos da Terra\" src=\"http:\/\/ascorcerizas.com\/central\/141118wp\/wp-content\/uploads\/2015\/01\/01_presentacion.jpg\" alt=\"01_presentacion\" width=\"870\" height=\"580\" srcset=\"http:\/\/ascorcerizas.com\/central\/141118wp\/wp-content\/uploads\/2015\/01\/01_presentacion.jpg 870w, http:\/\/ascorcerizas.com\/central\/141118wp\/wp-content\/uploads\/2015\/01\/01_presentacion-300x200.jpg 300w\" sizes=\"auto, (max-width: 870px) 100vw, 870px\" \/><\/p>\n<p>Neste contexto As Corcerizas \u00e9 un equipamento reco\u00f1ecido, considerado como referente para a posta en marcha doutras iniciativas. O seu modelo enerx\u00e9tico descentralizado, baseado na minimizaci\u00f3n de emisi\u00f3ns de carbono, ga\u00f1ou o concurso <em><strong>Fondo de Sustentabilidade de Hostelling International<\/strong><\/em>, as\u00ed como o premio <strong><em>CONAMA<\/em><\/strong> (Congreso Nacional de Medio Ambiente) a nivel estatal, un galard\u00f3n honor\u00edfico que distingue as mellores iniciativas de eido local a favor da sostibilidade.<\/p>\n<p>En Amigos da Terra continuamos defendendo alternativas que po\u00f1en freo aos m\u00e1is graves problemas ambientais, xenerando reflexi\u00f3n e reacci\u00f3n social, para crear novas li\u00f1as estrat\u00e9xicas, sinerx\u00edas e fortalecer o traballo en rede. Precisamos o teu apoio para continuar demostrando que dende a pr\u00e1ctica e a acci\u00f3n podemos formar parte das propias soluci\u00f3n!<br \/>\nAct\u00edvate, faite Amig@ da Terra!<\/p>\n<h3><a href=\"http:\/\/ascorcerizas.com\/central\/141118wp\/presentacion\/histograma\/\">Histograma<\/a><\/h3>\n<p>Evoluci\u00f3n do proxecto <strong>As Corcerizas<\/strong> desde <a href=\"http:\/\/ascorcerizas.com\/central\/141118wp\/presentacion\/histograma\/\">1995 a 2015<\/a>.<\/p>\n","protected":false},"excerpt":{"rendered":"<p>Un Proxecto de Amigos da Terra O noso nome definenos. Somos unha asociaci\u00f3n ecoloxista, integrada na rede de Friends of the Earth International, presente en 77 pa\u00edses con m\u00e1is de un mill\u00f3n de socios e socias. A nosa misi\u00f3n \u00e9 o fomento dun cambio local e global cara unha sociedade m\u00e1is respetuosa co medio ambiente, [&hellip;]<\/p>\n","protected":false},"author":1,"featured_media":0,"parent":0,"menu_order":2,"comment_status":"open","ping_status":"open","template":"","meta":{"jetpack_post_was_ever_published":false,"footnotes":"","_links_to":"","_links_to_target":""},"class_list":["post-5","page","type-page","status-publish","hentry"],"jetpack_sharing_enabled":true,"jetpack_shortlink":"https:\/\/wp.me\/P5AiAL-5","_links":{"self":[{"href":"http:\/\/ascorcerizas.com\/central\/141118wp\/wp-json\/wp\/v2\/pages\/5","targetHints":{"allow":["GET"]}}],"collection":[{"href":"http:\/\/ascorcerizas.com\/central\/141118wp\/wp-json\/wp\/v2\/pages"}],"about":[{"href":"http:\/\/ascorcerizas.com\/central\/141118wp\/wp-json\/wp\/v2\/types\/page"}],"author":[{"embeddable":true,"href":"http:\/\/ascorcerizas.com\/central\/141118wp\/wp-json\/wp\/v2\/users\/1"}],"replies":[{"embeddable":true,"href":"http:\/\/ascorcerizas.com\/central\/141118wp\/wp-json\/wp\/v2\/comments?post=5"}],"version-history":[{"count":0,"href":"http:\/\/ascorcerizas.com\/central\/141118wp\/wp-json\/wp\/v2\/pages\/5\/revisions"}],"wp:attachment":[{"href":"http:\/\/ascorcerizas.com\/central\/141118wp\/wp-json\/wp\/v2\/media?parent=5"}],"curies":[{"name":"wp","href":"https:\/\/api.w.org\/{rel}","templated":true}]}}

Presentación

<h3>Un Proxecto de Amigos da Terra</h3>
<p><strong><a href="http://amigosdaterra.net/" target="_blank"><img loading="lazy" decoding="async" class="alignleft wp-image-202 size-full" title="Amigos da Terra" src="http://ascorcerizas.com/central/141118wp/wp-content/uploads/2015/02/logotipo_adt_H03_WEB.png" alt="Amigos da Terra" width="328" height="140" srcset="http://ascorcerizas.com/central/141118wp/wp-content/uploads/2015/02/logotipo_adt_H03_WEB.png 328w, http://ascorcerizas.com/central/141118wp/wp-content/uploads/2015/02/logotipo_adt_H03_WEB-300x128.png 300w" sizes="auto, (max-width: 328px) 100vw, 328px" /></a>O noso nome definenos. Somos unha asociación ecoloxista, integrada na rede de Friends of the Earth International, presente en 77 países con máis de un millón de socios e socias. A nosa misión é o fomento dun cambio local e global cara unha sociedade máis respetuosa co medio ambiente, xusta e solidaria.</strong></p>
<p><strong>Apostamos firmemente pola creación dunha nova cultura ambiental, polo que dende o ano 2002 desenvolvemos un proxecto vangardista orientado á formación deste novo modelo de sustentabilidade: As Corcerizas, na Serra de San Mamede no Macizo Central de Ourense, Galicia.</strong></p>
<p><!--more--></p>
<p>Dende o seu nacemento converteuse nun reto, un proxecto transformador no que Amigos da Terra fixo esta aposta por demostrar a viabilidade e importancia de poñer en práctica un proxecto educativo cun equipamento en total coherencia socioambiental, e impulsar un necesario cambio de paradigma mostrando alternativas reais dende a propia experiencia vivencial directa. Eficiencia enerxética e uso exclusivo de enerxías renovables, bioconstrución, biodepuración das augas, compostaxe, alimentación ecolóxica e local, xunto coa defensa e revalorización da contorna natural e rural, son os principais ingredientes que converteron en realidade esta iniciativa, que sigue evolucionando viva e dinamicamente como a propia natureza na que está asentada.</p>
<p><img loading="lazy" decoding="async" class="aligncenter wp-image-225 size-full" title="Amigos da Terra" src="http://ascorcerizas.com/central/141118wp/wp-content/uploads/2015/01/01_presentacion.jpg" alt="01_presentacion" width="870" height="580" srcset="http://ascorcerizas.com/central/141118wp/wp-content/uploads/2015/01/01_presentacion.jpg 870w, http://ascorcerizas.com/central/141118wp/wp-content/uploads/2015/01/01_presentacion-300x200.jpg 300w" sizes="auto, (max-width: 870px) 100vw, 870px" /></p>
<p>Neste contexto As Corcerizas é un equipamento recoñecido, considerado como referente para a posta en marcha doutras iniciativas. O seu modelo enerxético descentralizado, baseado na minimización de emisións de carbono, gañou o concurso <em><strong>Fondo de Sustentabilidade de Hostelling International</strong></em>, así como o premio <strong><em>CONAMA</em></strong> (Congreso Nacional de Medio Ambiente) a nivel estatal, un galardón honorífico que distingue as mellores iniciativas de eido local a favor da sostibilidade.</p>
<p>En Amigos da Terra continuamos defendendo alternativas que poñen freo aos máis graves problemas ambientais, xenerando reflexión e reacción social, para crear novas liñas estratéxicas, sinerxías e fortalecer o traballo en rede. Precisamos o teu apoio para continuar demostrando que dende a práctica e a acción podemos formar parte das propias solución!<br />
Actívate, faite Amig@ da Terra!</p>
<h3><a href="http://ascorcerizas.com/central/141118wp/presentacion/histograma/">Histograma</a></h3>
<p>Evolución do proxecto <strong>As Corcerizas</strong> desde <a href="http://ascorcerizas.com/central/141118wp/presentacion/histograma/">1995 a 2015</a>.</p>

<p>Un Proxecto de Amigos da Terra O noso nome definenos. Somos unha asociación ecoloxista, integrada na rede de Friends of the Earth International, presente en 77 países con máis de un millón de socios e socias. A nosa misión é o fomento dun cambio local e global cara unha sociedade máis respetuosa co medio ambiente, [&hellip;]</p>
