{"id":36,"date":"2015-01-09T11:45:11","date_gmt":"2015-01-09T11:45:11","guid":{"rendered":"http:\/\/ascorcerizas.com\/central\/141118wp\/?page_id=36"},"modified":"2016-10-28T14:35:37","modified_gmt":"2016-10-28T14:35:37","slug":"participa","status":"publish","type":"page","link":"http:\/\/ascorcerizas.com\/central\/141118wp\/participa\/","title":{"rendered":"Participa"},"content":{"rendered":"<h2>Faite socia\/o<\/h2>\n<p>Forma parte do proxecto asoci\u00e1ndote a <strong>Amigos da Terra<\/strong>!<br \/>\nParticipar\u00e1s na creaci\u00f3n dun novo modelo sostible e unha sociedade m\u00e1is xusta.<br \/>\nContacta: socios@amigosdaterra.net<\/p>\n<p><img loading=\"lazy\" decoding=\"async\" class=\"aligncenter size-full wp-image-230\" src=\"http:\/\/ascorcerizas.com\/central\/141118wp\/wp-content\/uploads\/2015\/01\/05_participa.jpg\" alt=\"05_participa\" width=\"870\" height=\"580\" srcset=\"http:\/\/ascorcerizas.com\/central\/141118wp\/wp-content\/uploads\/2015\/01\/05_participa.jpg 870w, http:\/\/ascorcerizas.com\/central\/141118wp\/wp-content\/uploads\/2015\/01\/05_participa-300x200.jpg 300w\" sizes=\"auto, (max-width: 870px) 100vw, 870px\" \/><\/p>\n<h2>Faite Voluntaria\/o<\/h2>\n<h3>Local<\/h3>\n<p style=\"padding-left: 30px\">Participa directamente nas actividades, traballos forestais na contorna, tarefas de mantemento das instalaci\u00f3ns, e\/ou propondo novas actuaci\u00f3ns.<br \/>\nContacta: voluntariado.galicia@amigosdaterra.net<\/p>\n<h3>Europeo<\/h3>\n<p style=\"padding-left: 30px\">Se est\u00e1s noutro pa\u00eds tam\u00e9n podes participar cunha nova experiencia laboral, integr\u00e1ndote no equipo de traballo durante 1 ano, a trav\u00e9s do Servizo de Voluntariado Europeo de Amigos da Terra.<br \/>\nContacta: sve@amigosdaterra.net<\/p>\n<h2>Apoia o noso traballo! fai unha doaz\u00f3n<\/h2>\n<p>Se che gusta o noso enfoque e queres apoiar o proxecto pero non tes tempo, <strong>ax\u00fadanos a continuar!<\/strong><\/p>\n<p>Facendo un ingreso ou transferencia na conta de CAIXA RURAL GALEGA:<\/p>\n<h3 style=\"text-align: center\">IBAN: ES45-3070-0043-0961-3133-3129<\/h3>\n<p>Ou mediante PayPal na seguinte aplicaci\u00f3n:<\/p>\n<div align=\"center\">\n<form style=\"padding-left: 10px\" action=\"https:\/\/www.paypal.com\/cgi-bin\/webscr\" method=\"post\"><img loading=\"lazy\" decoding=\"async\" src=\"https:\/\/www.paypalobjects.com\/es_ES\/i\/scr\/pixel.gif\" alt=\"\" width=\"1\" height=\"1\" border=\"0\" hspace=\"10\" vspace=\"10\" \/><\/form>\n<\/div>\n","protected":false},"excerpt":{"rendered":"<p>Faite socia\/o Forma parte do proxecto asoci\u00e1ndote a Amigos da Terra! Participar\u00e1s na creaci\u00f3n dun novo modelo sostible e unha sociedade m\u00e1is xusta. Contacta: socios@amigosdaterra.net Faite Voluntaria\/o Local Participa directamente nas actividades, traballos forestais na contorna, tarefas de mantemento das instalaci\u00f3ns, e\/ou propondo novas actuaci\u00f3ns. Contacta: voluntariado.galicia@amigosdaterra.net Europeo Se est\u00e1s noutro pa\u00eds tam\u00e9n podes participar [&hellip;]<\/p>\n","protected":false},"author":1,"featured_media":0,"parent":0,"menu_order":6,"comment_status":"open","ping_status":"open","template":"","meta":{"jetpack_post_was_ever_published":false,"footnotes":"","_links_to":"","_links_to_target":""},"class_list":["post-36","page","type-page","status-publish","hentry"],"jetpack_sharing_enabled":true,"jetpack_shortlink":"https:\/\/wp.me\/P5AiAL-A","_links":{"self":[{"href":"http:\/\/ascorcerizas.com\/central\/141118wp\/wp-json\/wp\/v2\/pages\/36","targetHints":{"allow":["GET"]}}],"collection":[{"href":"http:\/\/ascorcerizas.com\/central\/141118wp\/wp-json\/wp\/v2\/pages"}],"about":[{"href":"http:\/\/ascorcerizas.com\/central\/141118wp\/wp-json\/wp\/v2\/types\/page"}],"author":[{"embeddable":true,"href":"http:\/\/ascorcerizas.com\/central\/141118wp\/wp-json\/wp\/v2\/users\/1"}],"replies":[{"embeddable":true,"href":"http:\/\/ascorcerizas.com\/central\/141118wp\/wp-json\/wp\/v2\/comments?post=36"}],"version-history":[{"count":0,"href":"http:\/\/ascorcerizas.com\/central\/141118wp\/wp-json\/wp\/v2\/pages\/36\/revisions"}],"wp:attachment":[{"href":"http:\/\/ascorcerizas.com\/central\/141118wp\/wp-json\/wp\/v2\/media?parent=36"}],"curies":[{"name":"wp","href":"https:\/\/api.w.org\/{rel}","templated":true}]}}