{"id":27,"date":"2015-01-09T11:38:34","date_gmt":"2015-01-09T11:38:34","guid":{"rendered":"http:\/\/ascorcerizas.com\/central\/141118wp\/?page_id=27"},"modified":"2015-05-20T15:36:09","modified_gmt":"2015-05-20T15:36:09","slug":"entorno-natural","status":"publish","type":"page","link":"http:\/\/ascorcerizas.com\/central\/141118wp\/entorno-natural\/","title":{"rendered":"Entorno Natural"},"content":{"rendered":"<p><strong>As Corcerizas<\/strong>\u00a0local\u00edzase no ecosistema forestal da\u00a0<strong>Serra de San Mamede<\/strong>, no sistema monta\u00f1oso do\u00a0<strong>Macizo Central de Ourense<\/strong>. Situado no suroeste da provincia, conta con 53.000 hect\u00e1reas que o conforman como o segundo espazo protexido m\u00e1is extenso de Galicia, catalogado como Lugar de Importancia Comunitaria (L.I.C.) dentro da Rede Natura 2000, figuras de protecci\u00f3n a nivel europeo. Constit\u00fae un espazo de gran riqueza faun\u00edstica cun total de 176 especies de vertebrados, destacando especies protexidas como a aguia real e o lagarto das silvas e especies seriamente ameazadas como a perdiz com\u00fan. A variedade que atopamos en anfibios e rept\u00eds de monta\u00f1a tam\u00e9n \u00e9 importante, existindo diferentes tipos de lagartos e p\u00edntegas, caracter\u00edsticos da rexi\u00f3n. Entre os mam\u00edferos, a lebre, o lobo, a marta, o cervo, o corzo ou os xabar\u00eds son mostra da gran biodiversidade.<\/p>\n<p>Polo seu alto valor ecol\u00f3xico e rareza, resulta relevante o <strong>Bidueiral de Montederramo<\/strong>, declarado Zona de Especial Protecci\u00f3n dos Valores Naturais (ZEPVN) e Lugar de Importancia Comunitaria (LIC ). Dist\u00ednguese por ser unha das fragas de bidueiros situada m\u00e1is ao sur de Galicia, pola altitude na que se atopa (entre 1600 e os 959 m), e polo seu estado de conservaci\u00f3n. Ademais destaca polo resto de especies aut\u00f3ctonas coma acivros, cancereixos, arandos, carballos, fentos, liques e outros exemplares que mudan de cor segundo o paso das estaci\u00f3ns.<\/p>\n<p><img loading=\"lazy\" decoding=\"async\" class=\"aligncenter size-full wp-image-228\" src=\"http:\/\/ascorcerizas.com\/central\/141118wp\/wp-content\/uploads\/2015\/01\/04_entorno_natural.jpg\" alt=\"04_entorno_natural\" width=\"870\" height=\"580\" srcset=\"http:\/\/ascorcerizas.com\/central\/141118wp\/wp-content\/uploads\/2015\/01\/04_entorno_natural.jpg 870w, http:\/\/ascorcerizas.com\/central\/141118wp\/wp-content\/uploads\/2015\/01\/04_entorno_natural-300x200.jpg 300w\" sizes=\"auto, (max-width: 870px) 100vw, 870px\" \/><\/p>\n<p>Outro atractivo da Serra \u00e9 o <strong>R\u00edo Arnoia<\/strong>, que nace nos cumios de San Mamede dende os cales p\u00f3dese observar os restos da pegada do mar de auga doce que un d\u00eda encheu de vida e dulcificou o clima da comarca da Limia, a <strong>Lagoa de Antela.<\/strong> \u00c9 reco\u00f1ecida coma unha das lagoas m\u00e1is importantes da Pen\u00ednsula Ib\u00e9rica, tanto pola s\u00faa extensi\u00f3n como pola s\u00faa riqueza, desecada a partir do ano 1956.<\/p>\n<p>A ubicaci\u00f3n de <strong>As Corcerizas<\/strong> \u00e9 tam\u00e9n privilexiada pola gran <strong>riqueza etnogr\u00e1fica<\/strong> que a rodea, debido \u00e1 proximidade con varios pobos t\u00edpicos da monta\u00f1a galega e outros elementos patrimoniais singulares. O descenso pola monta\u00f1a l\u00e9vanos ata <strong>Rebordechao<\/strong>, pobo que conserva a riqueza arquitect\u00f3nica das construci\u00f3ns populares tradicionais, como forxas, alvarizas, mu\u00ed\u00f1os de auga, fornos comunais ou palleiras, constru\u00eddos cos recursos da zona. O <strong>Concello de Vilar de Barrio<\/strong> no que se sit\u00faa conta con diversos lugares de interese e rutas tur\u00edsticas pasando polos seus pobos, as\u00ed como o cami\u00f1o da V\u00eda da Prata, unha alternativa \u00e1 peregrinaci\u00f3n a Santiago de Compostela.<\/p>\n","protected":false},"excerpt":{"rendered":"<p>As Corcerizas\u00a0local\u00edzase no ecosistema forestal da\u00a0Serra de San Mamede, no sistema monta\u00f1oso do\u00a0Macizo Central de Ourense. Situado no suroeste da provincia, conta con 53.000 hect\u00e1reas que o conforman como o segundo espazo protexido m\u00e1is extenso de Galicia, catalogado como Lugar de Importancia Comunitaria (L.I.C.) dentro da Rede Natura 2000, figuras de protecci\u00f3n a nivel europeo. [&hellip;]<\/p>\n","protected":false},"author":1,"featured_media":0,"parent":0,"menu_order":5,"comment_status":"open","ping_status":"open","template":"","meta":{"jetpack_post_was_ever_published":false,"footnotes":"","_links_to":"","_links_to_target":""},"class_list":["post-27","page","type-page","status-publish","hentry"],"jetpack_sharing_enabled":true,"jetpack_shortlink":"https:\/\/wp.me\/P5AiAL-r","_links":{"self":[{"href":"http:\/\/ascorcerizas.com\/central\/141118wp\/wp-json\/wp\/v2\/pages\/27","targetHints":{"allow":["GET"]}}],"collection":[{"href":"http:\/\/ascorcerizas.com\/central\/141118wp\/wp-json\/wp\/v2\/pages"}],"about":[{"href":"http:\/\/ascorcerizas.com\/central\/141118wp\/wp-json\/wp\/v2\/types\/page"}],"author":[{"embeddable":true,"href":"http:\/\/ascorcerizas.com\/central\/141118wp\/wp-json\/wp\/v2\/users\/1"}],"replies":[{"embeddable":true,"href":"http:\/\/ascorcerizas.com\/central\/141118wp\/wp-json\/wp\/v2\/comments?post=27"}],"version-history":[{"count":0,"href":"http:\/\/ascorcerizas.com\/central\/141118wp\/wp-json\/wp\/v2\/pages\/27\/revisions"}],"wp:attachment":[{"href":"http:\/\/ascorcerizas.com\/central\/141118wp\/wp-json\/wp\/v2\/media?parent=27"}],"curies":[{"name":"wp","href":"https:\/\/api.w.org\/{rel}","templated":true}]}}

<p><strong>As Corcerizas</strong> localízase no ecosistema forestal da <strong>Serra de San Mamede</strong>, no sistema montañoso do <strong>Macizo Central de Ourense</strong>. Situado no suroeste da provincia, conta con 53.000 hectáreas que o conforman como o segundo espazo protexido máis extenso de Galicia, catalogado como Lugar de Importancia Comunitaria (L.I.C.) dentro da Rede Natura 2000, figuras de protección a nivel europeo. Constitúe un espazo de gran riqueza faunística cun total de 176 especies de vertebrados, destacando especies protexidas como a aguia real e o lagarto das silvas e especies seriamente ameazadas como a perdiz común. A variedade que atopamos en anfibios e reptís de montaña tamén é importante, existindo diferentes tipos de lagartos e píntegas, característicos da rexión. Entre os mamíferos, a lebre, o lobo, a marta, o cervo, o corzo ou os xabarís son mostra da gran biodiversidade.</p>
<p>Polo seu alto valor ecolóxico e rareza, resulta relevante o <strong>Bidueiral de Montederramo</strong>, declarado Zona de Especial Protección dos Valores Naturais (ZEPVN) e Lugar de Importancia Comunitaria (LIC ). Distínguese por ser unha das fragas de bidueiros situada máis ao sur de Galicia, pola altitude na que se atopa (entre 1600 e os 959 m), e polo seu estado de conservación. Ademais destaca polo resto de especies autóctonas coma acivros, cancereixos, arandos, carballos, fentos, liques e outros exemplares que mudan de cor segundo o paso das estacións.</p>
<p><img loading="lazy" decoding="async" class="aligncenter size-full wp-image-228" src="http://ascorcerizas.com/central/141118wp/wp-content/uploads/2015/01/04_entorno_natural.jpg" alt="04_entorno_natural" width="870" height="580" srcset="http://ascorcerizas.com/central/141118wp/wp-content/uploads/2015/01/04_entorno_natural.jpg 870w, http://ascorcerizas.com/central/141118wp/wp-content/uploads/2015/01/04_entorno_natural-300x200.jpg 300w" sizes="auto, (max-width: 870px) 100vw, 870px" /></p>
<p>Outro atractivo da Serra é o <strong>Río Arnoia</strong>, que nace nos cumios de San Mamede dende os cales pódese observar os restos da pegada do mar de auga doce que un día encheu de vida e dulcificou o clima da comarca da Limia, a <strong>Lagoa de Antela.</strong> É recoñecida coma unha das lagoas máis importantes da Península Ibérica, tanto pola súa extensión como pola súa riqueza, desecada a partir do ano 1956.</p>
<p>A ubicación de <strong>As Corcerizas</strong> é tamén privilexiada pola gran <strong>riqueza etnográfica</strong> que a rodea, debido á proximidade con varios pobos típicos da montaña galega e outros elementos patrimoniais singulares. O descenso pola montaña lévanos ata <strong>Rebordechao</strong>, pobo que conserva a riqueza arquitectónica das construcións populares tradicionais, como forxas, alvarizas, muíños de auga, fornos comunais ou palleiras, construídos cos recursos da zona. O <strong>Concello de Vilar de Barrio</strong> no que se sitúa conta con diversos lugares de interese e rutas turísticas pasando polos seus pobos, así como o camiño da Vía da Prata, unha alternativa á peregrinación a Santiago de Compostela.</p>

<p>As Corcerizas localízase no ecosistema forestal da Serra de San Mamede, no sistema montañoso do Macizo Central de Ourense. Situado no suroeste da provincia, conta con 53.000 hectáreas que o conforman como o segundo espazo protexido máis extenso de Galicia, catalogado como Lugar de Importancia Comunitaria (L.I.C.) dentro da Rede Natura 2000, figuras de protección a nivel europeo. [&hellip;]</p>
