{"id":159,"date":"2015-03-07T11:40:02","date_gmt":"2015-03-07T11:40:02","guid":{"rendered":"http:\/\/ascorcerizas.com\/central\/141118wp\/?page_id=159"},"modified":"2015-05-28T00:08:14","modified_gmt":"2015-05-28T00:08:14","slug":"aviso-legal","status":"publish","type":"page","link":"http:\/\/ascorcerizas.com\/central\/141118wp\/aviso-legal\/","title":{"rendered":"Aviso legal"},"content":{"rendered":"<h3>INFORMACI\u00d3N XERAL<\/h3>\n<p>En cumprimento co deber de informaci\u00f3n recollido no artigo 10 da Lei 34\/2002, de 11 de xullo, de Servizos da Sociedade da Informaci\u00f3n e do Comercio Electr\u00f3nico, a continuaci\u00f3n refl\u00edctense os seguintes datos: A entidade titular deste website \u00e9 Amigos da Terra, r\u00faa Bedoia, 5-2\u00baD.\u00a032004 Ourense, con n\u00famero de C.I.F: G-32.242.422, e dedicada \u00e1 actividade de medio ambiente. Inscrita no Rexistro Central de Asociaci\u00f3ns co n\u00famero 84\/98. Correo electr\u00f3nico de contacto: info@amigosdaterra.net<\/p>\n<h3>PROPIEDADE INTELECTUAL E USO DOS CONTIDOS<\/h3>\n<p>Amigos da Terra \u00e9 titular de todos os dereitos de propiedade intelectual da p\u00e1xina web <a title=\"ascorcerizas.com\" href=\"http:\/\/www.ascorcerizas.com\">www.ascorcerizas.com<\/a>, as\u00ed como dos elementos contidos no mesmo (imaxes, son, audio, v\u00eddeo, software ou textos; marcas ou logotipos, combinaci\u00f3ns de cores, estrutura e dese\u00f1o, selecci\u00f3n de materiais usados, programas de computador necesarios para o seu funcionamento, acceso e uso, etc.).<\/p>\n<p>Todos os dereitos reservados. En virtude do disposto nos artigos 8 e 32.1, par\u00e1grafo segundo, da Lei de Propiedade Intelectual, quedan expresamente prohibidas a reproduci\u00f3n, a distribuci\u00f3n e a comunicaci\u00f3n publica, da totalidade ou parte dos contidos desta p\u00e1xina web, con fins comerciais, en calquera soporte e por calquera medio t\u00e9cnico, sen a autorizaci\u00f3n de Amigos da Terra.<\/p>\n<p>O Usuario comprom\u00e9tese a respectar os dereitos de Propiedade Intelectual titularidade de Amigos da Terra. Poder\u00e1 visualizar os elementos do website e ata imprimilos, copialos e almacenalos no disco duro do seu computador ou en calquera outro soporte f\u00edsico a condici\u00f3n de que sexa, \u00fanica e exclusivamente, para o seu uso persoal e privado.<\/p>\n<h3>PROTECCI\u00d3N DE DATOS<\/h3>\n<p>Os datos de car\u00e1cter persoal que aparecen no website, foron obtidos de forma legal, son obxecto de tratamento automatizado e foron incorporados aos correspondentes ficheiros cuxa titularidade corresponde a Amigos da Terra.<\/p>\n<p>Amigos da Terra adoptou as medidas t\u00e9cnicas e organizativas, e os niveis de seguridade esixidos legalmente conforme ao disposto na Lei Org\u00e1nica 15\/1999, de 15 de Decembro de Protecci\u00f3n de Datos de Car\u00e1cter Persoal, a efectos do exercicio dos dereitos de acceso, de rectificaci\u00f3n e de cancelaci\u00f3n previstos en devandita lei.<\/p>\n<h3>EXCLUSI\u00d3N DE RESPONSABILIDADE<\/h3>\n<p>Amigos da Terra non se fai responsable, en ning\u00fan caso, dos danos e prexu\u00edzos de calquera natureza que puidesen ocasionar, a t\u00edtulo enunciativo: erros ou omisi\u00f3ns nos contidos, falta de dispo\u00f1ibilidade da web ou a transmisi\u00f3n de virus ou programas maliciosos ou lesivos nos contidos, a pesar de adoptar todas as medidas tecnol\u00f3xicas necesarias para evitalo.<\/p>\n<h3>MODIFICACI\u00d3NS<\/h3>\n<p>Amigos da Terra res\u00e9rvase o dereito de efectuar sen previo aviso as modificaci\u00f3ns que considere oportunas na s\u00faa website, podendo cambiar, suprimir ou engadir tanto os contidos e servizos que se presten a trav\u00e9s da mesma como a forma na que estes aparezan presentados ou localizados nela.<\/p>\n","protected":false},"excerpt":{"rendered":"<p>INFORMACI\u00d3N XERAL En cumprimento co deber de informaci\u00f3n recollido no artigo 10 da Lei 34\/2002, de 11 de xullo, de Servizos da Sociedade da Informaci\u00f3n e do Comercio Electr\u00f3nico, a continuaci\u00f3n refl\u00edctense os seguintes datos: A entidade titular deste website \u00e9 Amigos da Terra, r\u00faa Bedoia, 5-2\u00baD.\u00a032004 Ourense, con n\u00famero de C.I.F: G-32.242.422, e dedicada [&hellip;]<\/p>\n","protected":false},"author":1,"featured_media":0,"parent":0,"menu_order":7,"comment_status":"open","ping_status":"open","template":"","meta":{"jetpack_post_was_ever_published":false,"footnotes":"","_links_to":"","_links_to_target":""},"class_list":["post-159","page","type-page","status-publish","hentry"],"jetpack_sharing_enabled":false,"jetpack_shortlink":"https:\/\/wp.me\/P5AiAL-2z","_links":{"self":[{"href":"http:\/\/ascorcerizas.com\/central\/141118wp\/wp-json\/wp\/v2\/pages\/159","targetHints":{"allow":["GET"]}}],"collection":[{"href":"http:\/\/ascorcerizas.com\/central\/141118wp\/wp-json\/wp\/v2\/pages"}],"about":[{"href":"http:\/\/ascorcerizas.com\/central\/141118wp\/wp-json\/wp\/v2\/types\/page"}],"author":[{"embeddable":true,"href":"http:\/\/ascorcerizas.com\/central\/141118wp\/wp-json\/wp\/v2\/users\/1"}],"replies":[{"embeddable":true,"href":"http:\/\/ascorcerizas.com\/central\/141118wp\/wp-json\/wp\/v2\/comments?post=159"}],"version-history":[{"count":0,"href":"http:\/\/ascorcerizas.com\/central\/141118wp\/wp-json\/wp\/v2\/pages\/159\/revisions"}],"wp:attachment":[{"href":"http:\/\/ascorcerizas.com\/central\/141118wp\/wp-json\/wp\/v2\/media?parent=159"}],"curies":[{"name":"wp","href":"https:\/\/api.w.org\/{rel}","templated":true}]}}

<h3>INFORMACIÓN XERAL</h3>
<p>En cumprimento co deber de información recollido no artigo 10 da Lei 34/2002, de 11 de xullo, de Servizos da Sociedade da Información e do Comercio Electrónico, a continuación reflíctense os seguintes datos: A entidade titular deste website é Amigos da Terra, rúa Bedoia, 5-2ºD. 32004 Ourense, con número de C.I.F: G-32.242.422, e dedicada á actividade de medio ambiente. Inscrita no Rexistro Central de Asociacións co número 84/98. Correo electrónico de contacto: info@amigosdaterra.net</p>
<h3>PROPIEDADE INTELECTUAL E USO DOS CONTIDOS</h3>
<p>Amigos da Terra é titular de todos os dereitos de propiedade intelectual da páxina web <a title="ascorcerizas.com" href="http://www.ascorcerizas.com">www.ascorcerizas.com</a>, así como dos elementos contidos no mesmo (imaxes, son, audio, vídeo, software ou textos; marcas ou logotipos, combinacións de cores, estrutura e deseño, selección de materiais usados, programas de computador necesarios para o seu funcionamento, acceso e uso, etc.).</p>
<p>Todos os dereitos reservados. En virtude do disposto nos artigos 8 e 32.1, parágrafo segundo, da Lei de Propiedade Intelectual, quedan expresamente prohibidas a reprodución, a distribución e a comunicación publica, da totalidade ou parte dos contidos desta páxina web, con fins comerciais, en calquera soporte e por calquera medio técnico, sen a autorización de Amigos da Terra.</p>
<p>O Usuario comprométese a respectar os dereitos de Propiedade Intelectual titularidade de Amigos da Terra. Poderá visualizar os elementos do website e ata imprimilos, copialos e almacenalos no disco duro do seu computador ou en calquera outro soporte físico a condición de que sexa, única e exclusivamente, para o seu uso persoal e privado.</p>
<h3>PROTECCIÓN DE DATOS</h3>
<p>Os datos de carácter persoal que aparecen no website, foron obtidos de forma legal, son obxecto de tratamento automatizado e foron incorporados aos correspondentes ficheiros cuxa titularidade corresponde a Amigos da Terra.</p>
<p>Amigos da Terra adoptou as medidas técnicas e organizativas, e os niveis de seguridade esixidos legalmente conforme ao disposto na Lei Orgánica 15/1999, de 15 de Decembro de Protección de Datos de Carácter Persoal, a efectos do exercicio dos dereitos de acceso, de rectificación e de cancelación previstos en devandita lei.</p>
<h3>EXCLUSIÓN DE RESPONSABILIDADE</h3>
<p>Amigos da Terra non se fai responsable, en ningún caso, dos danos e prexuízos de calquera natureza que puidesen ocasionar, a título enunciativo: erros ou omisións nos contidos, falta de dispoñibilidade da web ou a transmisión de virus ou programas maliciosos ou lesivos nos contidos, a pesar de adoptar todas as medidas tecnolóxicas necesarias para evitalo.</p>
<h3>MODIFICACIÓNS</h3>
<p>Amigos da Terra resérvase o dereito de efectuar sen previo aviso as modificacións que considere oportunas na súa website, podendo cambiar, suprimir ou engadir tanto os contidos e servizos que se presten a través da mesma como a forma na que estes aparezan presentados ou localizados nela.</p>

<p>INFORMACIÓN XERAL En cumprimento co deber de información recollido no artigo 10 da Lei 34/2002, de 11 de xullo, de Servizos da Sociedade da Información e do Comercio Electrónico, a continuación reflíctense os seguintes datos: A entidade titular deste website é Amigos da Terra, rúa Bedoia, 5-2ºD. 32004 Ourense, con número de C.I.F: G-32.242.422, e dedicada [&hellip;]</p>
