{"id":10,"date":"2015-01-09T10:56:03","date_gmt":"2015-01-09T10:56:03","guid":{"rendered":"http:\/\/ascorcerizas.com\/central\/141118wp\/?page_id=10"},"modified":"2015-05-28T00:56:01","modified_gmt":"2015-05-28T00:56:01","slug":"centro-de-formacion-e-educacion-ambiental","status":"publish","type":"page","link":"http:\/\/ascorcerizas.com\/central\/141118wp\/destacado\/centro-de-formacion-e-educacion-ambiental\/","title":{"rendered":"Centro de Formaci\u00f3n e Educaci\u00f3n Ambiental"},"content":{"rendered":"<h2>Programas, actividades e eventos<\/h2>\n<p><strong>Amigos da Terra<\/strong> desenvolve o seu proxecto de <strong>As Corcerizas<\/strong> co obxectivo de liderar e demostrar un novo modelo de desenvolvemento baseado en criterios de sustentabilidade, a trav\u00e9s de alternativas pr\u00e1cticas que minimicen o noso impacto ambiental e social e que poidan ser facilmente incorporadas na toma de decisi\u00f3ns diaria.<\/p>\n<p>En As Corcerizas apostamos por un cambio de paradigma, empregando diferentes ferramentas que nos capaciten para poder adoptar actitudes responsables sen percibilas como custosas ou como unha renuncia nos niveis de calidade de vida acadados.<\/p>\n<p><img loading=\"lazy\" decoding=\"async\" class=\"aligncenter wp-image-283 size-full\" title=\"As Corcerizas Centro de Formaci\u00f3n e Educaci\u00f3n Ambiental\" src=\"http:\/\/ascorcerizas.com\/central\/141118wp\/wp-content\/uploads\/2015\/01\/sub_02_formacion.jpg\" alt=\"As Corcerizas Centro de Formaci\u00f3n e Educaci\u00f3n Ambiental\" width=\"870\" height=\"580\" srcset=\"http:\/\/ascorcerizas.com\/central\/141118wp\/wp-content\/uploads\/2015\/01\/sub_02_formacion.jpg 870w, http:\/\/ascorcerizas.com\/central\/141118wp\/wp-content\/uploads\/2015\/01\/sub_02_formacion-300x200.jpg 300w\" sizes=\"auto, (max-width: 870px) 100vw, 870px\" \/><\/p>\n<p>Dende a mesma coherencia ambiental na concepci\u00f3n do equipamento, ata a proposta das actividades educativas que nel se desenvolven, mostrase un compromiso firme por facer realidade as m\u00e1is avanzadas recomendaci\u00f3ns das novas li\u00f1as metodol\u00f3xicas de intervenci\u00f3n educativa.<\/p>\n<p>Tr\u00e1tase dunha aposta seria e contrastada por una Educaci\u00f3n Ambiental de calidade, comprometida, cr\u00edtica, participativa e plural. Non soamente en base a aportar informaci\u00f3n, sen\u00f3n tam\u00e9n e sobre todo, a proporcionar experiencias directas e persoais que impliquen aos e \u00e1s participantes na problem\u00e1tica ambiental, e que se traduzan en comportamentos e actitudes responsables para ser parte da s\u00faa soluci\u00f3n.<\/p>\n<p>Desenvolvemos os programas dende unha visi\u00f3n educativa integral, buscando a orixe com\u00fan e a multicausalidade da problem\u00e1tica ambiental, e non tratando os temas de xeito illado. Todas as actividades de achegamento \u00e1 natureza real\u00edzanse cun dobre car\u00e1cter: de serio compromiso \u00e9tico e cunha metodolox\u00eda l\u00fadica e motivadora; proporcionando unha educaci\u00f3n e informaci\u00f3n de calidade, veraz e adaptada ao grupo.<\/p>\n<h2>Formaci\u00f3n e Divulgaci\u00f3n Ambiental<\/h2>\n<p>Relacionada cos eidos nos que actuamos.<br \/>\n<span style=\"background-color: #fff;\"><a onclick=\"read_toggle(1504664044, 'Ler m\u00e1is \u00bb', ''); return false;\" class=\"read-link\" id=\"readlink1504664044\" style=\"\" href=\"#\">Ler m\u00e1is \u00bb<\/a><\/span>\n<div class=\"read_div\" id=\"read1504664044\" style=\"display: none;\"><a href=\"http:\/\/ascorcerizas.com\/central\/141118wp\/wp-content\/uploads\/2015\/02\/sub_02_formacion_01.jpg\"><img loading=\"lazy\" decoding=\"async\" class=\"alignright wp-image-265 size-medium\" src=\"http:\/\/ascorcerizas.com\/central\/141118wp\/wp-content\/uploads\/2015\/02\/sub_02_formacion_01-300x200.jpg\" alt=\"Formaci\u00f3n e Divulgaci\u00f3n Ambiental en As Corcerizas\" width=\"300\" height=\"200\" srcset=\"http:\/\/ascorcerizas.com\/central\/141118wp\/wp-content\/uploads\/2015\/02\/sub_02_formacion_01-300x200.jpg 300w, http:\/\/ascorcerizas.com\/central\/141118wp\/wp-content\/uploads\/2015\/02\/sub_02_formacion_01.jpg 870w\" sizes=\"auto, (max-width: 300px) 100vw, 300px\" \/><\/a><\/p>\n<ul>\n<li>Educaci\u00f3n Ambiental e Interpretaci\u00f3n do Patrimonio<\/li>\n<li>Cambio Clim\u00e1tico<\/li>\n<li>Bioconstruci\u00f3n e Arquitectura Bioclim\u00e1tica<\/li>\n<li>Enerx\u00edas Renovables en sistemas illados ou conectados \u00e1 rede el\u00e9ctrica<\/li>\n<li>Compostaxe e Biodepuraci\u00f3n de Augas<\/li>\n<li>Agricultura Ecol\u00f3xica<\/li>\n<li>Permacultura e Coci\u00f1a alternativa<\/li>\n<li>Cooperaci\u00f3n Internacional e Comunicaci\u00f3n<\/li>\n<li>Lexislaci\u00f3n Ambiental<\/li>\n<li>Activismo e Voluntariado Ambiental<\/li>\n<\/ul>\n<p>Para m\u00e1is informaci\u00f3n podes consultar as <a href=\"http:\/\/ascorcerizas.com\/central\/141118wp\/actividades\/formacion-e-divulgacion-ambiental\/\">actividades relacionadas<\/a>.<\/div><\/p>\n<h2>Educaci\u00f3n Ambiental<\/h2>\n<p>A trav\u00e9s de programas de unha xornada, de fin de semana ou estad\u00edas nas que se incl\u00faen diversas actividades.<br \/>\n<span style=\"background-color: #fff;\"><a onclick=\"read_toggle(2078401934, 'Ler m\u00e1is \u00bb', ''); return false;\" class=\"read-link\" id=\"readlink2078401934\" style=\"\" href=\"#\">Ler m\u00e1is \u00bb<\/a><\/span>\n<div class=\"read_div\" id=\"read2078401934\" style=\"display: none;\"><a href=\"http:\/\/ascorcerizas.com\/central\/141118wp\/wp-content\/uploads\/2015\/02\/sub_02_formacion_02.jpg\"><img loading=\"lazy\" decoding=\"async\" class=\"alignright size-medium wp-image-244\" src=\"http:\/\/ascorcerizas.com\/central\/141118wp\/wp-content\/uploads\/2015\/02\/sub_02_formacion_02-300x200.jpg\" alt=\"Educaci\u00f3n Ambiental en As Corcerizas\" width=\"300\" height=\"200\" srcset=\"http:\/\/ascorcerizas.com\/central\/141118wp\/wp-content\/uploads\/2015\/02\/sub_02_formacion_02-300x200.jpg 300w, http:\/\/ascorcerizas.com\/central\/141118wp\/wp-content\/uploads\/2015\/02\/sub_02_formacion_02.jpg 870w\" sizes=\"auto, (max-width: 300px) 100vw, 300px\" \/><\/a><\/p>\n<ul>\n<li>Visitas interpretativas \u00e1s instalaci\u00f3ns e actividades pr\u00e1cticas, sobre enerx\u00edas renovables, bioconstruci\u00f3n, fitodepuraci\u00f3n, compostaxe, horta ecol\u00f3xica e alimentaci\u00f3n sostible.<\/li>\n<li>Roteiros interpretativos pola Serra de San Mamede e actividades etnogr\u00e1ficas; co\u00f1ecendo a flora, fauna e os seus rastros.<\/li>\n<li>Actividades de voluntariado forestal.<\/li>\n<li>Obradoiros ambientais e manualidades, din\u00e1micas de grupo, xogos cooperativos e de rol.<\/li>\n<\/ul>\n<p>Para m\u00e1is informaci\u00f3n podes consultar as <a href=\"http:\/\/ascorcerizas.com\/central\/141118wp\/actividades\/educacion-ambiental\/\">actividades relacionadas<\/a>.<br \/>\n<\/div><\/p>\n<h2>Programas escolares, universitarios e de centros de formaci\u00f3n profesional<\/h2>\n<p>Entroncando cos tres eixes definitorios que aplicamos nas actividades: Sentir, Co\u00f1ecer e Actuar.<br \/>\n<span style=\"background-color: #fff;\"><a onclick=\"read_toggle(1881751135, 'Ler m\u00e1is \u00bb', ''); return false;\" class=\"read-link\" id=\"readlink1881751135\" style=\"\" href=\"#\">Ler m\u00e1is \u00bb<\/a><\/span>\n<div class=\"read_div\" id=\"read1881751135\" style=\"display: none;\"><a href=\"http:\/\/ascorcerizas.com\/central\/141118wp\/wp-content\/uploads\/2015\/02\/sub_02_formacion_03.jpg\"><img loading=\"lazy\" decoding=\"async\" class=\"alignright wp-image-281 size-medium\" src=\"http:\/\/ascorcerizas.com\/central\/141118wp\/wp-content\/uploads\/2015\/02\/sub_02_formacion_03-300x200.jpg\" alt=\"Programas escolares, universitarios e de centros de formaci\u00f3n profesional en As Corcerizas\" width=\"300\" height=\"200\" srcset=\"http:\/\/ascorcerizas.com\/central\/141118wp\/wp-content\/uploads\/2015\/02\/sub_02_formacion_03-300x200.jpg 300w, http:\/\/ascorcerizas.com\/central\/141118wp\/wp-content\/uploads\/2015\/02\/sub_02_formacion_03.jpg 870w\" sizes=\"auto, (max-width: 300px) 100vw, 300px\" \/><\/a><\/p>\n<ul>\n<li><strong>Sentir<\/strong>\u00a0e desenvolver no entorno as capacidades multisensoriais. Unha aproximaci\u00f3n afectiva que abrangue transversalmente cada actividade entre o equipo docente e os\/as participantes. Esta apropiaci\u00f3n afectiva do contorno \u00e9 o primeiro paso para o co\u00f1ecemento e a acci\u00f3n.<\/li>\n<li><strong>Co\u00f1ecer<\/strong>\u00a0os datos, estudar e analizar reflexivamente os beneficios\/impactos e as repercusi\u00f3ns das nosas actuaci\u00f3ns e actividades. Entendemos a educaci\u00f3n ambiental como unha actuaci\u00f3n que xere escenarios propicios para un proceso de aprendizaxe no que o cami\u00f1o a percorrer resulte tan motivador como o obxectivo final.<\/li>\n<li><strong>Actuar<\/strong>\u00a0de xeito cooperativo para a resoluci\u00f3n, para o cambio, para xerar actitudes e aptitudes pro-ambientais. Capacitar para a acci\u00f3n a trav\u00e9s dun proceso de procesos no que todos e todas somos actores determinantes, e soamente entre todos e todas atoparemos soluci\u00f3ns perdurables.<\/li>\n<\/ul>\n<p>Para m\u00e1is informaci\u00f3n podes consultar as <a href=\"http:\/\/ascorcerizas.com\/central\/141118wp\/actividades\/programas-escolares-universitarios-e-de-centros-de-formacion-profesional\/\">actividades relacionadas<\/a>.<br \/>\n<\/div><\/p>\n<h2>Campamentos e Campos de Traballo<\/h2>\n<p>Unha experiencia vivencial e integral de alto valor tanto para persoas adultas como para nenas\/os e mozas\/os, educando para vivir con coherencia e respecto nunha sociedade de futuro.<br \/>\n<span style=\"background-color: #fff;\"><a onclick=\"read_toggle(623725730, 'Ler m\u00e1is \u00bb', ''); return false;\" class=\"read-link\" id=\"readlink623725730\" style=\"\" href=\"#\">Ler m\u00e1is \u00bb<\/a><\/span>\n<div class=\"read_div\" id=\"read623725730\" style=\"display: none;\"><\/p>\n<p><a href=\"http:\/\/ascorcerizas.com\/central\/141118wp\/wp-content\/uploads\/2015\/02\/sub_02_formacion_04.jpg\"><img loading=\"lazy\" decoding=\"async\" class=\"alignright size-medium wp-image-260\" src=\"http:\/\/ascorcerizas.com\/central\/141118wp\/wp-content\/uploads\/2015\/02\/sub_02_formacion_04-300x200.jpg\" alt=\"Campamentos e Campos de Traballo en As Corcerizas\" width=\"300\" height=\"200\" srcset=\"http:\/\/ascorcerizas.com\/central\/141118wp\/wp-content\/uploads\/2015\/02\/sub_02_formacion_04-300x200.jpg 300w, http:\/\/ascorcerizas.com\/central\/141118wp\/wp-content\/uploads\/2015\/02\/sub_02_formacion_04.jpg 870w\" sizes=\"auto, (max-width: 300px) 100vw, 300px\" \/><\/a><\/p>\n<ul>\n<li><strong>Campamentos de ver\u00e1n, Nadal e fin de curso:<\/strong> \u00a0as actividades son escollidas e organizadas para adquirir, ademais de novos co\u00f1ecementos, actitudes e capacidades como psicomotricidade, cooperaci\u00f3n, respeto mutuo, coordinaci\u00f3n, socializaci\u00f3n, imaxinaci\u00f3n, axilidade f\u00edsica e mental. Enfocadas sempre baixo unha perspectiva educativa \u00e1 vez que l\u00fadica e adaptadas \u00e1s diferentes idades e grupos.<\/li>\n<li><strong>Campo de Traballo de Bioconstruci\u00f3n, cun programa internacional consolidado:<\/strong> un espazo participativo para a formaci\u00f3n pr\u00e1ctica en bioconstruci\u00f3n a trav\u00e9s de traballos colectivos que nos mostren como empregar materiais ecol\u00f3xicos para minimizar os impactos que coa nosa forma de vida xeramos sobre a sa\u00fade, o medio e a sociedade.<\/li>\n<\/ul>\n<p>Para m\u00e1is informaci\u00f3n podes consultar as <a href=\"http:\/\/ascorcerizas.com\/central\/141118wp\/actividades\/campamentos-e-campos-de-traballo\/\">actividades relacionadas<\/a>.<br \/>\n<\/div><\/p>\n<h2>Eventos<\/h2>\n<p>Para favorecer o encontro e intercambio de experiencias: congresos, seminarios internacionais, realizaci\u00f3n de encontros e asembleas de diferentes entidades.<\/p>\n","protected":false},"excerpt":{"rendered":"<p>Programas, actividades e eventos Amigos da Terra desenvolve o seu proxecto de As Corcerizas co obxectivo de liderar e demostrar un novo modelo de desenvolvemento baseado en criterios de sustentabilidade, a trav\u00e9s de alternativas pr\u00e1cticas que minimicen o noso impacto ambiental e social e que poidan ser facilmente incorporadas na toma de decisi\u00f3ns diaria. En [&hellip;]<\/p>\n","protected":false},"author":1,"featured_media":54,"parent":30,"menu_order":1,"comment_status":"open","ping_status":"closed","template":"","meta":{"jetpack_post_was_ever_published":false,"footnotes":"","_links_to":"","_links_to_target":""},"class_list":["post-10","page","type-page","status-publish","has-post-thumbnail","hentry"],"jetpack_sharing_enabled":true,"jetpack_shortlink":"https:\/\/wp.me\/P5AiAL-a","_links":{"self":[{"href":"http:\/\/ascorcerizas.com\/central\/141118wp\/wp-json\/wp\/v2\/pages\/10","targetHints":{"allow":["GET"]}}],"collection":[{"href":"http:\/\/ascorcerizas.com\/central\/141118wp\/wp-json\/wp\/v2\/pages"}],"about":[{"href":"http:\/\/ascorcerizas.com\/central\/141118wp\/wp-json\/wp\/v2\/types\/page"}],"author":[{"embeddable":true,"href":"http:\/\/ascorcerizas.com\/central\/141118wp\/wp-json\/wp\/v2\/users\/1"}],"replies":[{"embeddable":true,"href":"http:\/\/ascorcerizas.com\/central\/141118wp\/wp-json\/wp\/v2\/comments?post=10"}],"version-history":[{"count":0,"href":"http:\/\/ascorcerizas.com\/central\/141118wp\/wp-json\/wp\/v2\/pages\/10\/revisions"}],"up":[{"embeddable":true,"href":"http:\/\/ascorcerizas.com\/central\/141118wp\/wp-json\/wp\/v2\/pages\/30"}],"wp:featuredmedia":[{"embeddable":true,"href":"http:\/\/ascorcerizas.com\/central\/141118wp\/wp-json\/wp\/v2\/media\/54"}],"wp:attachment":[{"href":"http:\/\/ascorcerizas.com\/central\/141118wp\/wp-json\/wp\/v2\/media?parent=10"}],"curies":[{"name":"wp","href":"https:\/\/api.w.org\/{rel}","templated":true}]}}

Centro de Formación e Educación Ambiental

<h2>Programas, actividades e eventos</h2>
<p><strong>Amigos da Terra</strong> desenvolve o seu proxecto de <strong>As Corcerizas</strong> co obxectivo de liderar e demostrar un novo modelo de desenvolvemento baseado en criterios de sustentabilidade, a través de alternativas prácticas que minimicen o noso impacto ambiental e social e que poidan ser facilmente incorporadas na toma de decisións diaria.</p>
<p>En As Corcerizas apostamos por un cambio de paradigma, empregando diferentes ferramentas que nos capaciten para poder adoptar actitudes responsables sen percibilas como custosas ou como unha renuncia nos niveis de calidade de vida acadados.</p>
<p><img loading="lazy" decoding="async" class="aligncenter wp-image-283 size-full" title="As Corcerizas Centro de Formación e Educación Ambiental" src="http://ascorcerizas.com/central/141118wp/wp-content/uploads/2015/01/sub_02_formacion.jpg" alt="As Corcerizas Centro de Formación e Educación Ambiental" width="870" height="580" srcset="http://ascorcerizas.com/central/141118wp/wp-content/uploads/2015/01/sub_02_formacion.jpg 870w, http://ascorcerizas.com/central/141118wp/wp-content/uploads/2015/01/sub_02_formacion-300x200.jpg 300w" sizes="auto, (max-width: 870px) 100vw, 870px" /></p>
<p>Dende a mesma coherencia ambiental na concepción do equipamento, ata a proposta das actividades educativas que nel se desenvolven, mostrase un compromiso firme por facer realidade as máis avanzadas recomendacións das novas liñas metodolóxicas de intervención educativa.</p>
<p>Trátase dunha aposta seria e contrastada por una Educación Ambiental de calidade, comprometida, crítica, participativa e plural. Non soamente en base a aportar información, senón tamén e sobre todo, a proporcionar experiencias directas e persoais que impliquen aos e ás participantes na problemática ambiental, e que se traduzan en comportamentos e actitudes responsables para ser parte da súa solución.</p>
<p>Desenvolvemos os programas dende unha visión educativa integral, buscando a orixe común e a multicausalidade da problemática ambiental, e non tratando os temas de xeito illado. Todas as actividades de achegamento á natureza realízanse cun dobre carácter: de serio compromiso ético e cunha metodoloxía lúdica e motivadora; proporcionando unha educación e información de calidade, veraz e adaptada ao grupo.</p>
<h2>Formación e Divulgación Ambiental</h2>
<p>Relacionada cos eidos nos que actuamos.<br />
<span style="background-color: #fff;"><a onclick="read_toggle(1504664044, 'Ler máis »', ''); return false;" class="read-link" id="readlink1504664044" style="" href="#">Ler máis »</a></span>
<div class="read_div" id="read1504664044" style="display: none;"><a href="http://ascorcerizas.com/central/141118wp/wp-content/uploads/2015/02/sub_02_formacion_01.jpg"><img loading="lazy" decoding="async" class="alignright wp-image-265 size-medium" src="http://ascorcerizas.com/central/141118wp/wp-content/uploads/2015/02/sub_02_formacion_01-300x200.jpg" alt="Formación e Divulgación Ambiental en As Corcerizas" width="300" height="200" srcset="http://ascorcerizas.com/central/141118wp/wp-content/uploads/2015/02/sub_02_formacion_01-300x200.jpg 300w, http://ascorcerizas.com/central/141118wp/wp-content/uploads/2015/02/sub_02_formacion_01.jpg 870w" sizes="auto, (max-width: 300px) 100vw, 300px" /></a></p>
<ul>
<li>Educación Ambiental e Interpretación do Patrimonio</li>
<li>Cambio Climático</li>
<li>Bioconstrución e Arquitectura Bioclimática</li>
<li>Enerxías Renovables en sistemas illados ou conectados á rede eléctrica</li>
<li>Compostaxe e Biodepuración de Augas</li>
<li>Agricultura Ecolóxica</li>
<li>Permacultura e Cociña alternativa</li>
<li>Cooperación Internacional e Comunicación</li>
<li>Lexislación Ambiental</li>
<li>Activismo e Voluntariado Ambiental</li>
</ul>
<p>Para máis información podes consultar as <a href="http://ascorcerizas.com/central/141118wp/actividades/formacion-e-divulgacion-ambiental/">actividades relacionadas</a>.</div></p>
<h2>Educación Ambiental</h2>
<p>A través de programas de unha xornada, de fin de semana ou estadías nas que se inclúen diversas actividades.<br />
<span style="background-color: #fff;"><a onclick="read_toggle(2078401934, 'Ler máis »', ''); return false;" class="read-link" id="readlink2078401934" style="" href="#">Ler máis »</a></span>
<div class="read_div" id="read2078401934" style="display: none;"><a href="http://ascorcerizas.com/central/141118wp/wp-content/uploads/2015/02/sub_02_formacion_02.jpg"><img loading="lazy" decoding="async" class="alignright size-medium wp-image-244" src="http://ascorcerizas.com/central/141118wp/wp-content/uploads/2015/02/sub_02_formacion_02-300x200.jpg" alt="Educación Ambiental en As Corcerizas" width="300" height="200" srcset="http://ascorcerizas.com/central/141118wp/wp-content/uploads/2015/02/sub_02_formacion_02-300x200.jpg 300w, http://ascorcerizas.com/central/141118wp/wp-content/uploads/2015/02/sub_02_formacion_02.jpg 870w" sizes="auto, (max-width: 300px) 100vw, 300px" /></a></p>
<ul>
<li>Visitas interpretativas ás instalacións e actividades prácticas, sobre enerxías renovables, bioconstrución, fitodepuración, compostaxe, horta ecolóxica e alimentación sostible.</li>
<li>Roteiros interpretativos pola Serra de San Mamede e actividades etnográficas; coñecendo a flora, fauna e os seus rastros.</li>
<li>Actividades de voluntariado forestal.</li>
<li>Obradoiros ambientais e manualidades, dinámicas de grupo, xogos cooperativos e de rol.</li>
</ul>
<p>Para máis información podes consultar as <a href="http://ascorcerizas.com/central/141118wp/actividades/educacion-ambiental/">actividades relacionadas</a>.<br />
</div></p>
<h2>Programas escolares, universitarios e de centros de formación profesional</h2>
<p>Entroncando cos tres eixes definitorios que aplicamos nas actividades: Sentir, Coñecer e Actuar.<br />
<span style="background-color: #fff;"><a onclick="read_toggle(1881751135, 'Ler máis »', ''); return false;" class="read-link" id="readlink1881751135" style="" href="#">Ler máis »</a></span>
<div class="read_div" id="read1881751135" style="display: none;"><a href="http://ascorcerizas.com/central/141118wp/wp-content/uploads/2015/02/sub_02_formacion_03.jpg"><img loading="lazy" decoding="async" class="alignright wp-image-281 size-medium" src="http://ascorcerizas.com/central/141118wp/wp-content/uploads/2015/02/sub_02_formacion_03-300x200.jpg" alt="Programas escolares, universitarios e de centros de formación profesional en As Corcerizas" width="300" height="200" srcset="http://ascorcerizas.com/central/141118wp/wp-content/uploads/2015/02/sub_02_formacion_03-300x200.jpg 300w, http://ascorcerizas.com/central/141118wp/wp-content/uploads/2015/02/sub_02_formacion_03.jpg 870w" sizes="auto, (max-width: 300px) 100vw, 300px" /></a></p>
<ul>
<li><strong>Sentir</strong> e desenvolver no entorno as capacidades multisensoriais. Unha aproximación afectiva que abrangue transversalmente cada actividade entre o equipo docente e os/as participantes. Esta apropiación afectiva do contorno é o primeiro paso para o coñecemento e a acción.</li>
<li><strong>Coñecer</strong> os datos, estudar e analizar reflexivamente os beneficios/impactos e as repercusións das nosas actuacións e actividades. Entendemos a educación ambiental como unha actuación que xere escenarios propicios para un proceso de aprendizaxe no que o camiño a percorrer resulte tan motivador como o obxectivo final.</li>
<li><strong>Actuar</strong> de xeito cooperativo para a resolución, para o cambio, para xerar actitudes e aptitudes pro-ambientais. Capacitar para a acción a través dun proceso de procesos no que todos e todas somos actores determinantes, e soamente entre todos e todas atoparemos solucións perdurables.</li>
</ul>
<p>Para máis información podes consultar as <a href="http://ascorcerizas.com/central/141118wp/actividades/programas-escolares-universitarios-e-de-centros-de-formacion-profesional/">actividades relacionadas</a>.<br />
</div></p>
<h2>Campamentos e Campos de Traballo</h2>
<p>Unha experiencia vivencial e integral de alto valor tanto para persoas adultas como para nenas/os e mozas/os, educando para vivir con coherencia e respecto nunha sociedade de futuro.<br />
<span style="background-color: #fff;"><a onclick="read_toggle(623725730, 'Ler máis »', ''); return false;" class="read-link" id="readlink623725730" style="" href="#">Ler máis »</a></span>
<div class="read_div" id="read623725730" style="display: none;"></p>
<p><a href="http://ascorcerizas.com/central/141118wp/wp-content/uploads/2015/02/sub_02_formacion_04.jpg"><img loading="lazy" decoding="async" class="alignright size-medium wp-image-260" src="http://ascorcerizas.com/central/141118wp/wp-content/uploads/2015/02/sub_02_formacion_04-300x200.jpg" alt="Campamentos e Campos de Traballo en As Corcerizas" width="300" height="200" srcset="http://ascorcerizas.com/central/141118wp/wp-content/uploads/2015/02/sub_02_formacion_04-300x200.jpg 300w, http://ascorcerizas.com/central/141118wp/wp-content/uploads/2015/02/sub_02_formacion_04.jpg 870w" sizes="auto, (max-width: 300px) 100vw, 300px" /></a></p>
<ul>
<li><strong>Campamentos de verán, Nadal e fin de curso:</strong>  as actividades son escollidas e organizadas para adquirir, ademais de novos coñecementos, actitudes e capacidades como psicomotricidade, cooperación, respeto mutuo, coordinación, socialización, imaxinación, axilidade física e mental. Enfocadas sempre baixo unha perspectiva educativa á vez que lúdica e adaptadas ás diferentes idades e grupos.</li>
<li><strong>Campo de Traballo de Bioconstrución, cun programa internacional consolidado:</strong> un espazo participativo para a formación práctica en bioconstrución a través de traballos colectivos que nos mostren como empregar materiais ecolóxicos para minimizar os impactos que coa nosa forma de vida xeramos sobre a saúde, o medio e a sociedade.</li>
</ul>
<p>Para máis información podes consultar as <a href="http://ascorcerizas.com/central/141118wp/actividades/campamentos-e-campos-de-traballo/">actividades relacionadas</a>.<br />
</div></p>
<h2>Eventos</h2>
<p>Para favorecer o encontro e intercambio de experiencias: congresos, seminarios internacionais, realización de encontros e asembleas de diferentes entidades.</p>

<p>Programas, actividades e eventos Amigos da Terra desenvolve o seu proxecto de As Corcerizas co obxectivo de liderar e demostrar un novo modelo de desenvolvemento baseado en criterios de sustentabilidade, a través de alternativas prácticas que minimicen o noso impacto ambiental e social e que poidan ser facilmente incorporadas na toma de decisións diaria. En [&hellip;]</p>
