{"id":31,"date":"2015-05-16T23:47:15","date_gmt":"2015-05-16T21:47:15","guid":{"rendered":"http:\/\/ascorcerizas.com\/central\/141118wp\/es\/?page_id=31"},"modified":"2015-05-22T08:50:27","modified_gmt":"2015-05-22T06:50:27","slug":"alquiler-de-instalaciones","status":"publish","type":"page","link":"http:\/\/ascorcerizas.com\/central\/141118wp\/es\/destacado\/albergue\/alquiler-de-instalaciones\/","title":{"rendered":"Alquiler de instalaciones"},"content":{"rendered":"<p>\u00a1<strong>As Corcerizas<\/strong> es un recurso, y como tal queremos compartirlo!<\/p>\n<p>Si formas parte de una ONG, asociaci\u00f3n, cooperativa o cualquier otra entidad con unos criterios compatibles con nuestra visi\u00f3n, an\u00edmate a proponer una asamblea, junta de trabajo, curso o convivencia en As Corcerizas.<\/p>\n<p>Podr\u00e9is disfrutar de todos los servicios y comodidades:<a href=\"http:\/\/ascorcerizas.com\/central\/141118wp\/wp-content\/uploads\/2015\/05\/2014_02_01_01.jpg\"><img loading=\"lazy\" decoding=\"async\" class=\"alignright size-medium wp-image-452\" src=\"http:\/\/ascorcerizas.com\/central\/141118wp\/wp-content\/uploads\/2015\/05\/2014_02_01_01-300x225.jpg\" alt=\"Aula en As Corcerizas\" width=\"300\" height=\"225\" \/><\/a><\/p>\n<p style=\"padding-left: 30px;\"><strong>Aula:<\/strong> construida con criterios de arquitectura bioclim\u00e1tica y materiales de bioconstrucci\u00f3n. Posee una superficie de 80 m\u00b2 con sistema de calefacci\u00f3n, garantizando la total comodidad de los\/las participantes. El aula est\u00e1 equipada para 50 personas, adem\u00e1s de los elementos auxiliares necesarios y medios audiovisuales (ca\u00f1\u00f3n de luz, pantalla de proyecci\u00f3n, ordenador, pizarra, etc.)<\/p>\n<p style=\"padding-left: 30px;\"><strong>Comedor:<\/strong> instalaci\u00f3n dise\u00f1ada con criterios y materiales de bioconstrucci\u00f3n. Dispone del mobiliario necesario para ofrecer servicio para 60 personas. Consta de una sala multiusos-comedor superior a 130 m\u00b2, aseos, uno adaptado para personas con discapacidad; sala de material, oficina, cocina industrial, sistema de calefacci\u00f3n y chimenea.<\/p>\n<p style=\"padding-left: 30px;\"><strong>Albergue:<\/strong> con capacidad para 40 personas (ba\u00f1o y 2 camas adaptadas para personas con discapacidad) distribuidas en habitaciones grandes de 16 plazas, y 2 peque\u00f1as de 5 y 4 plazas; un sal\u00f3n comunitario con chimenea, una cocina de libre uso, una enfermer\u00eda y recepci\u00f3n. Dispone de calefacci\u00f3n en todas las habitaciones.<\/p>\n<h2>Tarifas y Condiciones<\/h2>\n<span style=\"background-color: #fff;\"><a onclick=\"read_toggle(27406178, 'Leer m\u00e1s \u00bb', ''); return false;\" class=\"read-link\" id=\"readlink27406178\" style=\"\" href=\"#\">Leer m\u00e1s \u00bb<\/a><\/span>\n<div class=\"read_div\" id=\"read27406178\" style=\"display: none;\"><\/p>\n<ul>\n<li>Espacio del comedor o aula para una jornada: 60\u20ac<\/li>\n<li>Fin de semana (viernes por la tarde a domingo): 450\u20ac<\/li>\n<li>Datas sinaladas e eventos especiais (incl\u00fae 1 noite): fin de ano, celebraci\u00f3n de aniversarios, etc.: 450\u20ac<\/li>\n<li>Fechas se\u00f1aladas y eventos especiales (incluye 1 noche): fin de a\u00f1o, celebraci\u00f3n de aniversarios, etc.: 2.220\u20ac<\/li>\n<\/ul>\n<p>Las tarifas incluyen:<\/p>\n<ul>\n<li>Alojamiento en albergue: literas, con servicios (wc, duchas, agua caliente).<\/li>\n<li>Personal de gesti\u00f3n de las instalaciones.<\/li>\n<li>Uso del comedor para actividades y comidas.<\/li>\n<li>Uso de cocina con utensilios de cocina.<\/li>\n<li>Limpieza de las instalaciones y lavander\u00eda.<\/li>\n<li>Calefacci\u00f3n en todos los espacios.<\/li>\n<li>Uso y disfrute de las instalaciones.<\/li>\n<li>Seguro de responsabilidad civil y gastos de gesti\u00f3n.<\/li>\n<\/ul>\n<p>Las tarifas no incluyen el i.v.a (10% aplicable)<\/div>\n<h2>Promociones<\/h2>\n<span style=\"background-color: #fff;\"><a onclick=\"read_toggle(1973903924, 'Leer m\u00e1s \u00bb', ''); return false;\" class=\"read-link\" id=\"readlink1973903924\" style=\"\" href=\"#\">Leer m\u00e1s \u00bb<\/a><\/span>\n<div class=\"read_div\" id=\"read1973903924\" style=\"display: none;\">Dirigidas las entidades colaboradoras de <strong>Amigos da Terra<\/strong>y a las personas socias:<\/p>\n<ul>\n<li>10% de descuento en todos los servicios de alquiler.<\/li>\n<li>Descuento del 40% en el segundo evento que organice en el mismo a\u00f1o (excepto alquiler de una jornada).<\/li>\n<\/ul>\n<p><\/div>\n","protected":false},"excerpt":{"rendered":"<p>\u00a1As Corcerizas es un recurso, y como tal queremos compartirlo! Si formas parte de una ONG, asociaci\u00f3n, cooperativa o cualquier otra entidad con unos criterios compatibles con nuestra visi\u00f3n, an\u00edmate a proponer una asamblea, junta de trabajo, curso o convivencia en As Corcerizas. Podr\u00e9is disfrutar de todos los servicios y comodidades: Aula: construida con criterios [&hellip;]<\/p>\n","protected":false},"author":1,"featured_media":0,"parent":29,"menu_order":0,"comment_status":"open","ping_status":"closed","template":"","meta":{"jetpack_post_was_ever_published":false,"footnotes":"","_links_to":"","_links_to_target":""},"class_list":["post-31","page","type-page","status-publish","hentry"],"jetpack_sharing_enabled":true,"jetpack_shortlink":"https:\/\/wp.me\/P6dYni-v","_links":{"self":[{"href":"http:\/\/ascorcerizas.com\/central\/141118wp\/es\/wp-json\/wp\/v2\/pages\/31","targetHints":{"allow":["GET"]}}],"collection":[{"href":"http:\/\/ascorcerizas.com\/central\/141118wp\/es\/wp-json\/wp\/v2\/pages"}],"about":[{"href":"http:\/\/ascorcerizas.com\/central\/141118wp\/es\/wp-json\/wp\/v2\/types\/page"}],"author":[{"embeddable":true,"href":"http:\/\/ascorcerizas.com\/central\/141118wp\/es\/wp-json\/wp\/v2\/users\/1"}],"replies":[{"embeddable":true,"href":"http:\/\/ascorcerizas.com\/central\/141118wp\/es\/wp-json\/wp\/v2\/comments?post=31"}],"version-history":[{"count":0,"href":"http:\/\/ascorcerizas.com\/central\/141118wp\/es\/wp-json\/wp\/v2\/pages\/31\/revisions"}],"up":[{"embeddable":true,"href":"http:\/\/ascorcerizas.com\/central\/141118wp\/es\/wp-json\/wp\/v2\/pages\/29"}],"wp:attachment":[{"href":"http:\/\/ascorcerizas.com\/central\/141118wp\/es\/wp-json\/wp\/v2\/media?parent=31"}],"curies":[{"name":"wp","href":"https:\/\/api.w.org\/{rel}","templated":true}]}}

<p>¡<strong>As Corcerizas</strong> es un recurso, y como tal queremos compartirlo!</p>
<p>Si formas parte de una ONG, asociación, cooperativa o cualquier otra entidad con unos criterios compatibles con nuestra visión, anímate a proponer una asamblea, junta de trabajo, curso o convivencia en As Corcerizas.</p>
<p>Podréis disfrutar de todos los servicios y comodidades:<a href="http://ascorcerizas.com/central/141118wp/wp-content/uploads/2015/05/2014_02_01_01.jpg"><img loading="lazy" decoding="async" class="alignright size-medium wp-image-452" src="http://ascorcerizas.com/central/141118wp/wp-content/uploads/2015/05/2014_02_01_01-300x225.jpg" alt="Aula en As Corcerizas" width="300" height="225" /></a></p>
<p style="padding-left: 30px;"><strong>Aula:</strong> construida con criterios de arquitectura bioclimática y materiales de bioconstrucción. Posee una superficie de 80 m² con sistema de calefacción, garantizando la total comodidad de los/las participantes. El aula está equipada para 50 personas, además de los elementos auxiliares necesarios y medios audiovisuales (cañón de luz, pantalla de proyección, ordenador, pizarra, etc.)</p>
<p style="padding-left: 30px;"><strong>Comedor:</strong> instalación diseñada con criterios y materiales de bioconstrucción. Dispone del mobiliario necesario para ofrecer servicio para 60 personas. Consta de una sala multiusos-comedor superior a 130 m², aseos, uno adaptado para personas con discapacidad; sala de material, oficina, cocina industrial, sistema de calefacción y chimenea.</p>
<p style="padding-left: 30px;"><strong>Albergue:</strong> con capacidad para 40 personas (baño y 2 camas adaptadas para personas con discapacidad) distribuidas en habitaciones grandes de 16 plazas, y 2 pequeñas de 5 y 4 plazas; un salón comunitario con chimenea, una cocina de libre uso, una enfermería y recepción. Dispone de calefacción en todas las habitaciones.</p>
<h2>Tarifas y Condiciones</h2>
<span style="background-color: #fff;"><a onclick="read_toggle(27406178, 'Leer más »', ''); return false;" class="read-link" id="readlink27406178" style="" href="#">Leer más »</a></span>
<div class="read_div" id="read27406178" style="display: none;"></p>
<ul>
<li>Espacio del comedor o aula para una jornada: 60€</li>
<li>Fin de semana (viernes por la tarde a domingo): 450€</li>
<li>Datas sinaladas e eventos especiais (inclúe 1 noite): fin de ano, celebración de aniversarios, etc.: 450€</li>
<li>Fechas señaladas y eventos especiales (incluye 1 noche): fin de año, celebración de aniversarios, etc.: 2.220€</li>
</ul>
<p>Las tarifas incluyen:</p>
<ul>
<li>Alojamiento en albergue: literas, con servicios (wc, duchas, agua caliente).</li>
<li>Personal de gestión de las instalaciones.</li>
<li>Uso del comedor para actividades y comidas.</li>
<li>Uso de cocina con utensilios de cocina.</li>
<li>Limpieza de las instalaciones y lavandería.</li>
<li>Calefacción en todos los espacios.</li>
<li>Uso y disfrute de las instalaciones.</li>
<li>Seguro de responsabilidad civil y gastos de gestión.</li>
</ul>
<p>Las tarifas no incluyen el i.v.a (10% aplicable)</div>
<h2>Promociones</h2>
<span style="background-color: #fff;"><a onclick="read_toggle(1973903924, 'Leer más »', ''); return false;" class="read-link" id="readlink1973903924" style="" href="#">Leer más »</a></span>
<div class="read_div" id="read1973903924" style="display: none;">Dirigidas las entidades colaboradoras de <strong>Amigos da Terra</strong>y a las personas socias:</p>
<ul>
<li>10% de descuento en todos los servicios de alquiler.</li>
<li>Descuento del 40% en el segundo evento que organice en el mismo año (excepto alquiler de una jornada).</li>
</ul>
<p></div>

<p>¡As Corcerizas es un recurso, y como tal queremos compartirlo! Si formas parte de una ONG, asociación, cooperativa o cualquier otra entidad con unos criterios compatibles con nuestra visión, anímate a proponer una asamblea, junta de trabajo, curso o convivencia en As Corcerizas. Podréis disfrutar de todos los servicios y comodidades: Aula: construida con criterios [&hellip;]</p>
