{"id":15,"date":"2015-05-20T16:17:25","date_gmt":"2015-05-20T14:17:25","guid":{"rendered":"http:\/\/ascorcerizas.com\/central\/141118wp\/es\/?page_id=15"},"modified":"2018-05-15T10:14:17","modified_gmt":"2018-05-15T08:14:17","slug":"inicio","status":"publish","type":"page","link":"http:\/\/ascorcerizas.com\/central\/141118wp\/es\/","title":{"rendered":"Inicio"},"content":{"rendered":"<h3><a href=\"http:\/\/ascorcerizas.com\/central\/141118wp\/es\/presentacion\/\">Un Proyecto de Amigos da Terra<\/a><\/h3>\n<p><a href=\"http:\/\/amigosdaterra.net\/\"><img loading=\"lazy\" decoding=\"async\" class=\"alignleft wp-image-202 size-full\" title=\"Amigos da Terra\" src=\"http:\/\/ascorcerizas.com\/central\/141118wp\/wp-content\/uploads\/2015\/02\/logotipo_adt_H03_WEB.png\" alt=\"Amigos da Terra\" width=\"328\" height=\"140\" \/><\/a><\/p>\n<p>Desde el a\u00f1o 2002 la asociaci\u00f3n ecologista Amigos da Terra desarroll\u00f3 un proyecto vanguardista orientado cara un nuevo modelo de sostenibilidad a trav\u00e9s del Centro de Educaci\u00f3n Ambiental \u00abAs  Corcerizas\u00bb; ahora ese proyecto lleg\u00f3 a su fin.<\/p>\n<p>Durante el a\u00f1o pasado, tras un an\u00e1lisis detallado de los costes de mantenimiento y personal, llegamos a la conclusi\u00f3n de que Amigos de la Terra no pod\u00eda hacerse cargo de todo como hasta ahora. De nuevo exploramos la posibilidad de que la Diputaci\u00f3n de Ourense se hiciera cargo de parte de los costes, pero no fue posible llegar a un acuerdo que satisficiera a ambas partes. Esto supone un cambio de trayectoria que implica que, en la actualidad, desde Amigos da Terra, no ofertamos ni gestionamos ning\u00fan tipo de actividad ni servicio de albergue al p\u00fablico, quedando restringido el uso de \u00abAs  Corcerizas\u00bb al desarrollo de eventos propios de nuestro colectivo.<\/p>\n<p>A lo largo de estos 15 a\u00f1os muchas personas socias, t\u00e9cnicas, voluntarias, amigas, aportaron sus conocimientos, trabajo e ilusi\u00f3n para que el equipamiento  se constituyera en un referente y un ejemplo capaz de liderar y demostrar un nuevo modelo de desarrollo basado en criterios de sostenibilidad, a trav\u00e9s de alternativas pr\u00e1cticas que minimizado nuestro impacto ambiental y social y que hab\u00edan podido ser f\u00e1cilmente incorporadas en el d\u00eda a d\u00eda.<\/p>\n<p>Estos esfuerzos no fueron en vano, acercamos a miles de personas otras maneras de construir, de generar y consumir energ\u00eda, de gestionar nuestros residuos y de alimentarnos; tambi\u00e9n exploramos otras formas de relacionarnos y de trabajar en equipo. Formamos y nos formamos.  Conocimos otras maneras de vivir y pusimos en contacto a personas y proyectos.<\/p>\n<p>El balance de estos a\u00f1os solo puede ser positivo y la sensaci\u00f3n de agradecimiento a todas las que hab\u00e9is participado de esta aventura, es infinita.<\/p>\n<p>Gracias a todas y a todos.<\/p>\n","protected":false},"excerpt":{"rendered":"<p>Un Proyecto de Amigos da Terra Desde el a\u00f1o 2002 la asociaci\u00f3n ecologista Amigos da Terra desarroll\u00f3 un proyecto vanguardista orientado cara un nuevo modelo de sostenibilidad a trav\u00e9s del Centro de Educaci\u00f3n Ambiental \u00abAs Corcerizas\u00bb; ahora ese proyecto lleg\u00f3 a su fin. Durante el a\u00f1o pasado, tras un an\u00e1lisis detallado de los costes de [&hellip;]<\/p>\n","protected":false},"author":1,"featured_media":0,"parent":0,"menu_order":0,"comment_status":"open","ping_status":"open","template":"","meta":{"jetpack_post_was_ever_published":false,"footnotes":"","_links_to":"","_links_to_target":""},"class_list":["post-15","page","type-page","status-publish","hentry"],"jetpack_sharing_enabled":false,"jetpack_shortlink":"https:\/\/wp.me\/P6dYni-f","_links":{"self":[{"href":"http:\/\/ascorcerizas.com\/central\/141118wp\/es\/wp-json\/wp\/v2\/pages\/15","targetHints":{"allow":["GET"]}}],"collection":[{"href":"http:\/\/ascorcerizas.com\/central\/141118wp\/es\/wp-json\/wp\/v2\/pages"}],"about":[{"href":"http:\/\/ascorcerizas.com\/central\/141118wp\/es\/wp-json\/wp\/v2\/types\/page"}],"author":[{"embeddable":true,"href":"http:\/\/ascorcerizas.com\/central\/141118wp\/es\/wp-json\/wp\/v2\/users\/1"}],"replies":[{"embeddable":true,"href":"http:\/\/ascorcerizas.com\/central\/141118wp\/es\/wp-json\/wp\/v2\/comments?post=15"}],"version-history":[{"count":3,"href":"http:\/\/ascorcerizas.com\/central\/141118wp\/es\/wp-json\/wp\/v2\/pages\/15\/revisions"}],"predecessor-version":[{"id":226,"href":"http:\/\/ascorcerizas.com\/central\/141118wp\/es\/wp-json\/wp\/v2\/pages\/15\/revisions\/226"}],"wp:attachment":[{"href":"http:\/\/ascorcerizas.com\/central\/141118wp\/es\/wp-json\/wp\/v2\/media?parent=15"}],"curies":[{"name":"wp","href":"https:\/\/api.w.org\/{rel}","templated":true}]}}

<h3><a href="http://ascorcerizas.com/central/141118wp/es/presentacion/">Un Proyecto de Amigos da Terra</a></h3>
<p><a href="http://amigosdaterra.net/"><img loading="lazy" decoding="async" class="alignleft wp-image-202 size-full" title="Amigos da Terra" src="http://ascorcerizas.com/central/141118wp/wp-content/uploads/2015/02/logotipo_adt_H03_WEB.png" alt="Amigos da Terra" width="328" height="140" /></a></p>
<p>Desde el año 2002 la asociación ecologista Amigos da Terra desarrolló un proyecto vanguardista orientado cara un nuevo modelo de sostenibilidad a través del Centro de Educación Ambiental «As  Corcerizas»; ahora ese proyecto llegó a su fin.</p>
<p>Durante el año pasado, tras un análisis detallado de los costes de mantenimiento y personal, llegamos a la conclusión de que Amigos de la Terra no podía hacerse cargo de todo como hasta ahora. De nuevo exploramos la posibilidad de que la Diputación de Ourense se hiciera cargo de parte de los costes, pero no fue posible llegar a un acuerdo que satisficiera a ambas partes. Esto supone un cambio de trayectoria que implica que, en la actualidad, desde Amigos da Terra, no ofertamos ni gestionamos ningún tipo de actividad ni servicio de albergue al público, quedando restringido el uso de «As  Corcerizas» al desarrollo de eventos propios de nuestro colectivo.</p>
<p>A lo largo de estos 15 años muchas personas socias, técnicas, voluntarias, amigas, aportaron sus conocimientos, trabajo e ilusión para que el equipamiento  se constituyera en un referente y un ejemplo capaz de liderar y demostrar un nuevo modelo de desarrollo basado en criterios de sostenibilidad, a través de alternativas prácticas que minimizado nuestro impacto ambiental y social y que habían podido ser fácilmente incorporadas en el día a día.</p>
<p>Estos esfuerzos no fueron en vano, acercamos a miles de personas otras maneras de construir, de generar y consumir energía, de gestionar nuestros residuos y de alimentarnos; también exploramos otras formas de relacionarnos y de trabajar en equipo. Formamos y nos formamos.  Conocimos otras maneras de vivir y pusimos en contacto a personas y proyectos.</p>
<p>El balance de estos años solo puede ser positivo y la sensación de agradecimiento a todas las que habéis participado de esta aventura, es infinita.</p>
<p>Gracias a todas y a todos.</p>

<p>Un Proyecto de Amigos da Terra Desde el año 2002 la asociación ecologista Amigos da Terra desarrolló un proyecto vanguardista orientado cara un nuevo modelo de sostenibilidad a través del Centro de Educación Ambiental «As Corcerizas»; ahora ese proyecto llegó a su fin. Durante el año pasado, tras un análisis detallado de los costes de [&hellip;]</p>
