{"id":439,"date":"2009-05-22T12:36:32","date_gmt":"2009-05-22T11:36:32","guid":{"rendered":"http:\/\/www.ascorcerizas.com\/central\/060126wp\/wp\/?page_id=439"},"modified":"2009-05-22T12:37:05","modified_gmt":"2009-05-22T11:37:05","slug":"aplicacion-de-metodoloxias-cientificas-para-a-conservacion-do-medio-natural","status":"publish","type":"page","link":"http:\/\/ascorcerizas.com\/central\/060126wp\/wp\/?page_id=439","title":{"rendered":"Aplicaci\u00f3n de Metodolox\u00edas Cient\u00edficas para a Conservaci\u00f3n do Medio Natural"},"content":{"rendered":"<p>Programa de educaci\u00f3n ambiental para escolares:<br \/>\n<strong>PROGRAMA 2009<\/strong><\/p>\n<p><strong>Obxectivos<\/strong><\/p>\n<ul type=\"disc\">\n<li>Revalorizar a importancia do co\u00f1ecemento cient\u00edfico para a      realizaci\u00f3n de actuaci\u00f3ns conscientes, coherentes e sostibles<\/li>\n<li>Evidenciar que, en termos xerais, s\u00f3 se protexe\/conserva o que se      co\u00f1ece, e para co\u00f1ecer \u00e9 moitas veces necesario ter unha base cient\u00edfica<\/li>\n<li>Espertar a curiosidade das\/dos participantes mediante      comprobaci\u00f3ns emp\u00edricas, potenciando a imaxinaci\u00f3n, a axilidade mental e a      capacidade de cr\u00edtica<\/li>\n<li>Familiarizar \u00e1s\/aos participantes coa metodolox\u00eda cient\u00edfica que      se est\u00e1 aplicando para o co\u00f1ecemento do medio, dunha forma l\u00fadica e      sinxela.<\/li>\n<li>Comprender o funcionamento dos procesos naturais a trav\u00e9s da ciencia<\/li>\n<li>Facer conscientes \u00e1s\/aos participantes das problem\u00e1ticas      ambientais e da necesidade de conservaci\u00f3n, fortalecendo ou creando unha      conciencia ambiental<\/li>\n<li>Dar a co\u00f1ecer o ecosistema de monta\u00f1a galego<\/li>\n<\/ul>\n<p><strong>Programa<\/strong><br \/>\nO programa consiste nunha serie de <strong>xornadas dun d\u00eda<\/strong> nas que, mediante a an\u00e1lise e medici\u00f3n cient\u00edfica de par\u00e1metros, manexo de datos, experimentos, obradoiros, xogos&#8230;, feitos &#8220;in situ&#8221; e polos\/as propios\/as participantes, se pretende a consecuci\u00f3n dos obxectivos expostos.<\/p>\n<p>Despois dunha breve <strong>explicaci\u00f3n<\/strong> da importancia da metodolox\u00eda cient\u00edfica para a obtenci\u00f3n de informaci\u00f3n sobre o medio, levaremos a cabo a <strong>recollida de datos<\/strong> mediante a aplicaci\u00f3n de protocolos espec\u00edficos.<\/p>\n<p>Para favorecer a participaci\u00f3n de todas\/os os integrantes do grupo e representar a aplicaci\u00f3n da metodolox\u00eda cient\u00edfica, faremos <strong>grupos de traballo<\/strong> que abranguen as seguintes tem\u00e1ticas: flora, fauna, solo, auga e atm\u00f3sfera.<\/p>\n<p>En funci\u00f3n da idade, co\u00f1ecementos previos e as posibilidades climatol\u00f3xicas do d\u00eda, realizaremos unha serie de <strong>actividades e experimentos<\/strong> en relaci\u00f3n con cada unha das tem\u00e1ticas.<\/p>\n<p>A segunda parte da xornada adicarase \u00e1 posta en com\u00fan e <strong>obtenci\u00f3n de conclusi\u00f3ns<\/strong>. Cada grupo explicar\u00e1 a metodolox\u00eda aplicada e expor\u00e1 os datos obtidos ao resto das\/os participantes. Mediante exemplos, as explicaci\u00f3ns dos\/as monitores\/as e xogos cooperativos de reforzo de contidos (rastros e sinais, residuos, sons da natureza e contaminaci\u00f3n ac\u00fastica, cadea tr\u00f3fica&#8230;), obteremos as conclusi\u00f3ns e relacionaremos a importancia do traballo feito coa busca de soluci\u00f3ns para a mellora do entorno e a s\u00faa conservaci\u00f3n.<\/p>\n<p><strong>Horario<\/strong><\/p>\n<ul type=\"disc\">\n<li>11.00 &#8211; 14:00<\/li>\n<p>Presentaci\u00f3n do Programa e do Centro.<br \/>\nExplicaci\u00f3n da metodolox\u00eda cient\u00edfica.                                                                  Realizaci\u00f3n de experimentos e recollida de datos.<\/p>\n<li>14:00 &#8211; 15:00<\/li>\n<p>Xantar (por conta dos\/as participantes).<\/p>\n<li>15:00 &#8211; 17:00<\/li>\n<p>Posta en com\u00fan.<br \/>\nXogos did\u00e1cticos.<br \/>\nObtenci\u00f3n de conclusi\u00f3ns.<br \/>\nEntrega de avaliaci\u00f3ns.<\/ul>\n<p align=\"right\">[<a href=\"?page_id=438\">Voltar<\/a>]<\/p>\n","protected":false},"excerpt":{"rendered":"<p>Programa de educaci\u00f3n ambiental para escolares: PROGRAMA 2009 Obxectivos Revalorizar a importancia do co\u00f1ecemento cient\u00edfico para a realizaci\u00f3n de actuaci\u00f3ns conscientes, coherentes e sostibles Evidenciar que, en termos xerais, s\u00f3 se protexe\/conserva o que se co\u00f1ece, e para co\u00f1ecer \u00e9 moitas veces necesario ter unha base cient\u00edfica Espertar a curiosidade das\/dos participantes mediante comprobaci\u00f3ns emp\u00edricas, [&hellip;]<\/p>\n","protected":false},"author":1,"featured_media":0,"parent":438,"menu_order":0,"comment_status":"open","ping_status":"open","template":"","meta":{"jetpack_post_was_ever_published":false,"footnotes":""},"class_list":["post-439","page","type-page","status-publish","hentry"],"jetpack_sharing_enabled":true,"jetpack_shortlink":"https:\/\/wp.me\/P7kmhj-75","_links":{"self":[{"href":"http:\/\/ascorcerizas.com\/central\/060126wp\/wp\/index.php?rest_route=\/wp\/v2\/pages\/439","targetHints":{"allow":["GET"]}}],"collection":[{"href":"http:\/\/ascorcerizas.com\/central\/060126wp\/wp\/index.php?rest_route=\/wp\/v2\/pages"}],"about":[{"href":"http:\/\/ascorcerizas.com\/central\/060126wp\/wp\/index.php?rest_route=\/wp\/v2\/types\/page"}],"author":[{"embeddable":true,"href":"http:\/\/ascorcerizas.com\/central\/060126wp\/wp\/index.php?rest_route=\/wp\/v2\/users\/1"}],"replies":[{"embeddable":true,"href":"http:\/\/ascorcerizas.com\/central\/060126wp\/wp\/index.php?rest_route=%2Fwp%2Fv2%2Fcomments&post=439"}],"version-history":[{"count":0,"href":"http:\/\/ascorcerizas.com\/central\/060126wp\/wp\/index.php?rest_route=\/wp\/v2\/pages\/439\/revisions"}],"up":[{"embeddable":true,"href":"http:\/\/ascorcerizas.com\/central\/060126wp\/wp\/index.php?rest_route=\/wp\/v2\/pages\/438"}],"wp:attachment":[{"href":"http:\/\/ascorcerizas.com\/central\/060126wp\/wp\/index.php?rest_route=%2Fwp%2Fv2%2Fmedia&parent=439"}],"curies":[{"name":"wp","href":"https:\/\/api.w.org\/{rel}","templated":true}]}}

Aplicación de Metodoloxías Científicas para a Conservación do Medio Natural

<p>Programa de educación ambiental para escolares:<br />
<strong>PROGRAMA 2009</strong></p>
<p><strong>Obxectivos</strong></p>
<ul type="disc">
<li>Revalorizar a importancia do coñecemento científico para a      realización de actuacións conscientes, coherentes e sostibles</li>
<li>Evidenciar que, en termos xerais, só se protexe/conserva o que se      coñece, e para coñecer é moitas veces necesario ter unha base científica</li>
<li>Espertar a curiosidade das/dos participantes mediante      comprobacións empíricas, potenciando a imaxinación, a axilidade mental e a      capacidade de crítica</li>
<li>Familiarizar ás/aos participantes coa metodoloxía científica que      se está aplicando para o coñecemento do medio, dunha forma lúdica e      sinxela.</li>
<li>Comprender o funcionamento dos procesos naturais a través da ciencia</li>
<li>Facer conscientes ás/aos participantes das problemáticas      ambientais e da necesidade de conservación, fortalecendo ou creando unha      conciencia ambiental</li>
<li>Dar a coñecer o ecosistema de montaña galego</li>
</ul>
<p><strong>Programa</strong><br />
O programa consiste nunha serie de <strong>xornadas dun día</strong> nas que, mediante a análise e medición científica de parámetros, manexo de datos, experimentos, obradoiros, xogos&#8230;, feitos &#8220;in situ&#8221; e polos/as propios/as participantes, se pretende a consecución dos obxectivos expostos.</p>
<p>Despois dunha breve <strong>explicación</strong> da importancia da metodoloxía científica para a obtención de información sobre o medio, levaremos a cabo a <strong>recollida de datos</strong> mediante a aplicación de protocolos específicos.</p>
<p>Para favorecer a participación de todas/os os integrantes do grupo e representar a aplicación da metodoloxía científica, faremos <strong>grupos de traballo</strong> que abranguen as seguintes temáticas: flora, fauna, solo, auga e atmósfera.</p>
<p>En función da idade, coñecementos previos e as posibilidades climatolóxicas do día, realizaremos unha serie de <strong>actividades e experimentos</strong> en relación con cada unha das temáticas.</p>
<p>A segunda parte da xornada adicarase á posta en común e <strong>obtención de conclusións</strong>. Cada grupo explicará a metodoloxía aplicada e exporá os datos obtidos ao resto das/os participantes. Mediante exemplos, as explicacións dos/as monitores/as e xogos cooperativos de reforzo de contidos (rastros e sinais, residuos, sons da natureza e contaminación acústica, cadea trófica&#8230;), obteremos as conclusións e relacionaremos a importancia do traballo feito coa busca de solucións para a mellora do entorno e a súa conservación.</p>
<p><strong>Horario</strong></p>
<ul type="disc">
<li>11.00 &#8211; 14:00</li>
<p>Presentación do Programa e do Centro.<br />
Explicación da metodoloxía científica.                                                                  Realización de experimentos e recollida de datos.</p>
<li>14:00 &#8211; 15:00</li>
<p>Xantar (por conta dos/as participantes).</p>
<li>15:00 &#8211; 17:00</li>
<p>Posta en común.<br />
Xogos didácticos.<br />
Obtención de conclusións.<br />
Entrega de avaliacións.</ul>
<p align="right">[<a href="?page_id=438">Voltar</a>]</p>

<p>Programa de educación ambiental para escolares: PROGRAMA 2009 Obxectivos Revalorizar a importancia do coñecemento científico para a realización de actuacións conscientes, coherentes e sostibles Evidenciar que, en termos xerais, só se protexe/conserva o que se coñece, e para coñecer é moitas veces necesario ter unha base científica Espertar a curiosidade das/dos participantes mediante comprobacións empíricas, [&hellip;]</p>
