{"id":345,"date":"2008-06-02T16:00:42","date_gmt":"2008-06-02T15:00:42","guid":{"rendered":"http:\/\/www.ascorcerizas.com\/central\/060126wp\/wp\/?page_id=345"},"modified":"2008-08-26T13:06:48","modified_gmt":"2008-08-26T12:06:48","slug":"neste-veran-2008-fins-de-semana-alternativas","status":"publish","type":"page","link":"http:\/\/ascorcerizas.com\/central\/060126wp\/wp\/?page_id=345","title":{"rendered":"Neste ver\u00e1n 2008: Fins de Semana Alternativas"},"content":{"rendered":"<p><strong>2. RUTA INTERPRETATIVA POLA MONTA\u00d1A<\/strong><br \/>\n<strong> Actividades de Ioga e Relaxaci\u00f3n.<\/strong><\/p>\n<p><strong>Datas: <\/strong><strong>do 10 ao 12 de Outubro<\/strong><\/p>\n<p>A Serra de San Mamede resulta un enclave natural \u00fanico para co\u00f1ecer a natureza e os recursos do singular <strong>L.I.C. Macizo Central Ourens\u00e1n (Rede Natura 2000). <\/strong><\/p>\n<p><strong>            <\/strong>O descenso ata Rebordechao discurre entre pastos, carballeiras, e os impo\u00f1entes cumios da Serra de San Mamede. Unha vez no pobo, e \u00e1s veces acompa\u00f1ados\/as polos\/as propios\/as habitantes, poderemos co\u00f1ecer o funcionamento dunha <strong>forxa, un mu\u00ed\u00f1o, as colmeas tradicionais, ou c\u00f3mo se coc\u00eda o pan e a utilidade dos fornos comunais<\/strong>. Tam\u00e9n poderemos disfrutar dun ba\u00f1o no <strong>r\u00edo Arnoia<\/strong>.<\/p>\n<p>Aproveitando o entorno para o descanso e a desconexi\u00f3n do estr\u00e9s xenerado polo incesante ritmo de vida da nosa sociedade, disfrutaremos dunha serie de actividades de <strong>IOGA E RELAXACI\u00d3N<\/strong>. A alimentaci\u00f3n alternativa, elaborada con produtos da agricultura ecol\u00f3xica local e o comercio xusto, e a estancia en edificios feitos baixo criterios de bioconstruci\u00f3n, ser\u00e1n o complemento ideal para esta fin de semana de achegamento vivencial ao entorno.<\/p>\n<p align=\"center\"><strong>[<a href=\"?page_id=342\">VOLTAR &#8211; INSCRICI\u00d3N<\/a>]<\/strong><\/p>\n","protected":false},"excerpt":{"rendered":"<p>2. RUTA INTERPRETATIVA POLA MONTA\u00d1A Actividades de Ioga e Relaxaci\u00f3n. Datas: do 10 ao 12 de Outubro A Serra de San Mamede resulta un enclave natural \u00fanico para co\u00f1ecer a natureza e os recursos do singular L.I.C. Macizo Central Ourens\u00e1n (Rede Natura 2000). O descenso ata Rebordechao discurre entre pastos, carballeiras, e os impo\u00f1entes cumios [&hellip;]<\/p>\n","protected":false},"author":1,"featured_media":0,"parent":342,"menu_order":0,"comment_status":"open","ping_status":"open","template":"","meta":{"jetpack_post_was_ever_published":false,"footnotes":""},"class_list":["post-345","page","type-page","status-publish","hentry"],"jetpack_sharing_enabled":true,"jetpack_shortlink":"https:\/\/wp.me\/P7kmhj-5z","_links":{"self":[{"href":"http:\/\/ascorcerizas.com\/central\/060126wp\/wp\/index.php?rest_route=\/wp\/v2\/pages\/345","targetHints":{"allow":["GET"]}}],"collection":[{"href":"http:\/\/ascorcerizas.com\/central\/060126wp\/wp\/index.php?rest_route=\/wp\/v2\/pages"}],"about":[{"href":"http:\/\/ascorcerizas.com\/central\/060126wp\/wp\/index.php?rest_route=\/wp\/v2\/types\/page"}],"author":[{"embeddable":true,"href":"http:\/\/ascorcerizas.com\/central\/060126wp\/wp\/index.php?rest_route=\/wp\/v2\/users\/1"}],"replies":[{"embeddable":true,"href":"http:\/\/ascorcerizas.com\/central\/060126wp\/wp\/index.php?rest_route=%2Fwp%2Fv2%2Fcomments&post=345"}],"version-history":[{"count":0,"href":"http:\/\/ascorcerizas.com\/central\/060126wp\/wp\/index.php?rest_route=\/wp\/v2\/pages\/345\/revisions"}],"up":[{"embeddable":true,"href":"http:\/\/ascorcerizas.com\/central\/060126wp\/wp\/index.php?rest_route=\/wp\/v2\/pages\/342"}],"wp:attachment":[{"href":"http:\/\/ascorcerizas.com\/central\/060126wp\/wp\/index.php?rest_route=%2Fwp%2Fv2%2Fmedia&parent=345"}],"curies":[{"name":"wp","href":"https:\/\/api.w.org\/{rel}","templated":true}]}}

Neste verán 2008: Fins de Semana Alternativas

<p><strong>2. RUTA INTERPRETATIVA POLA MONTAÑA</strong><br />
<strong> Actividades de Ioga e Relaxación.</strong></p>
<p><strong>Datas: </strong><strong>do 10 ao 12 de Outubro</strong></p>
<p>A Serra de San Mamede resulta un enclave natural único para coñecer a natureza e os recursos do singular <strong>L.I.C. Macizo Central Ourensán (Rede Natura 2000). </strong></p>
<p><strong>            </strong>O descenso ata Rebordechao discurre entre pastos, carballeiras, e os impoñentes cumios da Serra de San Mamede. Unha vez no pobo, e ás veces acompañados/as polos/as propios/as habitantes, poderemos coñecer o funcionamento dunha <strong>forxa, un muíño, as colmeas tradicionais, ou cómo se cocía o pan e a utilidade dos fornos comunais</strong>. Tamén poderemos disfrutar dun baño no <strong>río Arnoia</strong>.</p>
<p>Aproveitando o entorno para o descanso e a desconexión do estrés xenerado polo incesante ritmo de vida da nosa sociedade, disfrutaremos dunha serie de actividades de <strong>IOGA E RELAXACIÓN</strong>. A alimentación alternativa, elaborada con produtos da agricultura ecolóxica local e o comercio xusto, e a estancia en edificios feitos baixo criterios de bioconstrución, serán o complemento ideal para esta fin de semana de achegamento vivencial ao entorno.</p>
<p align="center"><strong>[<a href="?page_id=342">VOLTAR &#8211; INSCRICIÓN</a>]</strong></p>

<p>2. RUTA INTERPRETATIVA POLA MONTAÑA Actividades de Ioga e Relaxación. Datas: do 10 ao 12 de Outubro A Serra de San Mamede resulta un enclave natural único para coñecer a natureza e os recursos do singular L.I.C. Macizo Central Ourensán (Rede Natura 2000). O descenso ata Rebordechao discurre entre pastos, carballeiras, e os impoñentes cumios [&hellip;]</p>
