{"id":332,"date":"2008-06-02T11:05:32","date_gmt":"2008-06-02T10:05:32","guid":{"rendered":"http:\/\/www.ascorcerizas.com\/central\/060126wp\/wp\/?page_id=332"},"modified":"2008-06-02T11:50:53","modified_gmt":"2008-06-02T10:50:53","slug":"campamentos-de-veran-ali","status":"publish","type":"page","link":"http:\/\/ascorcerizas.com\/central\/060126wp\/wp\/?page_id=332","title":{"rendered":"Campamentos de Ver\u00e1n"},"content":{"rendered":"<p><strong>CAMPAMENTOS DE VER\u00c1N AS CORCERIZAS<\/strong><br \/>\nOfrece unha boa alternativa e ver\u00e1s cambiar o mundo<\/p>\n<table class=\"menu-campa\">\n<tr>\n<td><img decoding=\"async\" src=\"http:\/\/www.ascorcerizas.com\/central\/060126wp\/wp\/wp-content\/uploads\/2008\/06\/campamentos_veran_2008.jpg\" alt=\"campamentos_veran_2008.jpg\" \/><\/td>\n<td class=\"letra-pequena\" width=\"100%\">\n<ul>\n<li><a href=\"?page_id=328\" title=\"Proxecto Educativo\">Proxecto Educativo<\/a><\/li>\n<li><a href=\"?page_id=329\" title=\"Obxectivos Educativos\">Obxectivos Educativos<\/a><\/li>\n<li><a href=\"?page_id=330\" title=\"Descrici\u00f3n das Instalaci\u00f3ns\">Descrici\u00f3n das Instalaci\u00f3ns<\/a><\/li>\n<li><a href=\"?page_id=331\" title=\"Equipo T\u00e9cnico\">Equipo T\u00e9cnico<\/a><\/li>\n<li><strong>Alimentaci\u00f3n<\/strong><\/li>\n<li><a href=\"?page_id=333\" title=\"Programa de Actividades\">Programa de Actividades<\/a><\/li>\n<\/ul>\n<\/td>\n<\/tr>\n<\/table>\n<p>Seguindo a pol\u00edtica de sostibilidade que caracteriza ao Centro, as comidas ser\u00e1n preparadas, na medida do posible, con alimentos procedentes da <strong>agricultura ecol\u00f3xica local e comercio xusto<\/strong>. Deste xeito, a parte de servir coma exemplo e demostraci\u00f3n de viabilidade, favorecerase o desenvolvemento das pequenas explotaci\u00f3ns da zona. Ser\u00e1 por tanto, tal e coma temos comprobado en anteriores campamentos, a mellor ferramenta para sensibilizar e concienciar da necesidade de cambiar os nosos h\u00e1bitos alimenticios para o ben da nosa sa\u00fade, o medio ambiente e a prosperidade do rural galego.<\/p>\n","protected":false},"excerpt":{"rendered":"<p>CAMPAMENTOS DE VER\u00c1N AS CORCERIZAS Ofrece unha boa alternativa e ver\u00e1s cambiar o mundo Proxecto Educativo Obxectivos Educativos Descrici\u00f3n das Instalaci\u00f3ns Equipo T\u00e9cnico Alimentaci\u00f3n Programa de Actividades Seguindo a pol\u00edtica de sostibilidade que caracteriza ao Centro, as comidas ser\u00e1n preparadas, na medida do posible, con alimentos procedentes da agricultura ecol\u00f3xica local e comercio xusto. Deste [&hellip;]<\/p>\n","protected":false},"author":1,"featured_media":0,"parent":328,"menu_order":0,"comment_status":"open","ping_status":"open","template":"","meta":{"jetpack_post_was_ever_published":false,"footnotes":""},"class_list":["post-332","page","type-page","status-publish","hentry"],"jetpack_sharing_enabled":true,"jetpack_shortlink":"https:\/\/wp.me\/P7kmhj-5m","_links":{"self":[{"href":"http:\/\/ascorcerizas.com\/central\/060126wp\/wp\/index.php?rest_route=\/wp\/v2\/pages\/332","targetHints":{"allow":["GET"]}}],"collection":[{"href":"http:\/\/ascorcerizas.com\/central\/060126wp\/wp\/index.php?rest_route=\/wp\/v2\/pages"}],"about":[{"href":"http:\/\/ascorcerizas.com\/central\/060126wp\/wp\/index.php?rest_route=\/wp\/v2\/types\/page"}],"author":[{"embeddable":true,"href":"http:\/\/ascorcerizas.com\/central\/060126wp\/wp\/index.php?rest_route=\/wp\/v2\/users\/1"}],"replies":[{"embeddable":true,"href":"http:\/\/ascorcerizas.com\/central\/060126wp\/wp\/index.php?rest_route=%2Fwp%2Fv2%2Fcomments&post=332"}],"version-history":[{"count":0,"href":"http:\/\/ascorcerizas.com\/central\/060126wp\/wp\/index.php?rest_route=\/wp\/v2\/pages\/332\/revisions"}],"up":[{"embeddable":true,"href":"http:\/\/ascorcerizas.com\/central\/060126wp\/wp\/index.php?rest_route=\/wp\/v2\/pages\/328"}],"wp:attachment":[{"href":"http:\/\/ascorcerizas.com\/central\/060126wp\/wp\/index.php?rest_route=%2Fwp%2Fv2%2Fmedia&parent=332"}],"curies":[{"name":"wp","href":"https:\/\/api.w.org\/{rel}","templated":true}]}}

Campamentos de Verán

<p><strong>CAMPAMENTOS DE VERÁN AS CORCERIZAS</strong><br />
Ofrece unha boa alternativa e verás cambiar o mundo</p>
<table class="menu-campa">
<tr>
<td><img decoding="async" src="http://www.ascorcerizas.com/central/060126wp/wp/wp-content/uploads/2008/06/campamentos_veran_2008.jpg" alt="campamentos_veran_2008.jpg" /></td>
<td class="letra-pequena" width="100%">
<ul>
<li><a href="?page_id=328" title="Proxecto Educativo">Proxecto Educativo</a></li>
<li><a href="?page_id=329" title="Obxectivos Educativos">Obxectivos Educativos</a></li>
<li><a href="?page_id=330" title="Descrición das Instalacións">Descrición das Instalacións</a></li>
<li><a href="?page_id=331" title="Equipo Técnico">Equipo Técnico</a></li>
<li><strong>Alimentación</strong></li>
<li><a href="?page_id=333" title="Programa de Actividades">Programa de Actividades</a></li>
</ul>
</td>
</tr>
</table>
<p>Seguindo a política de sostibilidade que caracteriza ao Centro, as comidas serán preparadas, na medida do posible, con alimentos procedentes da <strong>agricultura ecolóxica local e comercio xusto</strong>. Deste xeito, a parte de servir coma exemplo e demostración de viabilidade, favorecerase o desenvolvemento das pequenas explotacións da zona. Será por tanto, tal e coma temos comprobado en anteriores campamentos, a mellor ferramenta para sensibilizar e concienciar da necesidade de cambiar os nosos hábitos alimenticios para o ben da nosa saúde, o medio ambiente e a prosperidade do rural galego.</p>

<p>CAMPAMENTOS DE VERÁN AS CORCERIZAS Ofrece unha boa alternativa e verás cambiar o mundo Proxecto Educativo Obxectivos Educativos Descrición das Instalacións Equipo Técnico Alimentación Programa de Actividades Seguindo a política de sostibilidade que caracteriza ao Centro, as comidas serán preparadas, na medida do posible, con alimentos procedentes da agricultura ecolóxica local e comercio xusto. Deste [&hellip;]</p>
