{"id":331,"date":"2008-06-02T11:03:50","date_gmt":"2008-06-02T10:03:50","guid":{"rendered":"http:\/\/www.ascorcerizas.com\/central\/060126wp\/wp\/?page_id=331"},"modified":"2008-06-02T11:50:23","modified_gmt":"2008-06-02T10:50:23","slug":"campamentos-de-veran-3","status":"publish","type":"page","link":"http:\/\/ascorcerizas.com\/central\/060126wp\/wp\/?page_id=331","title":{"rendered":"Campamentos de Ver\u00e1n"},"content":{"rendered":"<p><strong>CAMPAMENTOS DE VER\u00c1N AS CORCERIZAS<\/strong><br \/>\nOfrece unha boa alternativa e ver\u00e1s cambiar o mundo<\/p>\n<table class=\"menu-campa\">\n<tr>\n<td><img decoding=\"async\" src=\"http:\/\/www.ascorcerizas.com\/central\/060126wp\/wp\/wp-content\/uploads\/2008\/06\/campamentos_veran_2008.jpg\" alt=\"campamentos_veran_2008.jpg\" \/><\/td>\n<td class=\"letra-pequena\" width=\"100%\">\n<ul>\n<li><a href=\"?page_id=328\" title=\"Proxecto Educativo\">Proxecto Educativo<\/a><\/li>\n<li><a href=\"?page_id=329\" title=\"Obxectivos Educativos\">Obxectivos Educativos<\/a><\/li>\n<li><a href=\"?page_id=330\" title=\"Descrici\u00f3n das Instalaci\u00f3ns\">Descrici\u00f3n das Instalaci\u00f3ns<\/a><\/li>\n<li><strong>Equipo T\u00e9cnico<\/strong><\/li>\n<li><a href=\"?page_id=332\" title=\"Alimentaci\u00f3n\">Alimentaci\u00f3n<\/a><\/li>\n<li><a href=\"?page_id=333\" title=\"Programa de Actividades\">Programa de Actividades<\/a><\/li>\n<\/ul>\n<\/td>\n<\/tr>\n<\/table>\n<p>Amigos da Terra conta cun equipo con ampla <strong>experiencia e cualificaci\u00f3n<\/strong>. A s\u00faa longa traxectoria en temas de educaci\u00f3n, formaci\u00f3n, animaci\u00f3n e divulgaci\u00f3n, aportan a confianza necesaria que garante un <strong>campamento de alta calidade<\/strong>; onde os\/as participantes adquirir\u00e1n co\u00f1ecementos e actitudes de xeito informal, que os capacitar\u00e1n para vivir con coherencia e respecto nunha sociedade de futuro.<\/p>\n<p>Tomando como referencia o Decreto 50\/2000, as nosas actividades desenvolveranse cun ratio de <strong>1 monitor\/a por cada 10-12 participantes<\/strong>, un\/unha director\/a e, un\/unha socorrista titulado\/a cando a actividade o requira. Cumprindo coas esixencias legais o equipo educativo est\u00e1 constitu\u00eddo por persoal titulado, acreditando formaci\u00f3n en materia de medio ambiente, educaci\u00f3n e ocio e tempo libre; contando cunha ampla experiencia en campamentos, campos de traballo, actividades extraescolares, educaci\u00f3n ambiental, etc.<\/p>\n","protected":false},"excerpt":{"rendered":"<p>CAMPAMENTOS DE VER\u00c1N AS CORCERIZAS Ofrece unha boa alternativa e ver\u00e1s cambiar o mundo Proxecto Educativo Obxectivos Educativos Descrici\u00f3n das Instalaci\u00f3ns Equipo T\u00e9cnico Alimentaci\u00f3n Programa de Actividades Amigos da Terra conta cun equipo con ampla experiencia e cualificaci\u00f3n. A s\u00faa longa traxectoria en temas de educaci\u00f3n, formaci\u00f3n, animaci\u00f3n e divulgaci\u00f3n, aportan a confianza necesaria que [&hellip;]<\/p>\n","protected":false},"author":1,"featured_media":0,"parent":328,"menu_order":0,"comment_status":"open","ping_status":"open","template":"","meta":{"jetpack_post_was_ever_published":false,"footnotes":""},"class_list":["post-331","page","type-page","status-publish","hentry"],"jetpack_sharing_enabled":true,"jetpack_shortlink":"https:\/\/wp.me\/P7kmhj-5l","_links":{"self":[{"href":"http:\/\/ascorcerizas.com\/central\/060126wp\/wp\/index.php?rest_route=\/wp\/v2\/pages\/331","targetHints":{"allow":["GET"]}}],"collection":[{"href":"http:\/\/ascorcerizas.com\/central\/060126wp\/wp\/index.php?rest_route=\/wp\/v2\/pages"}],"about":[{"href":"http:\/\/ascorcerizas.com\/central\/060126wp\/wp\/index.php?rest_route=\/wp\/v2\/types\/page"}],"author":[{"embeddable":true,"href":"http:\/\/ascorcerizas.com\/central\/060126wp\/wp\/index.php?rest_route=\/wp\/v2\/users\/1"}],"replies":[{"embeddable":true,"href":"http:\/\/ascorcerizas.com\/central\/060126wp\/wp\/index.php?rest_route=%2Fwp%2Fv2%2Fcomments&post=331"}],"version-history":[{"count":0,"href":"http:\/\/ascorcerizas.com\/central\/060126wp\/wp\/index.php?rest_route=\/wp\/v2\/pages\/331\/revisions"}],"up":[{"embeddable":true,"href":"http:\/\/ascorcerizas.com\/central\/060126wp\/wp\/index.php?rest_route=\/wp\/v2\/pages\/328"}],"wp:attachment":[{"href":"http:\/\/ascorcerizas.com\/central\/060126wp\/wp\/index.php?rest_route=%2Fwp%2Fv2%2Fmedia&parent=331"}],"curies":[{"name":"wp","href":"https:\/\/api.w.org\/{rel}","templated":true}]}}

Campamentos de Verán

<p><strong>CAMPAMENTOS DE VERÁN AS CORCERIZAS</strong><br />
Ofrece unha boa alternativa e verás cambiar o mundo</p>
<table class="menu-campa">
<tr>
<td><img decoding="async" src="http://www.ascorcerizas.com/central/060126wp/wp/wp-content/uploads/2008/06/campamentos_veran_2008.jpg" alt="campamentos_veran_2008.jpg" /></td>
<td class="letra-pequena" width="100%">
<ul>
<li><a href="?page_id=328" title="Proxecto Educativo">Proxecto Educativo</a></li>
<li><a href="?page_id=329" title="Obxectivos Educativos">Obxectivos Educativos</a></li>
<li><a href="?page_id=330" title="Descrición das Instalacións">Descrición das Instalacións</a></li>
<li><strong>Equipo Técnico</strong></li>
<li><a href="?page_id=332" title="Alimentación">Alimentación</a></li>
<li><a href="?page_id=333" title="Programa de Actividades">Programa de Actividades</a></li>
</ul>
</td>
</tr>
</table>
<p>Amigos da Terra conta cun equipo con ampla <strong>experiencia e cualificación</strong>. A súa longa traxectoria en temas de educación, formación, animación e divulgación, aportan a confianza necesaria que garante un <strong>campamento de alta calidade</strong>; onde os/as participantes adquirirán coñecementos e actitudes de xeito informal, que os capacitarán para vivir con coherencia e respecto nunha sociedade de futuro.</p>
<p>Tomando como referencia o Decreto 50/2000, as nosas actividades desenvolveranse cun ratio de <strong>1 monitor/a por cada 10-12 participantes</strong>, un/unha director/a e, un/unha socorrista titulado/a cando a actividade o requira. Cumprindo coas esixencias legais o equipo educativo está constituído por persoal titulado, acreditando formación en materia de medio ambiente, educación e ocio e tempo libre; contando cunha ampla experiencia en campamentos, campos de traballo, actividades extraescolares, educación ambiental, etc.</p>

<p>CAMPAMENTOS DE VERÁN AS CORCERIZAS Ofrece unha boa alternativa e verás cambiar o mundo Proxecto Educativo Obxectivos Educativos Descrición das Instalacións Equipo Técnico Alimentación Programa de Actividades Amigos da Terra conta cun equipo con ampla experiencia e cualificación. A súa longa traxectoria en temas de educación, formación, animación e divulgación, aportan a confianza necesaria que [&hellip;]</p>
