{"id":328,"date":"2008-06-02T10:22:19","date_gmt":"2008-06-02T09:22:19","guid":{"rendered":"http:\/\/www.ascorcerizas.com\/central\/060126wp\/wp\/?page_id=328"},"modified":"2009-04-03T21:42:37","modified_gmt":"2009-04-03T20:42:37","slug":"campamentos-de-veran","status":"publish","type":"page","link":"http:\/\/ascorcerizas.com\/central\/060126wp\/wp\/?page_id=328","title":{"rendered":"Campamentos de Ver\u00e1n"},"content":{"rendered":"<p><strong>CAMPAMENTOS DE VER\u00c1N AS CORCERIZAS<\/strong><br \/>\nOfrece unha boa alternativa e ver\u00e1s cambiar o mundo<\/p>\n<table class=\"menu-campa\">\n<tr>\n<td><img decoding=\"async\" src=\"http:\/\/www.ascorcerizas.com\/central\/060126wp\/wp\/wp-content\/uploads\/2008\/06\/campamentos_veran_2008.jpg\" alt=\"campamentos_veran_2008.jpg\" \/><\/td>\n<td class=\"letra-pequena\" width=\"100%\">\n<ul>\n<li><strong>Proxecto Educativo<\/strong><\/li>\n<li><a href=\"?page_id=329\" title=\"Obxectivos Educativos\">Obxectivos Educativos<\/a><\/li>\n<li><a href=\"?page_id=330\" title=\"Descrici\u00f3n das Instalaci\u00f3ns\">Descrici\u00f3n das Instalaci\u00f3ns<\/a><\/li>\n<li><a href=\"?page_id=331\" title=\"Equipo T\u00e9cnico\">Equipo T\u00e9cnico<\/a><\/li>\n<li><a href=\"?page_id=332\" title=\"Alimentaci\u00f3n\">Alimentaci\u00f3n<\/a><\/li>\n<li><a href=\"?page_id=333\" title=\"Programa de Actividades\">Programa de Actividades<\/a><\/li>\n<\/ul>\n<\/td>\n<\/tr>\n<\/table>\n<p><strong>O proxecto educativo <\/strong>que desenvolve <strong>Amigos da Terra<\/strong> en As Corcerizas, \u00e9 unha aposta seria e contrastada por unha Educaci\u00f3n Ambiental de calidade, non soamente en base a aportar informaci\u00f3n sen\u00f3n tam\u00e9n, e sobre todo, a proporcionar <strong>experiencias directas e persoais<\/strong> que impliquen aos e \u00e1s participantes na problem\u00e1tica ambiental; e que se traduzan en comportamentos e actitudes responsables para ser parte da s\u00faa soluci\u00f3n, na busca dunha sociedade baseada nos principios da sostibilidade.<\/p>\n<p>Ao longo do Campamento, desenvolveranse as actividades de achegamento \u00e1 natureza cun dobre car\u00e1cter: de serio compromiso \u00e9tico e cunha metodolox\u00eda l\u00fadica e motivadora; proporcionando unha educaci\u00f3n e informaci\u00f3n de calidade, veraz e adecuada ao grupo.<\/p>\n<p>Fomentarase o disfrute e o traballo en equipo, ofrecendo ademais a posibilidade de que varias das actividades e obradoiros sexan desenvolvidos en outra lingua (<strong>ingl\u00e9s ou franc\u00e9s<\/strong>), inpartidos por monitores\/as nativos\/as, adapt\u00e1ndose ao nivel de cada participante. Convert\u00edndose as\u00ed, nunha experiencia a\u00ednda m\u00e1is enriquecedora.<\/p>\n","protected":false},"excerpt":{"rendered":"<p>CAMPAMENTOS DE VER\u00c1N AS CORCERIZAS Ofrece unha boa alternativa e ver\u00e1s cambiar o mundo Proxecto Educativo Obxectivos Educativos Descrici\u00f3n das Instalaci\u00f3ns Equipo T\u00e9cnico Alimentaci\u00f3n Programa de Actividades O proxecto educativo que desenvolve Amigos da Terra en As Corcerizas, \u00e9 unha aposta seria e contrastada por unha Educaci\u00f3n Ambiental de calidade, non soamente en base a [&hellip;]<\/p>\n","protected":false},"author":1,"featured_media":0,"parent":214,"menu_order":0,"comment_status":"open","ping_status":"open","template":"","meta":{"jetpack_post_was_ever_published":false,"footnotes":""},"class_list":["post-328","page","type-page","status-publish","hentry"],"jetpack_sharing_enabled":true,"jetpack_shortlink":"https:\/\/wp.me\/P7kmhj-5i","_links":{"self":[{"href":"http:\/\/ascorcerizas.com\/central\/060126wp\/wp\/index.php?rest_route=\/wp\/v2\/pages\/328","targetHints":{"allow":["GET"]}}],"collection":[{"href":"http:\/\/ascorcerizas.com\/central\/060126wp\/wp\/index.php?rest_route=\/wp\/v2\/pages"}],"about":[{"href":"http:\/\/ascorcerizas.com\/central\/060126wp\/wp\/index.php?rest_route=\/wp\/v2\/types\/page"}],"author":[{"embeddable":true,"href":"http:\/\/ascorcerizas.com\/central\/060126wp\/wp\/index.php?rest_route=\/wp\/v2\/users\/1"}],"replies":[{"embeddable":true,"href":"http:\/\/ascorcerizas.com\/central\/060126wp\/wp\/index.php?rest_route=%2Fwp%2Fv2%2Fcomments&post=328"}],"version-history":[{"count":0,"href":"http:\/\/ascorcerizas.com\/central\/060126wp\/wp\/index.php?rest_route=\/wp\/v2\/pages\/328\/revisions"}],"up":[{"embeddable":true,"href":"http:\/\/ascorcerizas.com\/central\/060126wp\/wp\/index.php?rest_route=\/wp\/v2\/pages\/214"}],"wp:attachment":[{"href":"http:\/\/ascorcerizas.com\/central\/060126wp\/wp\/index.php?rest_route=%2Fwp%2Fv2%2Fmedia&parent=328"}],"curies":[{"name":"wp","href":"https:\/\/api.w.org\/{rel}","templated":true}]}}

Campamentos de Verán

<p><strong>CAMPAMENTOS DE VERÁN AS CORCERIZAS</strong><br />
Ofrece unha boa alternativa e verás cambiar o mundo</p>
<table class="menu-campa">
<tr>
<td><img decoding="async" src="http://www.ascorcerizas.com/central/060126wp/wp/wp-content/uploads/2008/06/campamentos_veran_2008.jpg" alt="campamentos_veran_2008.jpg" /></td>
<td class="letra-pequena" width="100%">
<ul>
<li><strong>Proxecto Educativo</strong></li>
<li><a href="?page_id=329" title="Obxectivos Educativos">Obxectivos Educativos</a></li>
<li><a href="?page_id=330" title="Descrición das Instalacións">Descrición das Instalacións</a></li>
<li><a href="?page_id=331" title="Equipo Técnico">Equipo Técnico</a></li>
<li><a href="?page_id=332" title="Alimentación">Alimentación</a></li>
<li><a href="?page_id=333" title="Programa de Actividades">Programa de Actividades</a></li>
</ul>
</td>
</tr>
</table>
<p><strong>O proxecto educativo </strong>que desenvolve <strong>Amigos da Terra</strong> en As Corcerizas, é unha aposta seria e contrastada por unha Educación Ambiental de calidade, non soamente en base a aportar información senón tamén, e sobre todo, a proporcionar <strong>experiencias directas e persoais</strong> que impliquen aos e ás participantes na problemática ambiental; e que se traduzan en comportamentos e actitudes responsables para ser parte da súa solución, na busca dunha sociedade baseada nos principios da sostibilidade.</p>
<p>Ao longo do Campamento, desenvolveranse as actividades de achegamento á natureza cun dobre carácter: de serio compromiso ético e cunha metodoloxía lúdica e motivadora; proporcionando unha educación e información de calidade, veraz e adecuada ao grupo.</p>
<p>Fomentarase o disfrute e o traballo en equipo, ofrecendo ademais a posibilidade de que varias das actividades e obradoiros sexan desenvolvidos en outra lingua (<strong>inglés ou francés</strong>), inpartidos por monitores/as nativos/as, adaptándose ao nivel de cada participante. Convertíndose así, nunha experiencia aínda máis enriquecedora.</p>

<p>CAMPAMENTOS DE VERÁN AS CORCERIZAS Ofrece unha boa alternativa e verás cambiar o mundo Proxecto Educativo Obxectivos Educativos Descrición das Instalacións Equipo Técnico Alimentación Programa de Actividades O proxecto educativo que desenvolve Amigos da Terra en As Corcerizas, é unha aposta seria e contrastada por unha Educación Ambiental de calidade, non soamente en base a [&hellip;]</p>
