{"id":238,"date":"2007-09-20T17:30:30","date_gmt":"2007-09-20T16:30:30","guid":{"rendered":"http:\/\/www.ascorcerizas.com\/central\/060126wp\/wp\/?page_id=238"},"modified":"2007-09-21T09:40:55","modified_gmt":"2007-09-21T08:40:55","slug":"m","status":"publish","type":"page","link":"http:\/\/ascorcerizas.com\/central\/060126wp\/wp\/?page_id=238","title":{"rendered":"Programa de educaci\u00f3n ambiental para escolares: Sentir, Co\u00f1ecer, Actuar"},"content":{"rendered":"<blockquote><p>Propostas de diferentes xornadas tem\u00e1ticas:<br \/>\n<strong>M\u00fasica e Medioambiente: <u>A M\u00fasica das Monta\u00f1as Galegas<\/u><\/strong><\/p><\/blockquote>\n<p>A expresi\u00f3n a trav\u00e9s da m\u00fasica, o co\u00f1ecemento de instrumentos e as mensaxes sonoras que nos fai chegar a natureza e que a mi\u00fado pasan desapercibidas, faranse presentes nestas xornadas nas que adem\u00e1is de co\u00f1ocementos, os participantes adquirir\u00e1n novas actitudes, aptitudes e capacidades.<\/p>\n<p><strong>Obxectivos:<\/strong><\/p>\n<ul>\n<li>Sensibilizar aos\/\u00e1s participantes nun achegamento e unha percepci\u00f3n do medio natural a trav\u00e9s dos sentidos.<\/li>\n<\/ul>\n<ul>\n<li>Facer conscientes aos\/\u00e1s participantes da existencia da Contaminaci\u00f3n ac\u00fastica na nosa vida coti\u00e1 e descubrir os sons reais da natureza.<\/li>\n<\/ul>\n<ul>\n<li>Facer visible ao ser humano como un integrante m\u00e1is do ecosistema.<\/li>\n<\/ul>\n<ul>\n<li>Potenciar a imaxinaci\u00f3n e a creatividade dos\/as escolares a trav\u00e9s da reciclaxe e a m\u00fasica.<\/li>\n<\/ul>\n<ul>\n<li>Revelar aos recursos naturais como elementos inspiradores.<\/li>\n<\/ul>\n<p><strong>Proposta:<\/strong><br \/>\nPara o desenvolvemento desta proposta contaremos coa colaboraci\u00f3n do <strong>Conservatorio de M\u00fasica Tradicional e Folque de Lal\u00edn<\/strong>. Despois dunha pequena presentaci\u00f3n, a xornada comezar\u00e1 coa actividade  <strong>Sentir, co\u00f1ecer e actuar<\/strong>: propiciarase o achegamento multisensorial ao entorno inmediato das instalaci\u00f3ns co obxectivo de favorecer o re-enraizamento dos\/as participantes co entorno natural circundante e propiciar unha apropiaci\u00f3n afectiva do mesmo.<\/p>\n<p>Despois continuar\u00e1 cun xogo de <strong>Sensibilizaci\u00f3n e percepci\u00f3n da paisaxe sonora<\/strong>. A finalidade \u00e9 o desenvolvemento da percepci\u00f3n global do medio a trav\u00e9s do ouvido, un sentido tan desenvolto no humano coma saturado pola avalancha coti\u00e1 de sons&#8230; ou ruidos.<\/p>\n<p>A xornada rematar\u00e1 cun <strong>obradoiro musical<\/strong> a elexir seg\u00fan as caracter\u00edsticas do grupo:<\/p>\n<p><strong>Cantos Gaia.<\/strong><br \/>\nOllando, disfrutando, escoitando, compo\u00f1endo e co\u00f1ecendo cantos da natureza, dende ela ou por ela. E, coma non, sentindo e bailando os seus ritmos, a s\u00faa pulsaci\u00f3n.<\/p>\n<blockquote><p><strong>Destinatarios\/as:<\/strong> a partir de 1\u00ba de Primaria<\/p><\/blockquote>\n<p><strong>Composici\u00f3n por ordenador.<\/strong><br \/>\nImprovisaci\u00f3n e composici\u00f3n de fraseos musicais, ambientes sonoros, con sons humanos e da natureza. Grabaci\u00f3n dun cd \u201cin situ\u201d: Os laios da natureza do s\u00e9culo XXI.<\/p>\n<blockquote><p><strong>Destinatarios\/as:<\/strong> a partir de 1\u00ba de Primaria<\/p><\/blockquote>\n<p><strong>Construci\u00f3n de instrumentos populares. \/ Reciclaxe Musical.<\/strong><br \/>\nConstruci\u00f3n de instrumentos de corda, vento e percusi\u00f3n para co\u00f1ecer e desenvolver distintas formas sonoras\/ Introduci\u00f3n nos ritmos e instrumentos da popular music. Reciclaxe musical de desfeitos pl\u00e1sticos.<\/p>\n<blockquote><p><strong>Destinatarios\/as:<\/strong> de 3\u00ba a 6\u00ba de Primaria<\/p><\/blockquote>\n<p align=\"right\">[<strong><a title=\"Sentir, Co\u00f1ecer, Actuar.\" href=\"http:\/\/www.ascorcerizas.com\/central\/060126wp\/wp\/?page_id=237\">Voltar<\/a><\/strong>]<\/p>\n","protected":false},"excerpt":{"rendered":"<p>Propostas de diferentes xornadas tem\u00e1ticas: M\u00fasica e Medioambiente: A M\u00fasica das Monta\u00f1as Galegas A expresi\u00f3n a trav\u00e9s da m\u00fasica, o co\u00f1ecemento de instrumentos e as mensaxes sonoras que nos fai chegar a natureza e que a mi\u00fado pasan desapercibidas, faranse presentes nestas xornadas nas que adem\u00e1is de co\u00f1ocementos, os participantes adquirir\u00e1n novas actitudes, aptitudes e [&hellip;]<\/p>\n","protected":false},"author":1,"featured_media":0,"parent":237,"menu_order":0,"comment_status":"open","ping_status":"open","template":"","meta":{"jetpack_post_was_ever_published":false,"footnotes":""},"class_list":["post-238","page","type-page","status-publish","hentry"],"jetpack_sharing_enabled":true,"jetpack_shortlink":"https:\/\/wp.me\/P7kmhj-3Q","_links":{"self":[{"href":"http:\/\/ascorcerizas.com\/central\/060126wp\/wp\/index.php?rest_route=\/wp\/v2\/pages\/238","targetHints":{"allow":["GET"]}}],"collection":[{"href":"http:\/\/ascorcerizas.com\/central\/060126wp\/wp\/index.php?rest_route=\/wp\/v2\/pages"}],"about":[{"href":"http:\/\/ascorcerizas.com\/central\/060126wp\/wp\/index.php?rest_route=\/wp\/v2\/types\/page"}],"author":[{"embeddable":true,"href":"http:\/\/ascorcerizas.com\/central\/060126wp\/wp\/index.php?rest_route=\/wp\/v2\/users\/1"}],"replies":[{"embeddable":true,"href":"http:\/\/ascorcerizas.com\/central\/060126wp\/wp\/index.php?rest_route=%2Fwp%2Fv2%2Fcomments&post=238"}],"version-history":[{"count":0,"href":"http:\/\/ascorcerizas.com\/central\/060126wp\/wp\/index.php?rest_route=\/wp\/v2\/pages\/238\/revisions"}],"up":[{"embeddable":true,"href":"http:\/\/ascorcerizas.com\/central\/060126wp\/wp\/index.php?rest_route=\/wp\/v2\/pages\/237"}],"wp:attachment":[{"href":"http:\/\/ascorcerizas.com\/central\/060126wp\/wp\/index.php?rest_route=%2Fwp%2Fv2%2Fmedia&parent=238"}],"curies":[{"name":"wp","href":"https:\/\/api.w.org\/{rel}","templated":true}]}}

Programa de educación ambiental para escolares: Sentir, Coñecer, Actuar

<blockquote><p>Propostas de diferentes xornadas temáticas:<br />
<strong>Música e Medioambiente: <u>A Música das Montañas Galegas</u></strong></p></blockquote>
<p>A expresión a través da música, o coñecemento de instrumentos e as mensaxes sonoras que nos fai chegar a natureza e que a miúdo pasan desapercibidas, faranse presentes nestas xornadas nas que ademáis de coñocementos, os participantes adquirirán novas actitudes, aptitudes e capacidades.</p>
<p><strong>Obxectivos:</strong></p>
<ul>
<li>Sensibilizar aos/ás participantes nun achegamento e unha percepción do medio natural a través dos sentidos.</li>
</ul>
<ul>
<li>Facer conscientes aos/ás participantes da existencia da Contaminación acústica na nosa vida cotiá e descubrir os sons reais da natureza.</li>
</ul>
<ul>
<li>Facer visible ao ser humano como un integrante máis do ecosistema.</li>
</ul>
<ul>
<li>Potenciar a imaxinación e a creatividade dos/as escolares a través da reciclaxe e a música.</li>
</ul>
<ul>
<li>Revelar aos recursos naturais como elementos inspiradores.</li>
</ul>
<p><strong>Proposta:</strong><br />
Para o desenvolvemento desta proposta contaremos coa colaboración do <strong>Conservatorio de Música Tradicional e Folque de Lalín</strong>. Despois dunha pequena presentación, a xornada comezará coa actividade  <strong>Sentir, coñecer e actuar</strong>: propiciarase o achegamento multisensorial ao entorno inmediato das instalacións co obxectivo de favorecer o re-enraizamento dos/as participantes co entorno natural circundante e propiciar unha apropiación afectiva do mesmo.</p>
<p>Despois continuará cun xogo de <strong>Sensibilización e percepción da paisaxe sonora</strong>. A finalidade é o desenvolvemento da percepción global do medio a través do ouvido, un sentido tan desenvolto no humano coma saturado pola avalancha cotiá de sons&#8230; ou ruidos.</p>
<p>A xornada rematará cun <strong>obradoiro musical</strong> a elexir según as características do grupo:</p>
<p><strong>Cantos Gaia.</strong><br />
Ollando, disfrutando, escoitando, compoñendo e coñecendo cantos da natureza, dende ela ou por ela. E, coma non, sentindo e bailando os seus ritmos, a súa pulsación.</p>
<blockquote><p><strong>Destinatarios/as:</strong> a partir de 1º de Primaria</p></blockquote>
<p><strong>Composición por ordenador.</strong><br />
Improvisación e composición de fraseos musicais, ambientes sonoros, con sons humanos e da natureza. Grabación dun cd “in situ”: Os laios da natureza do século XXI.</p>
<blockquote><p><strong>Destinatarios/as:</strong> a partir de 1º de Primaria</p></blockquote>
<p><strong>Construción de instrumentos populares. / Reciclaxe Musical.</strong><br />
Construción de instrumentos de corda, vento e percusión para coñecer e desenvolver distintas formas sonoras/ Introdución nos ritmos e instrumentos da popular music. Reciclaxe musical de desfeitos plásticos.</p>
<blockquote><p><strong>Destinatarios/as:</strong> de 3º a 6º de Primaria</p></blockquote>
<p align="right">[<strong><a title="Sentir, Coñecer, Actuar." href="http://www.ascorcerizas.com/central/060126wp/wp/?page_id=237">Voltar</a></strong>]</p>

<p>Propostas de diferentes xornadas temáticas: Música e Medioambiente: A Música das Montañas Galegas A expresión a través da música, o coñecemento de instrumentos e as mensaxes sonoras que nos fai chegar a natureza e que a miúdo pasan desapercibidas, faranse presentes nestas xornadas nas que ademáis de coñocementos, os participantes adquirirán novas actitudes, aptitudes e [&hellip;]</p>
