{"id":208,"date":"2007-05-24T18:41:50","date_gmt":"2007-05-24T17:41:50","guid":{"rendered":"http:\/\/www.ascorcerizas.com\/central\/060126wp\/wp\/?page_id=208"},"modified":"2007-05-24T20:52:20","modified_gmt":"2007-05-24T19:52:20","slug":"ii-andaina-pola-defensa-do-bidueiral-de-montederramo","status":"publish","type":"page","link":"http:\/\/ascorcerizas.com\/central\/060126wp\/wp\/?page_id=208","title":{"rendered":"II Andaina pola Defensa do Bidueiral de Montederramo"},"content":{"rendered":"<p>Nos <strong>dous d\u00edas de andaina por San Mamede<\/strong> emboscaremonos nesta serra m\u00edtica, chea de lendas e de historia (homes lobo, refuxio de guerrilleiros, fadas, trasnos, carboeiros\u2026).<br \/>\nPoderemos observar boas e m\u00e1s pr\u00e1cticas nos ecosistemas que acolle a serra, o efecto pernicioso de lumes continuados, proliferaci\u00f3n de pistas forestais, erosi\u00f3n, construcci\u00f3ns de todo tipo\u2026 Introducir\u00e9monos na fraga mellor conservada da provincia de Ourense,  \u201co Bidueiral de Montederramo\u201d, ecosistema que corre o <strong>risco de desaparecer por unha irracional \u201cexplotaci\u00f3n cinex\u00e9tica intensiva\u201d.<\/strong><\/p>\n<p><strong>Salvemos o Bidueiral!!<\/strong><\/p>\n<p><img decoding=\"async\" alt=\"Salvemos o Bidueiral\" src=\"http:\/\/www.ascorcerizas.com\/central\/060126wp\/wp\/wp-content\/images_2006\/cartaz-comite-bidueiral.jpg\" \/><\/p>\n<p><strong>Horario:<\/strong><\/p>\n<ul><u>S\u00e1bado 11<\/u><\/ul>\n<p>10:00 h. Sa\u00edda de Ourense en autob\u00fas dende o Parque San L\u00e1zaro.<\/p>\n<p>11:30 h. Rebordechao (Vilar de Barrio). visita ao lugar e o seu conxunto etnogr\u00e1fico (forxa, forno, mui\u00f1o, taberna\u2026).<br \/>\n13:00 h. Rebordechao &#8211; As Corcerizas (Serra de San Mamede). Nas Corcerizas co\u00f1eceremos a realidade das enerx\u00edas renovables e da bioconstrucci\u00f3n (todo o centro funciona baixo estes criterios sustentables).<br \/>\n20:00 h. Cea no Albergue das Corcerizas con xogos, m\u00fasica, contacontos, queimada, sorpresas\u2026 (Dormimos no albergue) Hai auga quente, litera. S\u00f3 precisas levar saco de durmir, toallas e chanclas.<\/p>\n<ul><u>Domingo 12<\/u><\/ul>\n<p>09:00 h. Almorzo.<br \/>\n10:00 h. As Corcerizas &#8211; Fonte do Santo &#8211; Bidueiral de Montederramo<br \/>\n13:30 h. Xantar no Bidueiral (merendeiro do Campo do Casal)<br \/>\n15:30 h. Campo do Casal &#8211;  A Mogainza (Montederramo)<br \/>\n17:30 h. Volta en autob\u00fas dende A Mogainza cara Ourense<\/p>\n<p><strong>Dificuldade<\/strong>: media-baixa. Consellos: calzado c\u00f3modo, roupa de abrigo, impermeable por se chove, algo de comida para o roteiro do s\u00e1bado. Non esquezas o saco de durmir, c\u00e1mara de fotos, video (imos a facer unha exposici\u00f3n sobre a situaci\u00f3n deste ecosistema e sobre a andaina).<\/p>\n<p><strong>Prezo<\/strong> da viaxe en autob\u00fas dende Ourense (ida e volta), cea, almorzo, xantar, albergue e<br \/>\nas actividades programadas para os dous d\u00edas 35 e \u00b7 Actividades un s\u00f3 d\u00eda 10 e<br \/>\nIngreso da inscrici\u00f3n antes do d\u00eda 7 de febreiro na conta:<br \/>\nCaixa Galicia 2091 0450 41 3040043331 concepto: CDMG \u201cnome da persoa que fai a reserva&#8221;.<\/p>\n<p>___________________________________________________________<\/p>\n<p>A Asamblea Xeral das Naci\u00f3ns Unidas declarou o 2006 como \u201c<strong>Ano Internacional dos Desertos e a Desertificaci\u00f3n\u201d <\/strong>como parte de acci\u00f3ns para incrementar a conciencia da cidadan\u00eda para evitar os problemas ambientais que sigan facendo avanzar a desertificaci\u00f3n.<br \/>\nHoxe tristemente a\u00ednda non nos decatamos que estamos a ser afectados directamente por actuaci\u00f3ns neglixentes (incendios, contaminaci\u00f3n, uso abusivo do solo, explotaci\u00f3n irracional de recursos\u2026). \u00c9 preciso realizar esforzos com\u00fans para evitar unha agon\u00eda anunciada.<br \/>\n<strong>\u201cPensa globalmente, act\u00faa localmente\u201d<\/strong><\/p>\n<p><ins datetime=\"2006-02-01T10:49:47+00:00\">\u00c9 preciso ent\u00f3n:<\/ins><br \/>\nA<strong> implicaci\u00f3n das Administraci\u00f3ns P\u00fablicas<\/strong> na recuperaci\u00f3n-restauraci\u00f3n e conservaci\u00f3n deste Espazo Natural.<br \/>\n<strong>Trocar a localizaci\u00f3n <\/strong>da explotaci\u00f3n cinex\u00e9tica do Bidueiral de Montederramo.<br \/>\n<strong>Restauraci\u00f3n dos estragos<\/strong> xa producidos e a determinaci\u00f3n de responsabilidades.<br \/>\nDeclarar o Macizo Central Ourens\u00e1n como Parque Natural, no que o<strong> Bidueiral de Montederramo sexa declarado Reserva Integral.<\/strong><br \/>\n<strong><br \/>\nO Bosque \u00e9 Vida.<br \/>\nPolo uso sostible do Bidueiral de Montederramo-Serra de San Mamede       <\/strong><\/p>\n<p>[<a href=\"http:\/\/www.ascorcerizas.com\/central\/060126wp\/wp\/?p=24\">Fotograf\u00edas da Actividade<\/a>]<\/p>\n","protected":false},"excerpt":{"rendered":"<p>Nos dous d\u00edas de andaina por San Mamede emboscaremonos nesta serra m\u00edtica, chea de lendas e de historia (homes lobo, refuxio de guerrilleiros, fadas, trasnos, carboeiros\u2026). Poderemos observar boas e m\u00e1s pr\u00e1cticas nos ecosistemas que acolle a serra, o efecto pernicioso de lumes continuados, proliferaci\u00f3n de pistas forestais, erosi\u00f3n, construcci\u00f3ns de todo tipo\u2026 Introducir\u00e9monos na [&hellip;]<\/p>\n","protected":false},"author":1,"featured_media":0,"parent":216,"menu_order":0,"comment_status":"open","ping_status":"open","template":"","meta":{"jetpack_post_was_ever_published":false,"footnotes":""},"class_list":["post-208","page","type-page","status-publish","hentry"],"jetpack_sharing_enabled":true,"jetpack_shortlink":"https:\/\/wp.me\/P7kmhj-3m","_links":{"self":[{"href":"http:\/\/ascorcerizas.com\/central\/060126wp\/wp\/index.php?rest_route=\/wp\/v2\/pages\/208","targetHints":{"allow":["GET"]}}],"collection":[{"href":"http:\/\/ascorcerizas.com\/central\/060126wp\/wp\/index.php?rest_route=\/wp\/v2\/pages"}],"about":[{"href":"http:\/\/ascorcerizas.com\/central\/060126wp\/wp\/index.php?rest_route=\/wp\/v2\/types\/page"}],"author":[{"embeddable":true,"href":"http:\/\/ascorcerizas.com\/central\/060126wp\/wp\/index.php?rest_route=\/wp\/v2\/users\/1"}],"replies":[{"embeddable":true,"href":"http:\/\/ascorcerizas.com\/central\/060126wp\/wp\/index.php?rest_route=%2Fwp%2Fv2%2Fcomments&post=208"}],"version-history":[{"count":0,"href":"http:\/\/ascorcerizas.com\/central\/060126wp\/wp\/index.php?rest_route=\/wp\/v2\/pages\/208\/revisions"}],"up":[{"embeddable":true,"href":"http:\/\/ascorcerizas.com\/central\/060126wp\/wp\/index.php?rest_route=\/wp\/v2\/pages\/216"}],"wp:attachment":[{"href":"http:\/\/ascorcerizas.com\/central\/060126wp\/wp\/index.php?rest_route=%2Fwp%2Fv2%2Fmedia&parent=208"}],"curies":[{"name":"wp","href":"https:\/\/api.w.org\/{rel}","templated":true}]}}

<p>Nos <strong>dous días de andaina por San Mamede</strong> emboscaremonos nesta serra mítica, chea de lendas e de historia (homes lobo, refuxio de guerrilleiros, fadas, trasnos, carboeiros…).<br />
Poderemos observar boas e más prácticas nos ecosistemas que acolle a serra, o efecto pernicioso de lumes continuados, proliferación de pistas forestais, erosión, construccións de todo tipo… Introducirémonos na fraga mellor conservada da provincia de Ourense,  “o Bidueiral de Montederramo”, ecosistema que corre o <strong>risco de desaparecer por unha irracional “explotación cinexética intensiva”.</strong></p>
<p><strong>Salvemos o Bidueiral!!</strong></p>
<p><img decoding="async" alt="Salvemos o Bidueiral" src="http://www.ascorcerizas.com/central/060126wp/wp/wp-content/images_2006/cartaz-comite-bidueiral.jpg" /></p>
<p><strong>Horario:</strong></p>
<ul><u>Sábado 11</u></ul>
<p>10:00 h. Saída de Ourense en autobús dende o Parque San Lázaro.</p>
<p>11:30 h. Rebordechao (Vilar de Barrio). visita ao lugar e o seu conxunto etnográfico (forxa, forno, muiño, taberna…).<br />
13:00 h. Rebordechao &#8211; As Corcerizas (Serra de San Mamede). Nas Corcerizas coñeceremos a realidade das enerxías renovables e da bioconstrucción (todo o centro funciona baixo estes criterios sustentables).<br />
20:00 h. Cea no Albergue das Corcerizas con xogos, música, contacontos, queimada, sorpresas… (Dormimos no albergue) Hai auga quente, litera. Só precisas levar saco de durmir, toallas e chanclas.</p>
<ul><u>Domingo 12</u></ul>
<p>09:00 h. Almorzo.<br />
10:00 h. As Corcerizas &#8211; Fonte do Santo &#8211; Bidueiral de Montederramo<br />
13:30 h. Xantar no Bidueiral (merendeiro do Campo do Casal)<br />
15:30 h. Campo do Casal &#8211;  A Mogainza (Montederramo)<br />
17:30 h. Volta en autobús dende A Mogainza cara Ourense</p>
<p><strong>Dificuldade</strong>: media-baixa. Consellos: calzado cómodo, roupa de abrigo, impermeable por se chove, algo de comida para o roteiro do sábado. Non esquezas o saco de durmir, cámara de fotos, video (imos a facer unha exposición sobre a situación deste ecosistema e sobre a andaina).</p>
<p><strong>Prezo</strong> da viaxe en autobús dende Ourense (ida e volta), cea, almorzo, xantar, albergue e<br />
as actividades programadas para os dous días 35 e · Actividades un só día 10 e<br />
Ingreso da inscrición antes do día 7 de febreiro na conta:<br />
Caixa Galicia 2091 0450 41 3040043331 concepto: CDMG “nome da persoa que fai a reserva&#8221;.</p>
<p>___________________________________________________________</p>
<p>A Asamblea Xeral das Nacións Unidas declarou o 2006 como “<strong>Ano Internacional dos Desertos e a Desertificación” </strong>como parte de accións para incrementar a conciencia da cidadanía para evitar os problemas ambientais que sigan facendo avanzar a desertificación.<br />
Hoxe tristemente aínda non nos decatamos que estamos a ser afectados directamente por actuacións neglixentes (incendios, contaminación, uso abusivo do solo, explotación irracional de recursos…). É preciso realizar esforzos comúns para evitar unha agonía anunciada.<br />
<strong>“Pensa globalmente, actúa localmente”</strong></p>
<p><ins datetime="2006-02-01T10:49:47+00:00">É preciso entón:</ins><br />
A<strong> implicación das Administracións Públicas</strong> na recuperación-restauración e conservación deste Espazo Natural.<br />
<strong>Trocar a localización </strong>da explotación cinexética do Bidueiral de Montederramo.<br />
<strong>Restauración dos estragos</strong> xa producidos e a determinación de responsabilidades.<br />
Declarar o Macizo Central Ourensán como Parque Natural, no que o<strong> Bidueiral de Montederramo sexa declarado Reserva Integral.</strong><br />
<strong><br />
O Bosque é Vida.<br />
Polo uso sostible do Bidueiral de Montederramo-Serra de San Mamede       </strong></p>
<p>[<a href="http://www.ascorcerizas.com/central/060126wp/wp/?p=24">Fotografías da Actividade</a>]</p>

<p>Nos dous días de andaina por San Mamede emboscaremonos nesta serra mítica, chea de lendas e de historia (homes lobo, refuxio de guerrilleiros, fadas, trasnos, carboeiros…). Poderemos observar boas e más prácticas nos ecosistemas que acolle a serra, o efecto pernicioso de lumes continuados, proliferación de pistas forestais, erosión, construccións de todo tipo… Introducirémonos na [&hellip;]</p>
