{"id":206,"date":"2007-05-24T18:19:08","date_gmt":"2007-05-24T17:19:08","guid":{"rendered":"http:\/\/www.ascorcerizas.com\/central\/060126wp\/wp\/?page_id=206"},"modified":"2007-05-24T21:37:30","modified_gmt":"2007-05-24T20:37:30","slug":"curso-de-iniciacion-a-escalada-na-serra-de-san-mamede","status":"publish","type":"page","link":"http:\/\/ascorcerizas.com\/central\/060126wp\/wp\/?page_id=206","title":{"rendered":"Curso de iniciaci\u00f3n \u00e1 escalada na serra de San Mamede"},"content":{"rendered":"<p><img decoding=\"async\" align=\"right\" id=\"image219\" alt=\"escalada\" src=\"http:\/\/www.ascorcerizas.com\/central\/060126wp\/wp\/wp-content\/uploads\/2007\/05\/escalada_ascorcerizas.jpg\" \/><strong>Datas:<\/strong> 2 de xu\u00f1o e 9 de xu\u00f1o<\/p>\n<p><strong>N\u00ba persoas:<\/strong> 10 \u2013 15. Ser\u00e1n as mesmas persoas as que participen nas d\u00faas xornadas<\/p>\n<p><strong>Idades:<\/strong> 18 a 35 anos<\/p>\n<p><strong>Lugar:<\/strong> Serra de San Mamede, concello de Vilar de Barrio.<\/p>\n<p><strong>Horario:<\/strong> Hora de sa\u00edda de Ourense \u00e1s 10:00. No Parque de San L\u00e1zaro (fronte ao goberno civil). Regreso \u00e1s 19:00<\/p>\n<p><strong>Material a levar:<\/strong> Roupa c\u00f3moda e calzado c\u00f3modo (trekking, deportivas)<br \/>\nDNI e tarxeta sanitaria.<br \/>\nXantar de campo e bebida<\/p>\n<p><strong>Inscrici\u00f3n e reservas:<\/strong> Conceller\u00eda de Educaci\u00f3n e Deportes do Concello de Ourense<\/p>\n<blockquote><p><strong>988 51 08 02<\/strong><br \/>\nr\/ Ervedelo 2, 1\u00ba<\/p><\/blockquote>\n<p><strong>Prezo por participante:<\/strong> 42,80<br \/>\nAberto prazo de inscrici\u00f3n<\/p>\n<p><strong>Organizan:<\/strong><\/p>\n<blockquote><p>Concello de Ourense &#8211; Concellar\u00eda de Educaci\u00f3n e Deporte<br \/>\nAmigos da Terra<\/p><\/blockquote>\n","protected":false},"excerpt":{"rendered":"<p>Datas: 2 de xu\u00f1o e 9 de xu\u00f1o N\u00ba persoas: 10 \u2013 15. Ser\u00e1n as mesmas persoas as que participen nas d\u00faas xornadas Idades: 18 a 35 anos Lugar: Serra de San Mamede, concello de Vilar de Barrio. Horario: Hora de sa\u00edda de Ourense \u00e1s 10:00. No Parque de San L\u00e1zaro (fronte ao goberno civil). [&hellip;]<\/p>\n","protected":false},"author":1,"featured_media":0,"parent":215,"menu_order":0,"comment_status":"open","ping_status":"open","template":"","meta":{"jetpack_post_was_ever_published":false,"footnotes":""},"class_list":["post-206","page","type-page","status-publish","hentry"],"jetpack_sharing_enabled":true,"jetpack_shortlink":"https:\/\/wp.me\/P7kmhj-3k","_links":{"self":[{"href":"http:\/\/ascorcerizas.com\/central\/060126wp\/wp\/index.php?rest_route=\/wp\/v2\/pages\/206","targetHints":{"allow":["GET"]}}],"collection":[{"href":"http:\/\/ascorcerizas.com\/central\/060126wp\/wp\/index.php?rest_route=\/wp\/v2\/pages"}],"about":[{"href":"http:\/\/ascorcerizas.com\/central\/060126wp\/wp\/index.php?rest_route=\/wp\/v2\/types\/page"}],"author":[{"embeddable":true,"href":"http:\/\/ascorcerizas.com\/central\/060126wp\/wp\/index.php?rest_route=\/wp\/v2\/users\/1"}],"replies":[{"embeddable":true,"href":"http:\/\/ascorcerizas.com\/central\/060126wp\/wp\/index.php?rest_route=%2Fwp%2Fv2%2Fcomments&post=206"}],"version-history":[{"count":0,"href":"http:\/\/ascorcerizas.com\/central\/060126wp\/wp\/index.php?rest_route=\/wp\/v2\/pages\/206\/revisions"}],"up":[{"embeddable":true,"href":"http:\/\/ascorcerizas.com\/central\/060126wp\/wp\/index.php?rest_route=\/wp\/v2\/pages\/215"}],"wp:attachment":[{"href":"http:\/\/ascorcerizas.com\/central\/060126wp\/wp\/index.php?rest_route=%2Fwp%2Fv2%2Fmedia&parent=206"}],"curies":[{"name":"wp","href":"https:\/\/api.w.org\/{rel}","templated":true}]}}

Curso de iniciación á escalada na serra de San Mamede

<p><img decoding="async" align="right" id="image219" alt="escalada" src="http://www.ascorcerizas.com/central/060126wp/wp/wp-content/uploads/2007/05/escalada_ascorcerizas.jpg" /><strong>Datas:</strong> 2 de xuño e 9 de xuño</p>
<p><strong>Nº persoas:</strong> 10 – 15. Serán as mesmas persoas as que participen nas dúas xornadas</p>
<p><strong>Idades:</strong> 18 a 35 anos</p>
<p><strong>Lugar:</strong> Serra de San Mamede, concello de Vilar de Barrio.</p>
<p><strong>Horario:</strong> Hora de saída de Ourense ás 10:00. No Parque de San Lázaro (fronte ao goberno civil). Regreso ás 19:00</p>
<p><strong>Material a levar:</strong> Roupa cómoda e calzado cómodo (trekking, deportivas)<br />
DNI e tarxeta sanitaria.<br />
Xantar de campo e bebida</p>
<p><strong>Inscrición e reservas:</strong> Concellería de Educación e Deportes do Concello de Ourense</p>
<blockquote><p><strong>988 51 08 02</strong><br />
r/ Ervedelo 2, 1º</p></blockquote>
<p><strong>Prezo por participante:</strong> 42,80<br />
Aberto prazo de inscrición</p>
<p><strong>Organizan:</strong></p>
<blockquote><p>Concello de Ourense &#8211; Concellaría de Educación e Deporte<br />
Amigos da Terra</p></blockquote>

<p>Datas: 2 de xuño e 9 de xuño Nº persoas: 10 – 15. Serán as mesmas persoas as que participen nas dúas xornadas Idades: 18 a 35 anos Lugar: Serra de San Mamede, concello de Vilar de Barrio. Horario: Hora de saída de Ourense ás 10:00. No Parque de San Lázaro (fronte ao goberno civil). [&hellip;]</p>
