{"id":169,"date":"2007-03-17T14:07:28","date_gmt":"2007-03-17T13:07:28","guid":{"rendered":"http:\/\/www.ascorcerizas.com\/central\/060126wp\/wp\/?page_id=169"},"modified":"2007-03-18T12:05:44","modified_gmt":"2007-03-18T11:05:44","slug":"05","status":"publish","type":"page","link":"http:\/\/ascorcerizas.com\/central\/060126wp\/wp\/?page_id=169","title":{"rendered":"Programa de educaci\u00f3n ambiental para escolares: Sentir, Co\u00f1ecer, Actuar"},"content":{"rendered":"<blockquote><p>Propostas de diferentes xornadas tem\u00e1ticas:<br \/>\n<strong><u>Co\u00f1ecemento Cient\u00edfico<\/u> do Medio Natural para a s\u00faa Conservaci\u00f3n<\/strong><\/p><\/blockquote>\n<p>Grazas a investigaci\u00f3n e ao desevolvemento, podemos aplicar novos co\u00f1ecementos cient\u00edficos en diversidade de \u00e1mbitos. Unha aplicaci\u00f3n de grande importancia, dado o crecente estado de deterioro do medio, \u00e9 a utilizaci\u00f3n da base cient\u00edfica para a conservaci\u00f3n do mesmo a trav\u00e9s do seu co\u00f1ecemento.<\/p>\n<p>A nosa proposta pretende achegar as pr\u00e1cticas e co\u00f1ecementos cient\u00edficos,  moitas veces relegados a un sector reducido, \u00e1 nosa vida coti\u00e1.<\/p>\n<p>Unha f\u00f3rmula atractiva e diferente de espertar a nosa curiosidade, \u00e9 mostrar de xeito pr\u00e1ctico e vivencial o aspecto emp\u00edrico da ciencia en plena natureza.<br \/>\n<strong><br \/>\nObxectivos:<\/strong><\/p>\n<ul>\n<li>Revalorizar a importancia do co\u00f1ecemento cient\u00edfico para a realizaci\u00f3n de actuaci\u00f3ns conscientes, coherentes e sostibles<\/li>\n<\/ul>\n<ul>\n<li>Evidenciar que s\u00f3 se protexe\/conserva o que se co\u00f1ece, e para co\u00f1ecer \u00e9 moitas veces necesario ter unha base cient\u00edfica<\/li>\n<\/ul>\n<ul>\n<li>Espertar a curiosidade das\/dos participantes mediante comprobaci\u00f3ns emp\u00edricas, potenciando a imaxinaci\u00f3n, a axilidade mental e a capacidade de cr\u00edtica<\/li>\n<\/ul>\n<ul>\n<li>Familiarizar \u00e1s\/aos participantes coa metodolox\u00eda cient\u00edfica que se est\u00e1 aplicando para o co\u00f1ecemento do medio, dunha forma l\u00fadica e sinxela.<\/li>\n<\/ul>\n<ul>\n<li>Facer conscientes \u00e1s\/aos participantes das problem\u00e1ticas ambientais e da necesidade de conservaci\u00f3n, fortalecendo ou creando unha conciencia ambiental<\/li>\n<\/ul>\n<ul>\n<li>Dar a co\u00f1ecer o ecosistema de monta\u00f1a galego<\/li>\n<\/ul>\n<p><strong>Proposta:<\/strong><br \/>\nA nosa proposta consiste nunha serie de xornadas dun d\u00eda nas que, mediante a an\u00e1lise e medici\u00f3n cient\u00edfica de par\u00e1metros, manexo de datos, experimentos, obradoiros, xogos&#8230;, feitos \u201cin situ\u201d e polos propios participantes, se pretende a consecuci\u00f3n dos obxectivos expostos.<\/p>\n<p>Despois dunha breve explicaci\u00f3n da importancia da metodolox\u00eda cient\u00edfica para a obtenci\u00f3n de informaci\u00f3n sobre o medio, levaremos a cabo a recollida de datos mediante a aplicaci\u00f3n de protocolos espec\u00edficos.<\/p>\n<p>Para favorecer a participaci\u00f3n de todas\/os os integrantes do grupo e representar a aplicaci\u00f3n  da metodolox\u00eda cient\u00edfica, faremos grupos de traballo que abranguen as seguintes tem\u00e1ticas: flora, fauna, solo, auga e atm\u00f3sfera.<\/p>\n<p>En funci\u00f3n da idade, co\u00f1ecementos previos e as posibilidades climatol\u00f3xicas do d\u00eda, realizaremos as actividades que consideremos m\u00e1is oportunas e unha serie de experimentos en relaci\u00f3n con cada unha das tem\u00e1ticas.<\/p>\n<p>A segunda parte da xornada se adicar\u00e1 \u00e1 posta en com\u00fan e obtenci\u00f3n de conclusi\u00f3ns. Cada grupo explicar\u00e1 a metodolox\u00eda aplicada e expor\u00e1 os datos obtidos ao resto das\/os participantes. Mediante exemplos, as explicaci\u00f3ns dos\/as monitores\/as e xogos cooperativos de reforzo de contidos (rastros e sinais, residuos, sons da natureza e contaminaci\u00f3n ac\u00fastica, cadea tr\u00f3fica&#8230;), obteremos as conclusi\u00f3ns e relacionaremos a importancia do traballo feito coa busca de soluci\u00f3ns para a mellora do entorno e a s\u00faa conservaci\u00f3n.<\/p>\n<p><strong>Destinatarios:<\/strong> a partir de 6\u00ba de Primaria<\/p>\n<p align=\"right\">[<strong><a title=\"Sentir, Co\u00f1ecer, Actuar.\" href=\"http:\/\/www.ascorcerizas.com\/central\/060126wp\/wp\/?page_id=164\">Voltar<\/a><\/strong>]<\/p>\n","protected":false},"excerpt":{"rendered":"<p>Propostas de diferentes xornadas tem\u00e1ticas: Co\u00f1ecemento Cient\u00edfico do Medio Natural para a s\u00faa Conservaci\u00f3n Grazas a investigaci\u00f3n e ao desevolvemento, podemos aplicar novos co\u00f1ecementos cient\u00edficos en diversidade de \u00e1mbitos. Unha aplicaci\u00f3n de grande importancia, dado o crecente estado de deterioro do medio, \u00e9 a utilizaci\u00f3n da base cient\u00edfica para a conservaci\u00f3n do mesmo a trav\u00e9s [&hellip;]<\/p>\n","protected":false},"author":1,"featured_media":0,"parent":164,"menu_order":0,"comment_status":"open","ping_status":"open","template":"","meta":{"jetpack_post_was_ever_published":false,"footnotes":""},"class_list":["post-169","page","type-page","status-publish","hentry"],"jetpack_sharing_enabled":true,"jetpack_shortlink":"https:\/\/wp.me\/P7kmhj-2J","_links":{"self":[{"href":"http:\/\/ascorcerizas.com\/central\/060126wp\/wp\/index.php?rest_route=\/wp\/v2\/pages\/169","targetHints":{"allow":["GET"]}}],"collection":[{"href":"http:\/\/ascorcerizas.com\/central\/060126wp\/wp\/index.php?rest_route=\/wp\/v2\/pages"}],"about":[{"href":"http:\/\/ascorcerizas.com\/central\/060126wp\/wp\/index.php?rest_route=\/wp\/v2\/types\/page"}],"author":[{"embeddable":true,"href":"http:\/\/ascorcerizas.com\/central\/060126wp\/wp\/index.php?rest_route=\/wp\/v2\/users\/1"}],"replies":[{"embeddable":true,"href":"http:\/\/ascorcerizas.com\/central\/060126wp\/wp\/index.php?rest_route=%2Fwp%2Fv2%2Fcomments&post=169"}],"version-history":[{"count":0,"href":"http:\/\/ascorcerizas.com\/central\/060126wp\/wp\/index.php?rest_route=\/wp\/v2\/pages\/169\/revisions"}],"up":[{"embeddable":true,"href":"http:\/\/ascorcerizas.com\/central\/060126wp\/wp\/index.php?rest_route=\/wp\/v2\/pages\/164"}],"wp:attachment":[{"href":"http:\/\/ascorcerizas.com\/central\/060126wp\/wp\/index.php?rest_route=%2Fwp%2Fv2%2Fmedia&parent=169"}],"curies":[{"name":"wp","href":"https:\/\/api.w.org\/{rel}","templated":true}]}}

Programa de educación ambiental para escolares: Sentir, Coñecer, Actuar

<blockquote><p>Propostas de diferentes xornadas temáticas:<br />
<strong><u>Coñecemento Científico</u> do Medio Natural para a súa Conservación</strong></p></blockquote>
<p>Grazas a investigación e ao desevolvemento, podemos aplicar novos coñecementos científicos en diversidade de ámbitos. Unha aplicación de grande importancia, dado o crecente estado de deterioro do medio, é a utilización da base científica para a conservación do mesmo a través do seu coñecemento.</p>
<p>A nosa proposta pretende achegar as prácticas e coñecementos científicos,  moitas veces relegados a un sector reducido, á nosa vida cotiá.</p>
<p>Unha fórmula atractiva e diferente de espertar a nosa curiosidade, é mostrar de xeito práctico e vivencial o aspecto empírico da ciencia en plena natureza.<br />
<strong><br />
Obxectivos:</strong></p>
<ul>
<li>Revalorizar a importancia do coñecemento científico para a realización de actuacións conscientes, coherentes e sostibles</li>
</ul>
<ul>
<li>Evidenciar que só se protexe/conserva o que se coñece, e para coñecer é moitas veces necesario ter unha base científica</li>
</ul>
<ul>
<li>Espertar a curiosidade das/dos participantes mediante comprobacións empíricas, potenciando a imaxinación, a axilidade mental e a capacidade de crítica</li>
</ul>
<ul>
<li>Familiarizar ás/aos participantes coa metodoloxía científica que se está aplicando para o coñecemento do medio, dunha forma lúdica e sinxela.</li>
</ul>
<ul>
<li>Facer conscientes ás/aos participantes das problemáticas ambientais e da necesidade de conservación, fortalecendo ou creando unha conciencia ambiental</li>
</ul>
<ul>
<li>Dar a coñecer o ecosistema de montaña galego</li>
</ul>
<p><strong>Proposta:</strong><br />
A nosa proposta consiste nunha serie de xornadas dun día nas que, mediante a análise e medición científica de parámetros, manexo de datos, experimentos, obradoiros, xogos&#8230;, feitos “in situ” e polos propios participantes, se pretende a consecución dos obxectivos expostos.</p>
<p>Despois dunha breve explicación da importancia da metodoloxía científica para a obtención de información sobre o medio, levaremos a cabo a recollida de datos mediante a aplicación de protocolos específicos.</p>
<p>Para favorecer a participación de todas/os os integrantes do grupo e representar a aplicación  da metodoloxía científica, faremos grupos de traballo que abranguen as seguintes temáticas: flora, fauna, solo, auga e atmósfera.</p>
<p>En función da idade, coñecementos previos e as posibilidades climatolóxicas do día, realizaremos as actividades que consideremos máis oportunas e unha serie de experimentos en relación con cada unha das temáticas.</p>
<p>A segunda parte da xornada se adicará á posta en común e obtención de conclusións. Cada grupo explicará a metodoloxía aplicada e exporá os datos obtidos ao resto das/os participantes. Mediante exemplos, as explicacións dos/as monitores/as e xogos cooperativos de reforzo de contidos (rastros e sinais, residuos, sons da natureza e contaminación acústica, cadea trófica&#8230;), obteremos as conclusións e relacionaremos a importancia do traballo feito coa busca de solucións para a mellora do entorno e a súa conservación.</p>
<p><strong>Destinatarios:</strong> a partir de 6º de Primaria</p>
<p align="right">[<strong><a title="Sentir, Coñecer, Actuar." href="http://www.ascorcerizas.com/central/060126wp/wp/?page_id=164">Voltar</a></strong>]</p>

<p>Propostas de diferentes xornadas temáticas: Coñecemento Científico do Medio Natural para a súa Conservación Grazas a investigación e ao desevolvemento, podemos aplicar novos coñecementos científicos en diversidade de ámbitos. Unha aplicación de grande importancia, dado o crecente estado de deterioro do medio, é a utilización da base científica para a conservación do mesmo a través [&hellip;]</p>
