{"id":168,"date":"2007-03-17T14:06:46","date_gmt":"2007-03-17T13:06:46","guid":{"rendered":"http:\/\/www.ascorcerizas.com\/central\/060126wp\/wp\/?page_id=168"},"modified":"2007-03-18T12:05:03","modified_gmt":"2007-03-18T11:05:03","slug":"04","status":"publish","type":"page","link":"http:\/\/ascorcerizas.com\/central\/060126wp\/wp\/?page_id=168","title":{"rendered":"Programa de educaci\u00f3n ambiental para escolares: Sentir, Co\u00f1ecer, Actuar"},"content":{"rendered":"<blockquote><p>Propostas de diferentes xornadas tem\u00e1ticas:<br \/>\n<strong>Medioambiente e <u>Cooperaci\u00f3n ao Desenvolvemento<\/u><\/strong><\/p><\/blockquote>\n<p>A cooperaci\u00f3n internacional ao desenvolvemento entendida dende Amigos da Terra, ten como finalidade a busca das capacidades locais e un maior respecto ao medio ambiente. O fin \u00faltimo \u00e9 reverter a situaci\u00f3n das comunidades que sofren condici\u00f3ns de exclusi\u00f3n e extrema pobreza; e cun enfoque medio ambiental, porque non existe verdadeiro desenvolvemento sen preservar e mellorar as bases ambientais sobre as que \u00e9ste se sustenta. Porque non \u00e9 posible manter a sa\u00fade ecol\u00f3xica da biosfera sen garantir o desenvolvemento integral (econ\u00f3mico, social e cultural) da sociedade.<br \/>\n<strong><br \/>\nObxectivos:<\/strong><\/p>\n<ul>\n<li>Concienciar \u00e1 comunidade escolar sobre a situaci\u00f3n que viven os pa\u00edses empobrecidos.<\/li>\n<\/ul>\n<ul>\n<li>Facilitar a comprensi\u00f3n das relaci\u00f3ns que existen entre os pa\u00edses desenvolvidos e os pa\u00edses empobrecidos.<\/li>\n<\/ul>\n<ul>\n<li>Educar en desenvolver valores que permitan un cambio de actitude cara unha sociedade m\u00e1is comprometida coa solidaridade<\/li>\n<\/ul>\n<ul>\n<li>Informar sobre a importancia do cumplimento dos Obxectivos de Desenvolvemento do Milenio e das acci\u00f3ns individuais que pode levar a cabo cada un.<\/li>\n<\/ul>\n<ul>\n<li>Achegar aos escolares as alternativas que permitan unhas relaci\u00f3ns m\u00e1is xustas entre Norte &#8211; Sur.<\/li>\n<\/ul>\n<p><strong>Proposta:<\/strong><br \/>\nA xornada comezar\u00e1 cunha toma de contacto, mediante unha din\u00e1mica, con alg\u00fans conceptos relacionados coa tem\u00e1tica a tratar: igualdade, pobreza, p\u00e9rdida de biodiversidade, comercio xusto, contaminaci\u00f3n&#8230; A partir da comprensi\u00f3n dos conceptos, os\/as escolares comezar\u00e1n a relacionalos entre s\u00ed nunha pir\u00e1mide de interrelaci\u00f3ns entre medioambiente, sociedade e econom\u00eda, facendose visible a dependencia duns conceptos con outros. Explicaremos os obxectivos de Desenvolvemento do Milenio e nos centraremos no Obxectivo 7: Garantir a sostenibilidade do medio ambiente.<br \/>\nCo apoio dun audiovisual tam\u00e9n se sensibilizar\u00e1 sobre a problem\u00e1tica actual de consumo excesivo e as s\u00faas consecuencias no planeta, creando un debate no que os\/as participantes tomar\u00e1n consciencia e conciencia do que se est\u00e1 a vivir noutros lugares do mundo como consecuencia dos nosos propios actos e elecci\u00f3ns diarias.<\/p>\n<p>Despois do xantar analizaremos a importancia dunha alimentaci\u00f3n sustentable e as diferenzas que se crean ao elexir un producto ou outro a todos os niveis: residuos, enerx\u00eda para a produci\u00f3n, consumo de auga, agricultura ecol\u00f3xica, comercio xusto&#8230;Remataremos a xornada cunha actividade sobre a  nosa pegada ecol\u00f3xica para facer visible cantos mundos precisamos cada un de nos para vivir si seguimos no actual ritmo de consumo; como despedida falaremos das soluci\u00f3ns posibles e dunha serie de medidas que podemos adoptar na nosa vida coti\u00e1 para contribuir a un desenvolvemento m\u00e1is sustentable.<br \/>\n<strong><br \/>\nDestinatarios:<\/strong> a partir de 3\u00ba da E.S.O.<\/p>\n<p align=\"right\">[<strong><a title=\"Sentir, Co\u00f1ecer, Actuar.\" href=\"http:\/\/www.ascorcerizas.com\/central\/060126wp\/wp\/?page_id=164\">Voltar<\/a><\/strong>]<\/p>\n","protected":false},"excerpt":{"rendered":"<p>Propostas de diferentes xornadas tem\u00e1ticas: Medioambiente e Cooperaci\u00f3n ao Desenvolvemento A cooperaci\u00f3n internacional ao desenvolvemento entendida dende Amigos da Terra, ten como finalidade a busca das capacidades locais e un maior respecto ao medio ambiente. O fin \u00faltimo \u00e9 reverter a situaci\u00f3n das comunidades que sofren condici\u00f3ns de exclusi\u00f3n e extrema pobreza; e cun enfoque [&hellip;]<\/p>\n","protected":false},"author":1,"featured_media":0,"parent":164,"menu_order":0,"comment_status":"open","ping_status":"open","template":"","meta":{"jetpack_post_was_ever_published":false,"footnotes":""},"class_list":["post-168","page","type-page","status-publish","hentry"],"jetpack_sharing_enabled":true,"jetpack_shortlink":"https:\/\/wp.me\/P7kmhj-2I","_links":{"self":[{"href":"http:\/\/ascorcerizas.com\/central\/060126wp\/wp\/index.php?rest_route=\/wp\/v2\/pages\/168","targetHints":{"allow":["GET"]}}],"collection":[{"href":"http:\/\/ascorcerizas.com\/central\/060126wp\/wp\/index.php?rest_route=\/wp\/v2\/pages"}],"about":[{"href":"http:\/\/ascorcerizas.com\/central\/060126wp\/wp\/index.php?rest_route=\/wp\/v2\/types\/page"}],"author":[{"embeddable":true,"href":"http:\/\/ascorcerizas.com\/central\/060126wp\/wp\/index.php?rest_route=\/wp\/v2\/users\/1"}],"replies":[{"embeddable":true,"href":"http:\/\/ascorcerizas.com\/central\/060126wp\/wp\/index.php?rest_route=%2Fwp%2Fv2%2Fcomments&post=168"}],"version-history":[{"count":0,"href":"http:\/\/ascorcerizas.com\/central\/060126wp\/wp\/index.php?rest_route=\/wp\/v2\/pages\/168\/revisions"}],"up":[{"embeddable":true,"href":"http:\/\/ascorcerizas.com\/central\/060126wp\/wp\/index.php?rest_route=\/wp\/v2\/pages\/164"}],"wp:attachment":[{"href":"http:\/\/ascorcerizas.com\/central\/060126wp\/wp\/index.php?rest_route=%2Fwp%2Fv2%2Fmedia&parent=168"}],"curies":[{"name":"wp","href":"https:\/\/api.w.org\/{rel}","templated":true}]}}

Programa de educación ambiental para escolares: Sentir, Coñecer, Actuar

<blockquote><p>Propostas de diferentes xornadas temáticas:<br />
<strong>Medioambiente e <u>Cooperación ao Desenvolvemento</u></strong></p></blockquote>
<p>A cooperación internacional ao desenvolvemento entendida dende Amigos da Terra, ten como finalidade a busca das capacidades locais e un maior respecto ao medio ambiente. O fin último é reverter a situación das comunidades que sofren condicións de exclusión e extrema pobreza; e cun enfoque medio ambiental, porque non existe verdadeiro desenvolvemento sen preservar e mellorar as bases ambientais sobre as que éste se sustenta. Porque non é posible manter a saúde ecolóxica da biosfera sen garantir o desenvolvemento integral (económico, social e cultural) da sociedade.<br />
<strong><br />
Obxectivos:</strong></p>
<ul>
<li>Concienciar á comunidade escolar sobre a situación que viven os países empobrecidos.</li>
</ul>
<ul>
<li>Facilitar a comprensión das relacións que existen entre os países desenvolvidos e os países empobrecidos.</li>
</ul>
<ul>
<li>Educar en desenvolver valores que permitan un cambio de actitude cara unha sociedade máis comprometida coa solidaridade</li>
</ul>
<ul>
<li>Informar sobre a importancia do cumplimento dos Obxectivos de Desenvolvemento do Milenio e das accións individuais que pode levar a cabo cada un.</li>
</ul>
<ul>
<li>Achegar aos escolares as alternativas que permitan unhas relacións máis xustas entre Norte &#8211; Sur.</li>
</ul>
<p><strong>Proposta:</strong><br />
A xornada comezará cunha toma de contacto, mediante unha dinámica, con algúns conceptos relacionados coa temática a tratar: igualdade, pobreza, pérdida de biodiversidade, comercio xusto, contaminación&#8230; A partir da comprensión dos conceptos, os/as escolares comezarán a relacionalos entre sí nunha pirámide de interrelacións entre medioambiente, sociedade e economía, facendose visible a dependencia duns conceptos con outros. Explicaremos os obxectivos de Desenvolvemento do Milenio e nos centraremos no Obxectivo 7: Garantir a sostenibilidade do medio ambiente.<br />
Co apoio dun audiovisual tamén se sensibilizará sobre a problemática actual de consumo excesivo e as súas consecuencias no planeta, creando un debate no que os/as participantes tomarán consciencia e conciencia do que se está a vivir noutros lugares do mundo como consecuencia dos nosos propios actos e eleccións diarias.</p>
<p>Despois do xantar analizaremos a importancia dunha alimentación sustentable e as diferenzas que se crean ao elexir un producto ou outro a todos os niveis: residuos, enerxía para a produción, consumo de auga, agricultura ecolóxica, comercio xusto&#8230;Remataremos a xornada cunha actividade sobre a  nosa pegada ecolóxica para facer visible cantos mundos precisamos cada un de nos para vivir si seguimos no actual ritmo de consumo; como despedida falaremos das solucións posibles e dunha serie de medidas que podemos adoptar na nosa vida cotiá para contribuir a un desenvolvemento máis sustentable.<br />
<strong><br />
Destinatarios:</strong> a partir de 3º da E.S.O.</p>
<p align="right">[<strong><a title="Sentir, Coñecer, Actuar." href="http://www.ascorcerizas.com/central/060126wp/wp/?page_id=164">Voltar</a></strong>]</p>

<p>Propostas de diferentes xornadas temáticas: Medioambiente e Cooperación ao Desenvolvemento A cooperación internacional ao desenvolvemento entendida dende Amigos da Terra, ten como finalidade a busca das capacidades locais e un maior respecto ao medio ambiente. O fin último é reverter a situación das comunidades que sofren condicións de exclusión e extrema pobreza; e cun enfoque [&hellip;]</p>
