{"id":167,"date":"2007-03-17T14:05:58","date_gmt":"2007-03-17T13:05:58","guid":{"rendered":"http:\/\/www.ascorcerizas.com\/central\/060126wp\/wp\/?page_id=167"},"modified":"2007-03-18T12:04:07","modified_gmt":"2007-03-18T11:04:07","slug":"03","status":"publish","type":"page","link":"http:\/\/ascorcerizas.com\/central\/060126wp\/wp\/?page_id=167","title":{"rendered":"Programa de educaci\u00f3n ambiental para escolares: Sentir, Co\u00f1ecer, Actuar"},"content":{"rendered":"<blockquote><p>Propostas de diferentes xornadas tem\u00e1ticas:<br \/>\n<strong><u>Roteiros Interpretativos<\/u> Ambientais  pola Serra e <u>Actividades Etnogr\u00e1ficas<\/u><\/strong><\/p><\/blockquote>\n<p>A Serra de San Mamede resulta un enclave natural excepcional para co\u00f1ecer a natureza e os recursos do singular L.I.C. Macizo Central Ourens\u00e1n: plantaci\u00f3ns, rastrexos, estudos de biodiversidade, topograf\u00eda e orientaci\u00f3n, sa\u00eddas pr\u00e1cticas sobre paisaxe, xeolox\u00eda, edafolox\u00eda, \u2026<\/p>\n<p>A ubicaci\u00f3n do Centro e a s\u00faa proximidade con varios pobos t\u00edpicos da monta\u00f1a galega e outros elementos patrimoniais singulares, brindaranos a oportunidade de visitar, acompa\u00f1ados moitas veces polos seus actuais ou pasados poboadores, mu\u00ed\u00f1os de auga, fornos comunais, pobos abandonados,\u2026 descubrindo os oficios, apeiros de labranza, arquitectura tradicional, lendas e tradici\u00f3ns a d\u00eda de hoxe vixentes\u2026<\/p>\n<p><strong>Obxectivos:<\/strong><\/p>\n<ul>\n<li>Revalorizar e dar a co\u00f1ecer o patrimonio natural e cultural da Serra de San Mamede.<\/li>\n<\/ul>\n<ul>\n<li>Fomentar a conservaci\u00f3n e o respeto polo patrimonio como un ben ambiental, social e econ\u00f3mico.<\/li>\n<\/ul>\n<ul>\n<li>Dar a co\u00f1ecer a importancia da conservaci\u00f3n dos bosques aut\u00f3ctonos para a vida no rural.<\/li>\n<\/ul>\n<ul>\n<li>Familiarizarse con conceptos como o de biodiversidade e a problem\u00e1tica actual de extinci\u00f3n de especies: causas, consecuencias..<\/li>\n<\/ul>\n<ul>\n<li>Impulsar a implicaci\u00f3n dos\/as escolares e a responsabilidade colectiva en acci\u00f3ns concretas de apoio \u00e1 biodiversidade.<\/li>\n<\/ul>\n<ul>\n<li>Co\u00f1ecer a vida nos pobos t\u00edpicos de monta\u00f1a do rural galego e a s\u00faa etnograf\u00eda: mu\u00ed\u00f1os, forxa, fornos comun\u00e1is, colmeas tradicion\u00e1is..<\/li>\n<\/ul>\n<ul>\n<li>Co\u00f1ecer os usos e aproveitamentos tradicion\u00e1is dos recursos da serra<\/li>\n<\/ul>\n<p><strong>Propostas:<\/strong><\/p>\n<ol>\n<li>Ruta ambiental: As Corcerizas \u2013 Bidueiral de Montederramo<\/li>\n<li>Ruta Etnogr\u00e1fica: As Corcerizas \u2013 Rebordechao-A Ermida<\/li>\n<\/ol>\n<p><strong> Destinatarios:<\/strong> a partir de 1\u00ba da E.S.O.<br \/>\n<strong><br \/>\n1. Ruta ambiental: As Corcerizas \u2013 Bidueiral de Montederramo<\/strong><br \/>\nO Bidueiral de Montederramo pode ser considerado coma o mellor bosque aut\u00f3ctono con que conta a provincia de Ourense dentro do seu patrimonio natural. Caracterizado pola abundancia de bidueiros e o alto grado de biodiversidade que alberga no seu interior, est\u00e1 catalogado como Lugar de Importancia Comunitaria (LIC) dentro da Rede Natura 2000.<br \/>\nEsta id\u00edlica visi\u00f3n contrasta coa paisaxe duramente transformada pola acci\u00f3n do humano que se observa na outra parte do roteiro, facendo reflexionar aos participantes sobre a problem\u00e1tica dos lumes, talas masivas, reforestaci\u00f3ns con especies for\u00e1neas&#8230;<br \/>\n<strong><br \/>\n2. Ruta Etnogr\u00e1fica: As Corcerizas \u2013 Rebordechao \u2013 A Ermida<\/strong><br \/>\nO descenso ata Rebordechao discurre entre pastos, carballeiras, e os impo\u00f1entes cumios da Serra de San Mamede. Unha vez no pobo, os\/as escolares, guiados polos\/as propios\/as habitantes, co\u00f1ecer\u00e1n o funcionamento da forxa, o mu\u00ed\u00f1o, c\u00f3mo se coc\u00eda o pan e a utilidade dos fornos comunais, o funcionamento das colmeas tradicinais&#8230; A ruta etnogr\u00e1fica continuar\u00e1 ata A Ermida, onde co\u00f1ecer\u00e1n as \u201cpalleiras\u201d, construci\u00f3ns destinadas a acoller o gando nos duros d\u00edas de inverno.<\/p>\n<p align=\"right\">[<strong><a title=\"Sentir, Co\u00f1ecer, Actuar.\" href=\"http:\/\/www.ascorcerizas.com\/central\/060126wp\/wp\/?page_id=164\">Voltar<\/a><\/strong>]<\/p>\n","protected":false},"excerpt":{"rendered":"<p>Propostas de diferentes xornadas tem\u00e1ticas: Roteiros Interpretativos Ambientais pola Serra e Actividades Etnogr\u00e1ficas A Serra de San Mamede resulta un enclave natural excepcional para co\u00f1ecer a natureza e os recursos do singular L.I.C. Macizo Central Ourens\u00e1n: plantaci\u00f3ns, rastrexos, estudos de biodiversidade, topograf\u00eda e orientaci\u00f3n, sa\u00eddas pr\u00e1cticas sobre paisaxe, xeolox\u00eda, edafolox\u00eda, \u2026 A ubicaci\u00f3n do Centro [&hellip;]<\/p>\n","protected":false},"author":1,"featured_media":0,"parent":164,"menu_order":0,"comment_status":"open","ping_status":"open","template":"","meta":{"jetpack_post_was_ever_published":false,"footnotes":""},"class_list":["post-167","page","type-page","status-publish","hentry"],"jetpack_sharing_enabled":true,"jetpack_shortlink":"https:\/\/wp.me\/P7kmhj-2H","_links":{"self":[{"href":"http:\/\/ascorcerizas.com\/central\/060126wp\/wp\/index.php?rest_route=\/wp\/v2\/pages\/167","targetHints":{"allow":["GET"]}}],"collection":[{"href":"http:\/\/ascorcerizas.com\/central\/060126wp\/wp\/index.php?rest_route=\/wp\/v2\/pages"}],"about":[{"href":"http:\/\/ascorcerizas.com\/central\/060126wp\/wp\/index.php?rest_route=\/wp\/v2\/types\/page"}],"author":[{"embeddable":true,"href":"http:\/\/ascorcerizas.com\/central\/060126wp\/wp\/index.php?rest_route=\/wp\/v2\/users\/1"}],"replies":[{"embeddable":true,"href":"http:\/\/ascorcerizas.com\/central\/060126wp\/wp\/index.php?rest_route=%2Fwp%2Fv2%2Fcomments&post=167"}],"version-history":[{"count":0,"href":"http:\/\/ascorcerizas.com\/central\/060126wp\/wp\/index.php?rest_route=\/wp\/v2\/pages\/167\/revisions"}],"up":[{"embeddable":true,"href":"http:\/\/ascorcerizas.com\/central\/060126wp\/wp\/index.php?rest_route=\/wp\/v2\/pages\/164"}],"wp:attachment":[{"href":"http:\/\/ascorcerizas.com\/central\/060126wp\/wp\/index.php?rest_route=%2Fwp%2Fv2%2Fmedia&parent=167"}],"curies":[{"name":"wp","href":"https:\/\/api.w.org\/{rel}","templated":true}]}}

Programa de educación ambiental para escolares: Sentir, Coñecer, Actuar

<blockquote><p>Propostas de diferentes xornadas temáticas:<br />
<strong><u>Roteiros Interpretativos</u> Ambientais  pola Serra e <u>Actividades Etnográficas</u></strong></p></blockquote>
<p>A Serra de San Mamede resulta un enclave natural excepcional para coñecer a natureza e os recursos do singular L.I.C. Macizo Central Ourensán: plantacións, rastrexos, estudos de biodiversidade, topografía e orientación, saídas prácticas sobre paisaxe, xeoloxía, edafoloxía, …</p>
<p>A ubicación do Centro e a súa proximidade con varios pobos típicos da montaña galega e outros elementos patrimoniais singulares, brindaranos a oportunidade de visitar, acompañados moitas veces polos seus actuais ou pasados poboadores, muíños de auga, fornos comunais, pobos abandonados,… descubrindo os oficios, apeiros de labranza, arquitectura tradicional, lendas e tradicións a día de hoxe vixentes…</p>
<p><strong>Obxectivos:</strong></p>
<ul>
<li>Revalorizar e dar a coñecer o patrimonio natural e cultural da Serra de San Mamede.</li>
</ul>
<ul>
<li>Fomentar a conservación e o respeto polo patrimonio como un ben ambiental, social e económico.</li>
</ul>
<ul>
<li>Dar a coñecer a importancia da conservación dos bosques autóctonos para a vida no rural.</li>
</ul>
<ul>
<li>Familiarizarse con conceptos como o de biodiversidade e a problemática actual de extinción de especies: causas, consecuencias..</li>
</ul>
<ul>
<li>Impulsar a implicación dos/as escolares e a responsabilidade colectiva en accións concretas de apoio á biodiversidade.</li>
</ul>
<ul>
<li>Coñecer a vida nos pobos típicos de montaña do rural galego e a súa etnografía: muíños, forxa, fornos comunáis, colmeas tradicionáis..</li>
</ul>
<ul>
<li>Coñecer os usos e aproveitamentos tradicionáis dos recursos da serra</li>
</ul>
<p><strong>Propostas:</strong></p>
<ol>
<li>Ruta ambiental: As Corcerizas – Bidueiral de Montederramo</li>
<li>Ruta Etnográfica: As Corcerizas – Rebordechao-A Ermida</li>
</ol>
<p><strong> Destinatarios:</strong> a partir de 1º da E.S.O.<br />
<strong><br />
1. Ruta ambiental: As Corcerizas – Bidueiral de Montederramo</strong><br />
O Bidueiral de Montederramo pode ser considerado coma o mellor bosque autóctono con que conta a provincia de Ourense dentro do seu patrimonio natural. Caracterizado pola abundancia de bidueiros e o alto grado de biodiversidade que alberga no seu interior, está catalogado como Lugar de Importancia Comunitaria (LIC) dentro da Rede Natura 2000.<br />
Esta idílica visión contrasta coa paisaxe duramente transformada pola acción do humano que se observa na outra parte do roteiro, facendo reflexionar aos participantes sobre a problemática dos lumes, talas masivas, reforestacións con especies foráneas&#8230;<br />
<strong><br />
2. Ruta Etnográfica: As Corcerizas – Rebordechao – A Ermida</strong><br />
O descenso ata Rebordechao discurre entre pastos, carballeiras, e os impoñentes cumios da Serra de San Mamede. Unha vez no pobo, os/as escolares, guiados polos/as propios/as habitantes, coñecerán o funcionamento da forxa, o muíño, cómo se cocía o pan e a utilidade dos fornos comunais, o funcionamento das colmeas tradicinais&#8230; A ruta etnográfica continuará ata A Ermida, onde coñecerán as “palleiras”, construcións destinadas a acoller o gando nos duros días de inverno.</p>
<p align="right">[<strong><a title="Sentir, Coñecer, Actuar." href="http://www.ascorcerizas.com/central/060126wp/wp/?page_id=164">Voltar</a></strong>]</p>

<p>Propostas de diferentes xornadas temáticas: Roteiros Interpretativos Ambientais pola Serra e Actividades Etnográficas A Serra de San Mamede resulta un enclave natural excepcional para coñecer a natureza e os recursos do singular L.I.C. Macizo Central Ourensán: plantacións, rastrexos, estudos de biodiversidade, topografía e orientación, saídas prácticas sobre paisaxe, xeoloxía, edafoloxía, … A ubicación do Centro [&hellip;]</p>
